{"id":106691,"date":"2022-02-26T15:52:02","date_gmt":"2022-02-26T14:52:02","guid":{"rendered":"https:\/\/marktxxl.de\/markt\/produkt\/1080p-webcam-mit-mikrofon-usb-camera-for-pc-laptop-desktop-webcam-mit-mic-for-zoom-meetings-youtube-skype-facetime-hangouts-wide-angle-automatic-light-correction\/"},"modified":"2023-04-09T03:06:31","modified_gmt":"2023-04-09T01:06:31","slug":"1080p-webcam-mit-mikrofon-usb-camera-for-pc-laptop-desktop-webcam-mit-mic-for-zoom-meetings-youtube-skype-facetime-hangouts-wide-angle-automatic-light-correction","status":"publish","type":"product","link":"https:\/\/marktxxl.de\/markt\/produkt\/1080p-webcam-mit-mikrofon-usb-camera-for-pc-laptop-desktop-webcam-mit-mic-for-zoom-meetings-youtube-skype-facetime-hangouts-wide-angle-automatic-light-correction\/","title":{"rendered":"Webcam mit Mikrofon, USB Web Camera for PC, Webcam mit Autofocus for Zoom Meetings, YouTube, Skype, FaceTime Hangouts\u2026"},"content":{"rendered":"<p>HD-Webcam 1080p mit Autofokus: PC-Webcam mit einer Aufl\u00f6sung von bis zu 1080p bei 30 fps. Mit einem Startpunkt von 7 cm und einer nahezu unendlichen Reichweite kann die Autofokusfunktion sicherstellen, dass Ihre Videos immer scharf und kristallklar sind. Die Gesichtsverbesserungsfunktion sorgt daf\u00fcr, dass Ihre beste Seite immer auf dem Bild zu sehen ist.<br \/>\nWebcam mit Sichtschutzabdeckung: Die Bildschirmabdeckung f\u00fcr die PC-Webcam deckt das Objektiv ab, wenn sie nicht verwendet wird. Es ist perfekt, um jedem zu helfen, Sicherheit und Seelenfrieden zu genie\u00dfen, seien es Einzelpersonen oder gro\u00dfe Unternehmen. Es hilft auch, das Objektiv vor Schmutz und Ablagerungen zu sch\u00fctzen, um sicherzustellen, dass Ihr Video \u00fcber die gesamte Lebensdauer der Kamera klar bleibt.<br \/>\nWebcam mit Mikrofon: Ideal f\u00fcr Webinare, Videokonferenzen, Live-Streaming usw. Das eingebaute Mikrofon mit Ger\u00e4uschunterdr\u00fcckung reduziert Umgebungsger\u00e4usche und verbessert die Tonqualit\u00e4t Ihres Videos. Auch in lauten Umgebungen k\u00f6nnen Sie die gew\u00fcnschten Soundtracks aufnehmen.<br \/>\nPlug-and-Play-Webcam: Funktioniert mit USB 2.0, keine zus\u00e4tzlichen Treiber erforderlich. In weniger als 1 Minute mit jedem kompatiblen Ger\u00e4t einsatzbereit. Das praktische faltbare Design erm\u00f6glicht es Ihnen, es \u00fcberall hin mitzunehmen, und das 1.5 Meter lange USB-Kabel ist lang genug f\u00fcr jede Aufgabe. Einfach einstecken und schon kann es losgehen.<br \/>\nBreite unterst\u00fctzte Systeme: Weitgehend kompatibel mit wichtigen Online-Videoplattformen wie Skype, Zoom, Facetime, Facebook Live, YouTube, Twitter, OBS und Line usw. und als Webcam f\u00fcr den Desktop funktioniert es auch auf verschiedenen Systemen wie Windows 08.10.07 \/ Vista \/ XP, macOS und Linux usw.<br \/>\n<div class=\"main-cross-sell\" data-asin=\"B09PV6JQVY\">\n\n\t<div class=\"WooZone-cross-sell-loader\">\n\t\t<div>\n\t\t\t<div id=\"floatingBarsG\">\n\t\t\t\t<div class=\"blockG\" id=\"rotateG_01\"><\/div>\n\t\t\t\t<div class=\"blockG\" id=\"rotateG_02\"><\/div>\n\t\t\t\t<div class=\"blockG\" id=\"rotateG_03\"><\/div>\n\t\t\t\t<div class=\"blockG\" id=\"rotateG_04\"><\/div>\n\t\t\t\t<div class=\"blockG\" id=\"rotateG_05\"><\/div>\n\t\t\t\t<div class=\"blockG\" id=\"rotateG_06\"><\/div>\n\t\t\t\t<div class=\"blockG\" id=\"rotateG_07\"><\/div>\n\t\t\t\t<div class=\"blockG\" id=\"rotateG_08\"><\/div>\n\t\t\t<\/div>\n\t\t\t<div class=\"WooZone-cross-sell-loader-text\"><\/div>\n\t\t<\/div>\n\t<\/div>\n\n\t\t\n<\/div>\n<div style=\"clear:both;\"><\/div><\/p>\n","protected":false},"excerpt":{"rendered":"<p>HD-Webcam 1080p mit Autofokus: PC-Webcam mit einer Aufl\u00f6sung von bis zu 1080p bei 30 fps. Mit einem Startpunkt von 7 cm und einer nahezu unendlichen Reichweite kann die Autofokusfunktion sicherstellen, dass Ihre Videos immer scharf und kristallklar sind. Die Gesichtsverbesserungsfunktion sorgt daf\u00fcr, dass Ihre beste Seite immer auf dem Bild zu sehen ist.<br \/>\nWebcam mit Sichtschutzabdeckung: Die Bildschirmabdeckung f\u00fcr die PC-Webcam deckt das Objektiv ab, wenn sie nicht verwendet wird. Es ist perfekt, um jedem zu helfen, Sicherheit und Seelenfrieden zu genie\u00dfen, seien es Einzelpersonen oder gro\u00dfe Unternehmen. Es hilft auch, das Objektiv vor Schmutz und Ablagerungen zu sch\u00fctzen, um sicherzustellen, dass Ihr Video \u00fcber die gesamte Lebensdauer der Kamera klar bleibt.<br \/>\nWebcam mit Mikrofon: Ideal f\u00fcr Webinare, Videokonferenzen, Live-Streaming usw. Das eingebaute Mikrofon mit Ger\u00e4uschunterdr\u00fcckung reduziert Umgebungsger\u00e4usche und verbessert die Tonqualit\u00e4t Ihres Videos. Auch in lauten Umgebungen k\u00f6nnen Sie die gew\u00fcnschten Soundtracks aufnehmen.<\/p>\n","protected":false},"featured_media":106692,"comment_status":"open","ping_status":"closed","template":"","meta":[],"product_brand":[],"product_cat":[863],"product_tag":[],"class_list":{"0":"post-106691","1":"product","2":"type-product","3":"status-publish","4":"has-post-thumbnail","6":"product_cat-computer-zubehoer","7":"pa_binding-elektronik","8":"pa_brand-28313","9":"pa_manufacturer-32195","11":"first","12":"instock","13":"shipping-taxable","14":"purchasable","15":"product-type-simple","16":"customify-col","17":"product-has-gallery"},"yoast_head":"<!-- This site is optimized with the Yoast SEO plugin v27.4 - https:\/\/yoast.com\/product\/yoast-seo-wordpress\/ -->\n<title>Webcam mit Mikrofon, USB Web Camera for PC, Webcam mit Autofocus for Zoom Meetings, YouTube, Skype, FaceTime Hangouts\u2026 - Markt-XXL<\/title>\n<meta name=\"description\" content=\"Markt-XXL Webcam mit Mikrofon, USB Web Camera for PC, Webcam mit Autofocus for Zoom Meetings, YouTube, Skype, FaceTime Hangouts\u2026\" \/>\n<meta name=\"robots\" content=\"index, follow, max-snippet:-1, max-image-preview:large, max-video-preview:-1\" \/>\n<link rel=\"canonical\" href=\"https:\/\/marktxxl.de\/markt\/produkt\/1080p-webcam-mit-mikrofon-usb-camera-for-pc-laptop-desktop-webcam-mit-mic-for-zoom-meetings-youtube-skype-facetime-hangouts-wide-angle-automatic-light-correction\/\" \/>\n<meta property=\"og:locale\" content=\"de_DE\" \/>\n<meta property=\"og:type\" content=\"article\" \/>\n<meta property=\"og:title\" content=\"Webcam mit Mikrofon, USB Web Camera for PC, Webcam mit Autofocus for Zoom Meetings, YouTube, Skype, FaceTime Hangouts\u2026 - Markt-XXL\" \/>\n<meta property=\"og:description\" content=\"Markt-XXL Webcam mit Mikrofon, USB Web Camera for PC, Webcam mit Autofocus for Zoom Meetings, YouTube, Skype, FaceTime Hangouts\u2026\" \/>\n<meta property=\"og:url\" content=\"https:\/\/marktxxl.de\/markt\/produkt\/1080p-webcam-mit-mikrofon-usb-camera-for-pc-laptop-desktop-webcam-mit-mic-for-zoom-meetings-youtube-skype-facetime-hangouts-wide-angle-automatic-light-correction\/\" \/>\n<meta property=\"og:site_name\" content=\"Markt-XXL\" \/>\n<meta property=\"article:modified_time\" content=\"2023-04-09T01:06:31+00:00\" \/>\n<meta property=\"og:image\" content=\"https:\/\/m.media-amazon.com\/images\/I\/4119QUfDzGL._SL500_.jpg\" \/>\n\t<meta property=\"og:image:width\" content=\"500\" \/>\n\t<meta property=\"og:image:height\" content=\"500\" \/>\n\t<meta property=\"og:image:type\" content=\"image\/jpeg\" \/>\n<meta name=\"twitter:card\" content=\"summary_large_image\" \/>\n<meta name=\"twitter:label1\" content=\"Gesch\u00e4tzte Lesezeit\" \/>\n\t<meta name=\"twitter:data1\" content=\"1\u00a0Minute\" \/>\n<script type=\"application\/ld+json\" class=\"yoast-schema-graph\">{\"@context\":\"https:\\\/\\\/schema.org\",\"@graph\":[{\"@type\":\"WebPage\",\"@id\":\"https:\\\/\\\/marktxxl.de\\\/markt\\\/produkt\\\/1080p-webcam-mit-mikrofon-usb-camera-for-pc-laptop-desktop-webcam-mit-mic-for-zoom-meetings-youtube-skype-facetime-hangouts-wide-angle-automatic-light-correction\\\/\",\"url\":\"https:\\\/\\\/marktxxl.de\\\/markt\\\/produkt\\\/1080p-webcam-mit-mikrofon-usb-camera-for-pc-laptop-desktop-webcam-mit-mic-for-zoom-meetings-youtube-skype-facetime-hangouts-wide-angle-automatic-light-correction\\\/\",\"name\":\"Webcam mit Mikrofon, USB Web Camera for PC, Webcam mit Autofocus for Zoom Meetings, YouTube, Skype, FaceTime Hangouts\u2026 - Markt-XXL\",\"isPartOf\":{\"@id\":\"https:\\\/\\\/marktxxl.de\\\/markt\\\/#website\"},\"primaryImageOfPage\":{\"@id\":\"https:\\\/\\\/marktxxl.de\\\/markt\\\/produkt\\\/1080p-webcam-mit-mikrofon-usb-camera-for-pc-laptop-desktop-webcam-mit-mic-for-zoom-meetings-youtube-skype-facetime-hangouts-wide-angle-automatic-light-correction\\\/#primaryimage\"},\"image\":{\"@id\":\"https:\\\/\\\/marktxxl.de\\\/markt\\\/produkt\\\/1080p-webcam-mit-mikrofon-usb-camera-for-pc-laptop-desktop-webcam-mit-mic-for-zoom-meetings-youtube-skype-facetime-hangouts-wide-angle-automatic-light-correction\\\/#primaryimage\"},\"thumbnailUrl\":\"https:\\\/\\\/m.media-amazon.com\\\/images\\\/I\\\/4119QUfDzGL._SL500_.jpg\",\"datePublished\":\"2022-02-26T14:52:02+00:00\",\"dateModified\":\"2023-04-09T01:06:31+00:00\",\"description\":\"Markt-XXL Webcam mit Mikrofon, USB Web Camera for PC, Webcam mit Autofocus for Zoom Meetings, YouTube, Skype, FaceTime Hangouts\u2026\",\"breadcrumb\":{\"@id\":\"https:\\\/\\\/marktxxl.de\\\/markt\\\/produkt\\\/1080p-webcam-mit-mikrofon-usb-camera-for-pc-laptop-desktop-webcam-mit-mic-for-zoom-meetings-youtube-skype-facetime-hangouts-wide-angle-automatic-light-correction\\\/#breadcrumb\"},\"inLanguage\":\"de\",\"potentialAction\":[{\"@type\":\"ReadAction\",\"target\":[\"https:\\\/\\\/marktxxl.de\\\/markt\\\/produkt\\\/1080p-webcam-mit-mikrofon-usb-camera-for-pc-laptop-desktop-webcam-mit-mic-for-zoom-meetings-youtube-skype-facetime-hangouts-wide-angle-automatic-light-correction\\\/\"]}]},{\"@type\":\"ImageObject\",\"inLanguage\":\"de\",\"@id\":\"https:\\\/\\\/marktxxl.de\\\/markt\\\/produkt\\\/1080p-webcam-mit-mikrofon-usb-camera-for-pc-laptop-desktop-webcam-mit-mic-for-zoom-meetings-youtube-skype-facetime-hangouts-wide-angle-automatic-light-correction\\\/#primaryimage\",\"url\":\"https:\\\/\\\/m.media-amazon.com\\\/images\\\/I\\\/4119QUfDzGL._SL500_.jpg\",\"contentUrl\":\"https:\\\/\\\/m.media-amazon.com\\\/images\\\/I\\\/4119QUfDzGL._SL500_.jpg\",\"width\":500,\"height\":500},{\"@type\":\"BreadcrumbList\",\"@id\":\"https:\\\/\\\/marktxxl.de\\\/markt\\\/produkt\\\/1080p-webcam-mit-mikrofon-usb-camera-for-pc-laptop-desktop-webcam-mit-mic-for-zoom-meetings-youtube-skype-facetime-hangouts-wide-angle-automatic-light-correction\\\/#breadcrumb\",\"itemListElement\":[{\"@type\":\"ListItem\",\"position\":1,\"name\":\"Startseite\",\"item\":\"https:\\\/\\\/marktxxl.de\\\/markt\\\/\"},{\"@type\":\"ListItem\",\"position\":2,\"name\":\"Markt\",\"item\":\"https:\\\/\\\/marktxxl.de\\\/markt\\\/\"},{\"@type\":\"ListItem\",\"position\":3,\"name\":\"Webcam mit Mikrofon, USB Web Camera for PC, Webcam mit Autofocus for Zoom Meetings, YouTube, Skype, FaceTime Hangouts\u2026\"}]},{\"@type\":\"WebSite\",\"@id\":\"https:\\\/\\\/marktxxl.de\\\/markt\\\/#website\",\"url\":\"https:\\\/\\\/marktxxl.de\\\/markt\\\/\",\"name\":\"Markt-XXL\",\"description\":\"Ihr Markt Online\",\"publisher\":{\"@id\":\"https:\\\/\\\/marktxxl.de\\\/markt\\\/#organization\"},\"potentialAction\":[{\"@type\":\"SearchAction\",\"target\":{\"@type\":\"EntryPoint\",\"urlTemplate\":\"https:\\\/\\\/marktxxl.de\\\/markt\\\/?s={search_term_string}\"},\"query-input\":{\"@type\":\"PropertyValueSpecification\",\"valueRequired\":true,\"valueName\":\"search_term_string\"}}],\"inLanguage\":\"de\"},{\"@type\":\"Organization\",\"@id\":\"https:\\\/\\\/marktxxl.de\\\/markt\\\/#organization\",\"name\":\"Markt-XXL\",\"url\":\"https:\\\/\\\/marktxxl.de\\\/markt\\\/\",\"logo\":{\"@type\":\"ImageObject\",\"inLanguage\":\"de\",\"@id\":\"https:\\\/\\\/marktxxl.de\\\/markt\\\/#\\\/schema\\\/logo\\\/image\\\/\",\"url\":\"https:\\\/\\\/marktxxl.de\\\/markt\\\/wp-content\\\/uploads\\\/sites\\\/3\\\/2020\\\/12\\\/logo.png\",\"contentUrl\":\"https:\\\/\\\/marktxxl.de\\\/markt\\\/wp-content\\\/uploads\\\/sites\\\/3\\\/2020\\\/12\\\/logo.png\",\"width\":200,\"height\":70,\"caption\":\"Markt-XXL\"},\"image\":{\"@id\":\"https:\\\/\\\/marktxxl.de\\\/markt\\\/#\\\/schema\\\/logo\\\/image\\\/\"}}]}<\/script>\n<!-- \/ Yoast SEO plugin. -->","yoast_head_json":{"title":"Webcam mit Mikrofon, USB Web Camera for PC, Webcam mit Autofocus for Zoom Meetings, YouTube, Skype, FaceTime Hangouts\u2026 - Markt-XXL","description":"Markt-XXL Webcam mit Mikrofon, USB Web Camera for PC, Webcam mit Autofocus for Zoom Meetings, YouTube, Skype, FaceTime Hangouts\u2026","robots":{"index":"index","follow":"follow","max-snippet":"max-snippet:-1","max-image-preview":"max-image-preview:large","max-video-preview":"max-video-preview:-1"},"canonical":"https:\/\/marktxxl.de\/markt\/produkt\/1080p-webcam-mit-mikrofon-usb-camera-for-pc-laptop-desktop-webcam-mit-mic-for-zoom-meetings-youtube-skype-facetime-hangouts-wide-angle-automatic-light-correction\/","og_locale":"de_DE","og_type":"article","og_title":"Webcam mit Mikrofon, USB Web Camera for PC, Webcam mit Autofocus for Zoom Meetings, YouTube, Skype, FaceTime Hangouts\u2026 - Markt-XXL","og_description":"Markt-XXL Webcam mit Mikrofon, USB Web Camera for PC, Webcam mit Autofocus for Zoom Meetings, YouTube, Skype, FaceTime Hangouts\u2026","og_url":"https:\/\/marktxxl.de\/markt\/produkt\/1080p-webcam-mit-mikrofon-usb-camera-for-pc-laptop-desktop-webcam-mit-mic-for-zoom-meetings-youtube-skype-facetime-hangouts-wide-angle-automatic-light-correction\/","og_site_name":"Markt-XXL","article_modified_time":"2023-04-09T01:06:31+00:00","og_image":[{"width":500,"height":500,"url":"https:\/\/m.media-amazon.com\/images\/I\/4119QUfDzGL._SL500_.jpg","type":"image\/jpeg"}],"twitter_card":"summary_large_image","twitter_misc":{"Gesch\u00e4tzte Lesezeit":"1\u00a0Minute"},"schema":{"@context":"https:\/\/schema.org","@graph":[{"@type":"WebPage","@id":"https:\/\/marktxxl.de\/markt\/produkt\/1080p-webcam-mit-mikrofon-usb-camera-for-pc-laptop-desktop-webcam-mit-mic-for-zoom-meetings-youtube-skype-facetime-hangouts-wide-angle-automatic-light-correction\/","url":"https:\/\/marktxxl.de\/markt\/produkt\/1080p-webcam-mit-mikrofon-usb-camera-for-pc-laptop-desktop-webcam-mit-mic-for-zoom-meetings-youtube-skype-facetime-hangouts-wide-angle-automatic-light-correction\/","name":"Webcam mit Mikrofon, USB Web Camera for PC, Webcam mit Autofocus for Zoom Meetings, YouTube, Skype, FaceTime Hangouts\u2026 - Markt-XXL","isPartOf":{"@id":"https:\/\/marktxxl.de\/markt\/#website"},"primaryImageOfPage":{"@id":"https:\/\/marktxxl.de\/markt\/produkt\/1080p-webcam-mit-mikrofon-usb-camera-for-pc-laptop-desktop-webcam-mit-mic-for-zoom-meetings-youtube-skype-facetime-hangouts-wide-angle-automatic-light-correction\/#primaryimage"},"image":{"@id":"https:\/\/marktxxl.de\/markt\/produkt\/1080p-webcam-mit-mikrofon-usb-camera-for-pc-laptop-desktop-webcam-mit-mic-for-zoom-meetings-youtube-skype-facetime-hangouts-wide-angle-automatic-light-correction\/#primaryimage"},"thumbnailUrl":"https:\/\/m.media-amazon.com\/images\/I\/4119QUfDzGL._SL500_.jpg","datePublished":"2022-02-26T14:52:02+00:00","dateModified":"2023-04-09T01:06:31+00:00","description":"Markt-XXL Webcam mit Mikrofon, USB Web Camera for PC, Webcam mit Autofocus for Zoom Meetings, YouTube, Skype, FaceTime Hangouts\u2026","breadcrumb":{"@id":"https:\/\/marktxxl.de\/markt\/produkt\/1080p-webcam-mit-mikrofon-usb-camera-for-pc-laptop-desktop-webcam-mit-mic-for-zoom-meetings-youtube-skype-facetime-hangouts-wide-angle-automatic-light-correction\/#breadcrumb"},"inLanguage":"de","potentialAction":[{"@type":"ReadAction","target":["https:\/\/marktxxl.de\/markt\/produkt\/1080p-webcam-mit-mikrofon-usb-camera-for-pc-laptop-desktop-webcam-mit-mic-for-zoom-meetings-youtube-skype-facetime-hangouts-wide-angle-automatic-light-correction\/"]}]},{"@type":"ImageObject","inLanguage":"de","@id":"https:\/\/marktxxl.de\/markt\/produkt\/1080p-webcam-mit-mikrofon-usb-camera-for-pc-laptop-desktop-webcam-mit-mic-for-zoom-meetings-youtube-skype-facetime-hangouts-wide-angle-automatic-light-correction\/#primaryimage","url":"https:\/\/m.media-amazon.com\/images\/I\/4119QUfDzGL._SL500_.jpg","contentUrl":"https:\/\/m.media-amazon.com\/images\/I\/4119QUfDzGL._SL500_.jpg","width":500,"height":500},{"@type":"BreadcrumbList","@id":"https:\/\/marktxxl.de\/markt\/produkt\/1080p-webcam-mit-mikrofon-usb-camera-for-pc-laptop-desktop-webcam-mit-mic-for-zoom-meetings-youtube-skype-facetime-hangouts-wide-angle-automatic-light-correction\/#breadcrumb","itemListElement":[{"@type":"ListItem","position":1,"name":"Startseite","item":"https:\/\/marktxxl.de\/markt\/"},{"@type":"ListItem","position":2,"name":"Markt","item":"https:\/\/marktxxl.de\/markt\/"},{"@type":"ListItem","position":3,"name":"Webcam mit Mikrofon, USB Web Camera for PC, Webcam mit Autofocus for Zoom Meetings, YouTube, Skype, FaceTime Hangouts\u2026"}]},{"@type":"WebSite","@id":"https:\/\/marktxxl.de\/markt\/#website","url":"https:\/\/marktxxl.de\/markt\/","name":"Markt-XXL","description":"Ihr Markt Online","publisher":{"@id":"https:\/\/marktxxl.de\/markt\/#organization"},"potentialAction":[{"@type":"SearchAction","target":{"@type":"EntryPoint","urlTemplate":"https:\/\/marktxxl.de\/markt\/?s={search_term_string}"},"query-input":{"@type":"PropertyValueSpecification","valueRequired":true,"valueName":"search_term_string"}}],"inLanguage":"de"},{"@type":"Organization","@id":"https:\/\/marktxxl.de\/markt\/#organization","name":"Markt-XXL","url":"https:\/\/marktxxl.de\/markt\/","logo":{"@type":"ImageObject","inLanguage":"de","@id":"https:\/\/marktxxl.de\/markt\/#\/schema\/logo\/image\/","url":"https:\/\/marktxxl.de\/markt\/wp-content\/uploads\/sites\/3\/2020\/12\/logo.png","contentUrl":"https:\/\/marktxxl.de\/markt\/wp-content\/uploads\/sites\/3\/2020\/12\/logo.png","width":200,"height":70,"caption":"Markt-XXL"},"image":{"@id":"https:\/\/marktxxl.de\/markt\/#\/schema\/logo\/image\/"}}]}},"_links":{"self":[{"href":"https:\/\/marktxxl.de\/markt\/wp-json\/wp\/v2\/product\/106691","targetHints":{"allow":["GET"]}}],"collection":[{"href":"https:\/\/marktxxl.de\/markt\/wp-json\/wp\/v2\/product"}],"about":[{"href":"https:\/\/marktxxl.de\/markt\/wp-json\/wp\/v2\/types\/product"}],"replies":[{"embeddable":true,"href":"https:\/\/marktxxl.de\/markt\/wp-json\/wp\/v2\/comments?post=106691"}],"wp:featuredmedia":[{"embeddable":true,"href":"https:\/\/marktxxl.de\/markt\/wp-json\/wp\/v2\/media\/106692"}],"wp:attachment":[{"href":"https:\/\/marktxxl.de\/markt\/wp-json\/wp\/v2\/media?parent=106691"}],"wp:term":[{"taxonomy":"product_brand","embeddable":true,"href":"https:\/\/marktxxl.de\/markt\/wp-json\/wp\/v2\/product_brand?post=106691"},{"taxonomy":"product_cat","embeddable":true,"href":"https:\/\/marktxxl.de\/markt\/wp-json\/wp\/v2\/product_cat?post=106691"},{"taxonomy":"product_tag","embeddable":true,"href":"https:\/\/marktxxl.de\/markt\/wp-json\/wp\/v2\/product_tag?post=106691"}],"curies":[{"name":"wp","href":"https:\/\/api.w.org\/{rel}","templated":true}]}}