{"id":106495,"date":"2022-02-26T15:46:11","date_gmt":"2022-02-26T14:46:11","guid":{"rendered":"https:\/\/marktxxl.de\/markt\/produkt\/pny-geforce-rtx-3050-8gb-xlr8-gaming-revel-epic-x-rgb-single-fan-edition\/"},"modified":"2023-04-09T03:06:29","modified_gmt":"2023-04-09T01:06:29","slug":"pny-geforce-rtx-3050-8gb-xlr8-gaming-revel-epic-x-rgb-single-fan-edition","status":"publish","type":"product","link":"https:\/\/marktxxl.de\/markt\/produkt\/pny-geforce-rtx-3050-8gb-xlr8-gaming-revel-epic-x-rgb-single-fan-edition\/","title":{"rendered":"PNY GEFORCE RTX 3050 8GB XLR8 Gaming Revel Epic-X RGB Single Fan Edition, Black"},"content":{"rendered":"<p>NVIDIA Ampere Architektur, mit 1552MHz Kerntakt und 1777MHz Boost-Takt, um die Anforderungen anspruchsvoller Spiele zu erf\u00fcllen.<br \/>\n8 GB GDDR6 (128-Bit) On-Board-Speicher, 2560 CUDA Prozessorkerne und eine Speicherbandbreite von bis zu 224 GB\/Sek. sorgen f\u00fcr den n\u00f6tigen Speicher, um eine beeindruckende visuelle Realit\u00e4t zu schaffen.<br \/>\nEPIC-X RGB bietet brillantes RGB-Design in Kombination mit ultimativer Leistung und bringt Ihren PC auf die n\u00e4chste Stufe.<br \/>\nPCI Express 4.0-Schnittstelle &#8211; Bietet Kompatibilit\u00e4t mit einer Vielzahl von Systemen. Enth\u00e4lt au\u00dferdem DisplayPort 1.4a- und HDMI 2.1-Ausg\u00e4nge f\u00fcr erweiterte Anschlussm\u00f6glichkeiten.<br \/>\nNVIDIA GeForce Experience &#8211; Nehmen Sie Videos, Screenshots und Livestreams auf und teilen Sie sie mit Ihren Freunden. Halten Sie Ihre Treiber auf dem neuesten Stand und optimieren Sie Ihre Spieleinstellungen. Der unverzichtbare Begleiter f\u00fcr Ihre GeForce Grafikkarte.<br \/>\n<div class=\"main-cross-sell\" data-asin=\"B09RBGCKBL\">\n\n\t<div class=\"WooZone-cross-sell-loader\">\n\t\t<div>\n\t\t\t<div id=\"floatingBarsG\">\n\t\t\t\t<div class=\"blockG\" id=\"rotateG_01\"><\/div>\n\t\t\t\t<div class=\"blockG\" id=\"rotateG_02\"><\/div>\n\t\t\t\t<div class=\"blockG\" id=\"rotateG_03\"><\/div>\n\t\t\t\t<div class=\"blockG\" id=\"rotateG_04\"><\/div>\n\t\t\t\t<div class=\"blockG\" id=\"rotateG_05\"><\/div>\n\t\t\t\t<div class=\"blockG\" id=\"rotateG_06\"><\/div>\n\t\t\t\t<div class=\"blockG\" id=\"rotateG_07\"><\/div>\n\t\t\t\t<div class=\"blockG\" id=\"rotateG_08\"><\/div>\n\t\t\t<\/div>\n\t\t\t<div class=\"WooZone-cross-sell-loader-text\"><\/div>\n\t\t<\/div>\n\t<\/div>\n\n\t\t\n<\/div>\n<div style=\"clear:both;\"><\/div><\/p>\n","protected":false},"excerpt":{"rendered":"<p>NVIDIA Ampere Architektur, mit 1552MHz Kerntakt und 1777MHz Boost-Takt, um die Anforderungen anspruchsvoller Spiele zu erf\u00fcllen.<br \/>\n8 GB GDDR6 (128-Bit) On-Board-Speicher, 2560 CUDA Prozessorkerne und eine Speicherbandbreite von bis zu 224 GB\/Sek. sorgen f\u00fcr den n\u00f6tigen Speicher, um eine beeindruckende visuelle Realit\u00e4t zu schaffen.<br \/>\nEPIC-X RGB bietet brillantes RGB-Design in Kombination mit ultimativer Leistung und bringt Ihren PC auf die n\u00e4chste Stufe.<\/p>\n","protected":false},"featured_media":106496,"comment_status":"open","ping_status":"closed","template":"","meta":[],"product_brand":[],"product_cat":[863],"product_tag":[],"class_list":{"0":"post-106495","1":"product","2":"type-product","3":"status-publish","4":"has-post-thumbnail","6":"product_cat-computer-zubehoer","7":"pa_binding-personal-computers","8":"pa_brand-pny","9":"pa_color-black","10":"pa_height-1-574803148-zoll","11":"pa_length-6-692913379-zoll","12":"pa_manufacturer-pny","13":"pa_model-vcg30508sfxppb","14":"pa_warranty-3-years","15":"pa_weight-1-984160358-pfund","16":"pa_width-4-9212598375-zoll","18":"first","19":"instock","20":"shipping-taxable","21":"purchasable","22":"product-type-simple","23":"customify-col","24":"product-has-gallery"},"yoast_head":"<!-- This site is optimized with the Yoast SEO plugin v27.3 - https:\/\/yoast.com\/product\/yoast-seo-wordpress\/ -->\n<title>PNY GEFORCE RTX 3050 8GB XLR8 Gaming Revel Epic-X RGB Single Fan Edition, Black - Markt-XXL<\/title>\n<meta name=\"description\" content=\"Markt-XXL PNY GEFORCE RTX 3050 8GB XLR8 Gaming Revel Epic-X RGB Single Fan Edition, Black\" \/>\n<meta name=\"robots\" content=\"index, follow, max-snippet:-1, max-image-preview:large, max-video-preview:-1\" \/>\n<link rel=\"canonical\" href=\"https:\/\/marktxxl.de\/markt\/produkt\/pny-geforce-rtx-3050-8gb-xlr8-gaming-revel-epic-x-rgb-single-fan-edition\/\" \/>\n<meta property=\"og:locale\" content=\"de_DE\" \/>\n<meta property=\"og:type\" content=\"article\" \/>\n<meta property=\"og:title\" content=\"PNY GEFORCE RTX 3050 8GB XLR8 Gaming Revel Epic-X RGB Single Fan Edition, Black - Markt-XXL\" \/>\n<meta property=\"og:description\" content=\"Markt-XXL PNY GEFORCE RTX 3050 8GB XLR8 Gaming Revel Epic-X RGB Single Fan Edition, Black\" \/>\n<meta property=\"og:url\" content=\"https:\/\/marktxxl.de\/markt\/produkt\/pny-geforce-rtx-3050-8gb-xlr8-gaming-revel-epic-x-rgb-single-fan-edition\/\" \/>\n<meta property=\"og:site_name\" content=\"Markt-XXL\" \/>\n<meta property=\"article:modified_time\" content=\"2023-04-09T01:06:29+00:00\" \/>\n<meta property=\"og:image\" content=\"https:\/\/m.media-amazon.com\/images\/I\/41LZ0Uphu9L._SL500_.jpg\" \/>\n\t<meta property=\"og:image:width\" content=\"500\" \/>\n\t<meta property=\"og:image:height\" content=\"500\" \/>\n\t<meta property=\"og:image:type\" content=\"image\/jpeg\" \/>\n<meta name=\"twitter:card\" content=\"summary_large_image\" \/>\n<meta name=\"twitter:label1\" content=\"Gesch\u00e4tzte Lesezeit\" \/>\n\t<meta name=\"twitter:data1\" content=\"1\u00a0Minute\" \/>\n<script type=\"application\/ld+json\" class=\"yoast-schema-graph\">{\"@context\":\"https:\\\/\\\/schema.org\",\"@graph\":[{\"@type\":\"WebPage\",\"@id\":\"https:\\\/\\\/marktxxl.de\\\/markt\\\/produkt\\\/pny-geforce-rtx-3050-8gb-xlr8-gaming-revel-epic-x-rgb-single-fan-edition\\\/\",\"url\":\"https:\\\/\\\/marktxxl.de\\\/markt\\\/produkt\\\/pny-geforce-rtx-3050-8gb-xlr8-gaming-revel-epic-x-rgb-single-fan-edition\\\/\",\"name\":\"PNY GEFORCE RTX 3050 8GB XLR8 Gaming Revel Epic-X RGB Single Fan Edition, Black - Markt-XXL\",\"isPartOf\":{\"@id\":\"https:\\\/\\\/marktxxl.de\\\/markt\\\/#website\"},\"primaryImageOfPage\":{\"@id\":\"https:\\\/\\\/marktxxl.de\\\/markt\\\/produkt\\\/pny-geforce-rtx-3050-8gb-xlr8-gaming-revel-epic-x-rgb-single-fan-edition\\\/#primaryimage\"},\"image\":{\"@id\":\"https:\\\/\\\/marktxxl.de\\\/markt\\\/produkt\\\/pny-geforce-rtx-3050-8gb-xlr8-gaming-revel-epic-x-rgb-single-fan-edition\\\/#primaryimage\"},\"thumbnailUrl\":\"https:\\\/\\\/m.media-amazon.com\\\/images\\\/I\\\/41LZ0Uphu9L._SL500_.jpg\",\"datePublished\":\"2022-02-26T14:46:11+00:00\",\"dateModified\":\"2023-04-09T01:06:29+00:00\",\"description\":\"Markt-XXL PNY GEFORCE RTX 3050 8GB XLR8 Gaming Revel Epic-X RGB Single Fan Edition, Black\",\"breadcrumb\":{\"@id\":\"https:\\\/\\\/marktxxl.de\\\/markt\\\/produkt\\\/pny-geforce-rtx-3050-8gb-xlr8-gaming-revel-epic-x-rgb-single-fan-edition\\\/#breadcrumb\"},\"inLanguage\":\"de\",\"potentialAction\":[{\"@type\":\"ReadAction\",\"target\":[\"https:\\\/\\\/marktxxl.de\\\/markt\\\/produkt\\\/pny-geforce-rtx-3050-8gb-xlr8-gaming-revel-epic-x-rgb-single-fan-edition\\\/\"]}]},{\"@type\":\"ImageObject\",\"inLanguage\":\"de\",\"@id\":\"https:\\\/\\\/marktxxl.de\\\/markt\\\/produkt\\\/pny-geforce-rtx-3050-8gb-xlr8-gaming-revel-epic-x-rgb-single-fan-edition\\\/#primaryimage\",\"url\":\"https:\\\/\\\/m.media-amazon.com\\\/images\\\/I\\\/41LZ0Uphu9L._SL500_.jpg\",\"contentUrl\":\"https:\\\/\\\/m.media-amazon.com\\\/images\\\/I\\\/41LZ0Uphu9L._SL500_.jpg\",\"width\":500,\"height\":500},{\"@type\":\"BreadcrumbList\",\"@id\":\"https:\\\/\\\/marktxxl.de\\\/markt\\\/produkt\\\/pny-geforce-rtx-3050-8gb-xlr8-gaming-revel-epic-x-rgb-single-fan-edition\\\/#breadcrumb\",\"itemListElement\":[{\"@type\":\"ListItem\",\"position\":1,\"name\":\"Startseite\",\"item\":\"https:\\\/\\\/marktxxl.de\\\/markt\\\/\"},{\"@type\":\"ListItem\",\"position\":2,\"name\":\"Markt\",\"item\":\"https:\\\/\\\/marktxxl.de\\\/markt\\\/\"},{\"@type\":\"ListItem\",\"position\":3,\"name\":\"PNY GEFORCE RTX 3050 8GB XLR8 Gaming Revel Epic-X RGB Single Fan Edition, Black\"}]},{\"@type\":\"WebSite\",\"@id\":\"https:\\\/\\\/marktxxl.de\\\/markt\\\/#website\",\"url\":\"https:\\\/\\\/marktxxl.de\\\/markt\\\/\",\"name\":\"Markt-XXL\",\"description\":\"Ihr Markt Online\",\"publisher\":{\"@id\":\"https:\\\/\\\/marktxxl.de\\\/markt\\\/#organization\"},\"potentialAction\":[{\"@type\":\"SearchAction\",\"target\":{\"@type\":\"EntryPoint\",\"urlTemplate\":\"https:\\\/\\\/marktxxl.de\\\/markt\\\/?s={search_term_string}\"},\"query-input\":{\"@type\":\"PropertyValueSpecification\",\"valueRequired\":true,\"valueName\":\"search_term_string\"}}],\"inLanguage\":\"de\"},{\"@type\":\"Organization\",\"@id\":\"https:\\\/\\\/marktxxl.de\\\/markt\\\/#organization\",\"name\":\"Markt-XXL\",\"url\":\"https:\\\/\\\/marktxxl.de\\\/markt\\\/\",\"logo\":{\"@type\":\"ImageObject\",\"inLanguage\":\"de\",\"@id\":\"https:\\\/\\\/marktxxl.de\\\/markt\\\/#\\\/schema\\\/logo\\\/image\\\/\",\"url\":\"https:\\\/\\\/marktxxl.de\\\/markt\\\/wp-content\\\/uploads\\\/sites\\\/3\\\/2020\\\/12\\\/logo.png\",\"contentUrl\":\"https:\\\/\\\/marktxxl.de\\\/markt\\\/wp-content\\\/uploads\\\/sites\\\/3\\\/2020\\\/12\\\/logo.png\",\"width\":200,\"height\":70,\"caption\":\"Markt-XXL\"},\"image\":{\"@id\":\"https:\\\/\\\/marktxxl.de\\\/markt\\\/#\\\/schema\\\/logo\\\/image\\\/\"}}]}<\/script>\n<!-- \/ Yoast SEO plugin. -->","yoast_head_json":{"title":"PNY GEFORCE RTX 3050 8GB XLR8 Gaming Revel Epic-X RGB Single Fan Edition, Black - Markt-XXL","description":"Markt-XXL PNY GEFORCE RTX 3050 8GB XLR8 Gaming Revel Epic-X RGB Single Fan Edition, Black","robots":{"index":"index","follow":"follow","max-snippet":"max-snippet:-1","max-image-preview":"max-image-preview:large","max-video-preview":"max-video-preview:-1"},"canonical":"https:\/\/marktxxl.de\/markt\/produkt\/pny-geforce-rtx-3050-8gb-xlr8-gaming-revel-epic-x-rgb-single-fan-edition\/","og_locale":"de_DE","og_type":"article","og_title":"PNY GEFORCE RTX 3050 8GB XLR8 Gaming Revel Epic-X RGB Single Fan Edition, Black - Markt-XXL","og_description":"Markt-XXL PNY GEFORCE RTX 3050 8GB XLR8 Gaming Revel Epic-X RGB Single Fan Edition, Black","og_url":"https:\/\/marktxxl.de\/markt\/produkt\/pny-geforce-rtx-3050-8gb-xlr8-gaming-revel-epic-x-rgb-single-fan-edition\/","og_site_name":"Markt-XXL","article_modified_time":"2023-04-09T01:06:29+00:00","og_image":[{"width":500,"height":500,"url":"https:\/\/m.media-amazon.com\/images\/I\/41LZ0Uphu9L._SL500_.jpg","type":"image\/jpeg"}],"twitter_card":"summary_large_image","twitter_misc":{"Gesch\u00e4tzte Lesezeit":"1\u00a0Minute"},"schema":{"@context":"https:\/\/schema.org","@graph":[{"@type":"WebPage","@id":"https:\/\/marktxxl.de\/markt\/produkt\/pny-geforce-rtx-3050-8gb-xlr8-gaming-revel-epic-x-rgb-single-fan-edition\/","url":"https:\/\/marktxxl.de\/markt\/produkt\/pny-geforce-rtx-3050-8gb-xlr8-gaming-revel-epic-x-rgb-single-fan-edition\/","name":"PNY GEFORCE RTX 3050 8GB XLR8 Gaming Revel Epic-X RGB Single Fan Edition, Black - Markt-XXL","isPartOf":{"@id":"https:\/\/marktxxl.de\/markt\/#website"},"primaryImageOfPage":{"@id":"https:\/\/marktxxl.de\/markt\/produkt\/pny-geforce-rtx-3050-8gb-xlr8-gaming-revel-epic-x-rgb-single-fan-edition\/#primaryimage"},"image":{"@id":"https:\/\/marktxxl.de\/markt\/produkt\/pny-geforce-rtx-3050-8gb-xlr8-gaming-revel-epic-x-rgb-single-fan-edition\/#primaryimage"},"thumbnailUrl":"https:\/\/m.media-amazon.com\/images\/I\/41LZ0Uphu9L._SL500_.jpg","datePublished":"2022-02-26T14:46:11+00:00","dateModified":"2023-04-09T01:06:29+00:00","description":"Markt-XXL PNY GEFORCE RTX 3050 8GB XLR8 Gaming Revel Epic-X RGB Single Fan Edition, Black","breadcrumb":{"@id":"https:\/\/marktxxl.de\/markt\/produkt\/pny-geforce-rtx-3050-8gb-xlr8-gaming-revel-epic-x-rgb-single-fan-edition\/#breadcrumb"},"inLanguage":"de","potentialAction":[{"@type":"ReadAction","target":["https:\/\/marktxxl.de\/markt\/produkt\/pny-geforce-rtx-3050-8gb-xlr8-gaming-revel-epic-x-rgb-single-fan-edition\/"]}]},{"@type":"ImageObject","inLanguage":"de","@id":"https:\/\/marktxxl.de\/markt\/produkt\/pny-geforce-rtx-3050-8gb-xlr8-gaming-revel-epic-x-rgb-single-fan-edition\/#primaryimage","url":"https:\/\/m.media-amazon.com\/images\/I\/41LZ0Uphu9L._SL500_.jpg","contentUrl":"https:\/\/m.media-amazon.com\/images\/I\/41LZ0Uphu9L._SL500_.jpg","width":500,"height":500},{"@type":"BreadcrumbList","@id":"https:\/\/marktxxl.de\/markt\/produkt\/pny-geforce-rtx-3050-8gb-xlr8-gaming-revel-epic-x-rgb-single-fan-edition\/#breadcrumb","itemListElement":[{"@type":"ListItem","position":1,"name":"Startseite","item":"https:\/\/marktxxl.de\/markt\/"},{"@type":"ListItem","position":2,"name":"Markt","item":"https:\/\/marktxxl.de\/markt\/"},{"@type":"ListItem","position":3,"name":"PNY GEFORCE RTX 3050 8GB XLR8 Gaming Revel Epic-X RGB Single Fan Edition, Black"}]},{"@type":"WebSite","@id":"https:\/\/marktxxl.de\/markt\/#website","url":"https:\/\/marktxxl.de\/markt\/","name":"Markt-XXL","description":"Ihr Markt Online","publisher":{"@id":"https:\/\/marktxxl.de\/markt\/#organization"},"potentialAction":[{"@type":"SearchAction","target":{"@type":"EntryPoint","urlTemplate":"https:\/\/marktxxl.de\/markt\/?s={search_term_string}"},"query-input":{"@type":"PropertyValueSpecification","valueRequired":true,"valueName":"search_term_string"}}],"inLanguage":"de"},{"@type":"Organization","@id":"https:\/\/marktxxl.de\/markt\/#organization","name":"Markt-XXL","url":"https:\/\/marktxxl.de\/markt\/","logo":{"@type":"ImageObject","inLanguage":"de","@id":"https:\/\/marktxxl.de\/markt\/#\/schema\/logo\/image\/","url":"https:\/\/marktxxl.de\/markt\/wp-content\/uploads\/sites\/3\/2020\/12\/logo.png","contentUrl":"https:\/\/marktxxl.de\/markt\/wp-content\/uploads\/sites\/3\/2020\/12\/logo.png","width":200,"height":70,"caption":"Markt-XXL"},"image":{"@id":"https:\/\/marktxxl.de\/markt\/#\/schema\/logo\/image\/"}}]}},"_links":{"self":[{"href":"https:\/\/marktxxl.de\/markt\/wp-json\/wp\/v2\/product\/106495","targetHints":{"allow":["GET"]}}],"collection":[{"href":"https:\/\/marktxxl.de\/markt\/wp-json\/wp\/v2\/product"}],"about":[{"href":"https:\/\/marktxxl.de\/markt\/wp-json\/wp\/v2\/types\/product"}],"replies":[{"embeddable":true,"href":"https:\/\/marktxxl.de\/markt\/wp-json\/wp\/v2\/comments?post=106495"}],"wp:featuredmedia":[{"embeddable":true,"href":"https:\/\/marktxxl.de\/markt\/wp-json\/wp\/v2\/media\/106496"}],"wp:attachment":[{"href":"https:\/\/marktxxl.de\/markt\/wp-json\/wp\/v2\/media?parent=106495"}],"wp:term":[{"taxonomy":"product_brand","embeddable":true,"href":"https:\/\/marktxxl.de\/markt\/wp-json\/wp\/v2\/product_brand?post=106495"},{"taxonomy":"product_cat","embeddable":true,"href":"https:\/\/marktxxl.de\/markt\/wp-json\/wp\/v2\/product_cat?post=106495"},{"taxonomy":"product_tag","embeddable":true,"href":"https:\/\/marktxxl.de\/markt\/wp-json\/wp\/v2\/product_tag?post=106495"}],"curies":[{"name":"wp","href":"https:\/\/api.w.org\/{rel}","templated":true}]}}