{"id":106434,"date":"2022-02-26T15:27:28","date_gmt":"2022-02-26T14:27:28","guid":{"rendered":"https:\/\/marktxxl.de\/markt\/produkt\/grannys-exclusive-rolling-tray-aus-metall-27-x-165cm-zum-drehen-hochwertiges-design\/"},"modified":"2023-04-09T03:06:28","modified_gmt":"2023-04-09T01:06:28","slug":"grannys-exclusive-rolling-tray-aus-metall-27-x-165cm-zum-drehen-hochwertiges-design","status":"publish","type":"product","link":"https:\/\/marktxxl.de\/markt\/produkt\/grannys-exclusive-rolling-tray-aus-metall-27-x-165cm-zum-drehen-hochwertiges-design\/","title":{"rendered":"Granny&#8217;s Exclusive Rolling Tray aus Metall | 27 x 16,5cm | Zum Drehen | Hochwertiges Design"},"content":{"rendered":"<p>QUALIT\u00c4T: Mit gro\u00dfm\u00fctterlicher F\u00fcrsorge hergestellt und besonders hochwertig. Das Material ist leicht abwaschbar und hinterl\u00e4sst keine R\u00fcckst\u00e4nde.<br \/>\nNUTZBARKEIT: Grannys Rolling Tray hat eine Breite von 27 cm und eine L\u00e4nge von 16,5 cm und entspricht der Standardgr\u00f6\u00dfe. Der Rand ist 2,5cm hoch, damit nichts von den Zutaten verloren geht.<br \/>\nDESIGN: Das Rolling Tray &#8220;In Granny we Trust&#8221; ist aus hygienischem Aluminium hergestellt und wiegt ca. 170 Gramm. Das entspannte Farbbild in dunkelblau ist einfach einzigartig sch\u00f6n!<br \/>\nVIELF\u00c4LTIGKEIT: Dieses Metall Tablett ist durch seine Leichtigkeit einfach zu transportieren und kann auch to go eingesetzt werden. Es ist zu medizinischen Zwecken geeignet und du unterst\u00fctzt den DHV.<br \/>\nLIEFERUMFANG: In diesem P\u00e4ckchen ist eines dieser hochwertigen Rolling Trays in dunkelblau enthalten, das dir bestimmt noch in deinem Sortiment zum Bauen fehlt!<br \/>\n<div class=\"main-cross-sell\" data-asin=\"B09MBV4ZN4\">\n\n\t<div class=\"WooZone-cross-sell-loader\">\n\t\t<div>\n\t\t\t<div id=\"floatingBarsG\">\n\t\t\t\t<div class=\"blockG\" id=\"rotateG_01\"><\/div>\n\t\t\t\t<div class=\"blockG\" id=\"rotateG_02\"><\/div>\n\t\t\t\t<div class=\"blockG\" id=\"rotateG_03\"><\/div>\n\t\t\t\t<div class=\"blockG\" id=\"rotateG_04\"><\/div>\n\t\t\t\t<div class=\"blockG\" id=\"rotateG_05\"><\/div>\n\t\t\t\t<div class=\"blockG\" id=\"rotateG_06\"><\/div>\n\t\t\t\t<div class=\"blockG\" id=\"rotateG_07\"><\/div>\n\t\t\t\t<div class=\"blockG\" id=\"rotateG_08\"><\/div>\n\t\t\t<\/div>\n\t\t\t<div class=\"WooZone-cross-sell-loader-text\"><\/div>\n\t\t<\/div>\n\t<\/div>\n\n\t\t\n<\/div>\n<div style=\"clear:both;\"><\/div><\/p>\n","protected":false},"excerpt":{"rendered":"<p>QUALIT\u00c4T: Mit gro\u00dfm\u00fctterlicher F\u00fcrsorge hergestellt und besonders hochwertig. Das Material ist leicht abwaschbar und hinterl\u00e4sst keine R\u00fcckst\u00e4nde.<br \/>\nNUTZBARKEIT: Grannys Rolling Tray hat eine Breite von 27 cm und eine L\u00e4nge von 16,5 cm und entspricht der Standardgr\u00f6\u00dfe. Der Rand ist 2,5cm hoch, damit nichts von den Zutaten verloren geht.<br \/>\nDESIGN: Das Rolling Tray &#8220;In Granny we Trust&#8221; ist aus hygienischem Aluminium hergestellt und wiegt ca. 170 Gramm. Das entspannte Farbbild in dunkelblau ist einfach einzigartig sch\u00f6n!<\/p>\n","protected":false},"featured_media":106435,"comment_status":"open","ping_status":"closed","template":"","meta":[],"product_brand":[],"product_cat":[566],"product_tag":[],"class_list":{"0":"post-106434","1":"product","2":"type-product","3":"status-publish","4":"has-post-thumbnail","6":"product_cat-drogerie-koerperpflege","7":"pa_brand-grannys-weed","8":"pa_manufacturer-grannys-weed","10":"first","11":"instock","12":"shipping-taxable","13":"purchasable","14":"product-type-simple","15":"customify-col","16":"product-has-gallery"},"yoast_head":"<!-- This site is optimized with the Yoast SEO plugin v27.4 - https:\/\/yoast.com\/product\/yoast-seo-wordpress\/ -->\n<title>Granny&#039;s Exclusive Rolling Tray aus Metall | 27 x 16,5cm | Zum Drehen | Hochwertiges Design - Markt-XXL<\/title>\n<meta name=\"description\" content=\"Markt-XXL Granny&#039;s Exclusive Rolling Tray aus Metall | 27 x 16,5cm | Zum Drehen | Hochwertiges Design\" \/>\n<meta name=\"robots\" content=\"index, follow, max-snippet:-1, max-image-preview:large, max-video-preview:-1\" \/>\n<link rel=\"canonical\" href=\"https:\/\/marktxxl.de\/markt\/produkt\/grannys-exclusive-rolling-tray-aus-metall-27-x-165cm-zum-drehen-hochwertiges-design\/\" \/>\n<meta property=\"og:locale\" content=\"de_DE\" \/>\n<meta property=\"og:type\" content=\"article\" \/>\n<meta property=\"og:title\" content=\"Granny&#039;s Exclusive Rolling Tray aus Metall | 27 x 16,5cm | Zum Drehen | Hochwertiges Design - Markt-XXL\" \/>\n<meta property=\"og:description\" content=\"Markt-XXL Granny&#039;s Exclusive Rolling Tray aus Metall | 27 x 16,5cm | Zum Drehen | Hochwertiges Design\" \/>\n<meta property=\"og:url\" content=\"https:\/\/marktxxl.de\/markt\/produkt\/grannys-exclusive-rolling-tray-aus-metall-27-x-165cm-zum-drehen-hochwertiges-design\/\" \/>\n<meta property=\"og:site_name\" content=\"Markt-XXL\" \/>\n<meta property=\"article:modified_time\" content=\"2023-04-09T01:06:28+00:00\" \/>\n<meta property=\"og:image\" content=\"https:\/\/m.media-amazon.com\/images\/I\/51h36RjxahL._SL500_.jpg\" \/>\n\t<meta property=\"og:image:width\" content=\"500\" \/>\n\t<meta property=\"og:image:height\" content=\"375\" \/>\n\t<meta property=\"og:image:type\" content=\"image\/jpeg\" \/>\n<meta name=\"twitter:card\" content=\"summary_large_image\" \/>\n<meta name=\"twitter:label1\" content=\"Gesch\u00e4tzte Lesezeit\" \/>\n\t<meta name=\"twitter:data1\" content=\"1\u00a0Minute\" \/>\n<script type=\"application\/ld+json\" class=\"yoast-schema-graph\">{\"@context\":\"https:\\\/\\\/schema.org\",\"@graph\":[{\"@type\":\"WebPage\",\"@id\":\"https:\\\/\\\/marktxxl.de\\\/markt\\\/produkt\\\/grannys-exclusive-rolling-tray-aus-metall-27-x-165cm-zum-drehen-hochwertiges-design\\\/\",\"url\":\"https:\\\/\\\/marktxxl.de\\\/markt\\\/produkt\\\/grannys-exclusive-rolling-tray-aus-metall-27-x-165cm-zum-drehen-hochwertiges-design\\\/\",\"name\":\"Granny's Exclusive Rolling Tray aus Metall | 27 x 16,5cm | Zum Drehen | Hochwertiges Design - Markt-XXL\",\"isPartOf\":{\"@id\":\"https:\\\/\\\/marktxxl.de\\\/markt\\\/#website\"},\"primaryImageOfPage\":{\"@id\":\"https:\\\/\\\/marktxxl.de\\\/markt\\\/produkt\\\/grannys-exclusive-rolling-tray-aus-metall-27-x-165cm-zum-drehen-hochwertiges-design\\\/#primaryimage\"},\"image\":{\"@id\":\"https:\\\/\\\/marktxxl.de\\\/markt\\\/produkt\\\/grannys-exclusive-rolling-tray-aus-metall-27-x-165cm-zum-drehen-hochwertiges-design\\\/#primaryimage\"},\"thumbnailUrl\":\"https:\\\/\\\/m.media-amazon.com\\\/images\\\/I\\\/51h36RjxahL._SL500_.jpg\",\"datePublished\":\"2022-02-26T14:27:28+00:00\",\"dateModified\":\"2023-04-09T01:06:28+00:00\",\"description\":\"Markt-XXL Granny's Exclusive Rolling Tray aus Metall | 27 x 16,5cm | Zum Drehen | Hochwertiges Design\",\"breadcrumb\":{\"@id\":\"https:\\\/\\\/marktxxl.de\\\/markt\\\/produkt\\\/grannys-exclusive-rolling-tray-aus-metall-27-x-165cm-zum-drehen-hochwertiges-design\\\/#breadcrumb\"},\"inLanguage\":\"de\",\"potentialAction\":[{\"@type\":\"ReadAction\",\"target\":[\"https:\\\/\\\/marktxxl.de\\\/markt\\\/produkt\\\/grannys-exclusive-rolling-tray-aus-metall-27-x-165cm-zum-drehen-hochwertiges-design\\\/\"]}]},{\"@type\":\"ImageObject\",\"inLanguage\":\"de\",\"@id\":\"https:\\\/\\\/marktxxl.de\\\/markt\\\/produkt\\\/grannys-exclusive-rolling-tray-aus-metall-27-x-165cm-zum-drehen-hochwertiges-design\\\/#primaryimage\",\"url\":\"https:\\\/\\\/m.media-amazon.com\\\/images\\\/I\\\/51h36RjxahL._SL500_.jpg\",\"contentUrl\":\"https:\\\/\\\/m.media-amazon.com\\\/images\\\/I\\\/51h36RjxahL._SL500_.jpg\",\"width\":500,\"height\":375},{\"@type\":\"BreadcrumbList\",\"@id\":\"https:\\\/\\\/marktxxl.de\\\/markt\\\/produkt\\\/grannys-exclusive-rolling-tray-aus-metall-27-x-165cm-zum-drehen-hochwertiges-design\\\/#breadcrumb\",\"itemListElement\":[{\"@type\":\"ListItem\",\"position\":1,\"name\":\"Startseite\",\"item\":\"https:\\\/\\\/marktxxl.de\\\/markt\\\/\"},{\"@type\":\"ListItem\",\"position\":2,\"name\":\"Markt\",\"item\":\"https:\\\/\\\/marktxxl.de\\\/markt\\\/\"},{\"@type\":\"ListItem\",\"position\":3,\"name\":\"Granny&#8217;s Exclusive Rolling Tray aus Metall | 27 x 16,5cm | Zum Drehen | Hochwertiges Design\"}]},{\"@type\":\"WebSite\",\"@id\":\"https:\\\/\\\/marktxxl.de\\\/markt\\\/#website\",\"url\":\"https:\\\/\\\/marktxxl.de\\\/markt\\\/\",\"name\":\"Markt-XXL\",\"description\":\"Ihr Markt Online\",\"publisher\":{\"@id\":\"https:\\\/\\\/marktxxl.de\\\/markt\\\/#organization\"},\"potentialAction\":[{\"@type\":\"SearchAction\",\"target\":{\"@type\":\"EntryPoint\",\"urlTemplate\":\"https:\\\/\\\/marktxxl.de\\\/markt\\\/?s={search_term_string}\"},\"query-input\":{\"@type\":\"PropertyValueSpecification\",\"valueRequired\":true,\"valueName\":\"search_term_string\"}}],\"inLanguage\":\"de\"},{\"@type\":\"Organization\",\"@id\":\"https:\\\/\\\/marktxxl.de\\\/markt\\\/#organization\",\"name\":\"Markt-XXL\",\"url\":\"https:\\\/\\\/marktxxl.de\\\/markt\\\/\",\"logo\":{\"@type\":\"ImageObject\",\"inLanguage\":\"de\",\"@id\":\"https:\\\/\\\/marktxxl.de\\\/markt\\\/#\\\/schema\\\/logo\\\/image\\\/\",\"url\":\"https:\\\/\\\/marktxxl.de\\\/markt\\\/wp-content\\\/uploads\\\/sites\\\/3\\\/2020\\\/12\\\/logo.png\",\"contentUrl\":\"https:\\\/\\\/marktxxl.de\\\/markt\\\/wp-content\\\/uploads\\\/sites\\\/3\\\/2020\\\/12\\\/logo.png\",\"width\":200,\"height\":70,\"caption\":\"Markt-XXL\"},\"image\":{\"@id\":\"https:\\\/\\\/marktxxl.de\\\/markt\\\/#\\\/schema\\\/logo\\\/image\\\/\"}}]}<\/script>\n<!-- \/ Yoast SEO plugin. -->","yoast_head_json":{"title":"Granny's Exclusive Rolling Tray aus Metall | 27 x 16,5cm | Zum Drehen | Hochwertiges Design - Markt-XXL","description":"Markt-XXL Granny's Exclusive Rolling Tray aus Metall | 27 x 16,5cm | Zum Drehen | Hochwertiges Design","robots":{"index":"index","follow":"follow","max-snippet":"max-snippet:-1","max-image-preview":"max-image-preview:large","max-video-preview":"max-video-preview:-1"},"canonical":"https:\/\/marktxxl.de\/markt\/produkt\/grannys-exclusive-rolling-tray-aus-metall-27-x-165cm-zum-drehen-hochwertiges-design\/","og_locale":"de_DE","og_type":"article","og_title":"Granny's Exclusive Rolling Tray aus Metall | 27 x 16,5cm | Zum Drehen | Hochwertiges Design - Markt-XXL","og_description":"Markt-XXL Granny's Exclusive Rolling Tray aus Metall | 27 x 16,5cm | Zum Drehen | Hochwertiges Design","og_url":"https:\/\/marktxxl.de\/markt\/produkt\/grannys-exclusive-rolling-tray-aus-metall-27-x-165cm-zum-drehen-hochwertiges-design\/","og_site_name":"Markt-XXL","article_modified_time":"2023-04-09T01:06:28+00:00","og_image":[{"width":500,"height":375,"url":"https:\/\/m.media-amazon.com\/images\/I\/51h36RjxahL._SL500_.jpg","type":"image\/jpeg"}],"twitter_card":"summary_large_image","twitter_misc":{"Gesch\u00e4tzte Lesezeit":"1\u00a0Minute"},"schema":{"@context":"https:\/\/schema.org","@graph":[{"@type":"WebPage","@id":"https:\/\/marktxxl.de\/markt\/produkt\/grannys-exclusive-rolling-tray-aus-metall-27-x-165cm-zum-drehen-hochwertiges-design\/","url":"https:\/\/marktxxl.de\/markt\/produkt\/grannys-exclusive-rolling-tray-aus-metall-27-x-165cm-zum-drehen-hochwertiges-design\/","name":"Granny's Exclusive Rolling Tray aus Metall | 27 x 16,5cm | Zum Drehen | Hochwertiges Design - Markt-XXL","isPartOf":{"@id":"https:\/\/marktxxl.de\/markt\/#website"},"primaryImageOfPage":{"@id":"https:\/\/marktxxl.de\/markt\/produkt\/grannys-exclusive-rolling-tray-aus-metall-27-x-165cm-zum-drehen-hochwertiges-design\/#primaryimage"},"image":{"@id":"https:\/\/marktxxl.de\/markt\/produkt\/grannys-exclusive-rolling-tray-aus-metall-27-x-165cm-zum-drehen-hochwertiges-design\/#primaryimage"},"thumbnailUrl":"https:\/\/m.media-amazon.com\/images\/I\/51h36RjxahL._SL500_.jpg","datePublished":"2022-02-26T14:27:28+00:00","dateModified":"2023-04-09T01:06:28+00:00","description":"Markt-XXL Granny's Exclusive Rolling Tray aus Metall | 27 x 16,5cm | Zum Drehen | Hochwertiges Design","breadcrumb":{"@id":"https:\/\/marktxxl.de\/markt\/produkt\/grannys-exclusive-rolling-tray-aus-metall-27-x-165cm-zum-drehen-hochwertiges-design\/#breadcrumb"},"inLanguage":"de","potentialAction":[{"@type":"ReadAction","target":["https:\/\/marktxxl.de\/markt\/produkt\/grannys-exclusive-rolling-tray-aus-metall-27-x-165cm-zum-drehen-hochwertiges-design\/"]}]},{"@type":"ImageObject","inLanguage":"de","@id":"https:\/\/marktxxl.de\/markt\/produkt\/grannys-exclusive-rolling-tray-aus-metall-27-x-165cm-zum-drehen-hochwertiges-design\/#primaryimage","url":"https:\/\/m.media-amazon.com\/images\/I\/51h36RjxahL._SL500_.jpg","contentUrl":"https:\/\/m.media-amazon.com\/images\/I\/51h36RjxahL._SL500_.jpg","width":500,"height":375},{"@type":"BreadcrumbList","@id":"https:\/\/marktxxl.de\/markt\/produkt\/grannys-exclusive-rolling-tray-aus-metall-27-x-165cm-zum-drehen-hochwertiges-design\/#breadcrumb","itemListElement":[{"@type":"ListItem","position":1,"name":"Startseite","item":"https:\/\/marktxxl.de\/markt\/"},{"@type":"ListItem","position":2,"name":"Markt","item":"https:\/\/marktxxl.de\/markt\/"},{"@type":"ListItem","position":3,"name":"Granny&#8217;s Exclusive Rolling Tray aus Metall | 27 x 16,5cm | Zum Drehen | Hochwertiges Design"}]},{"@type":"WebSite","@id":"https:\/\/marktxxl.de\/markt\/#website","url":"https:\/\/marktxxl.de\/markt\/","name":"Markt-XXL","description":"Ihr Markt Online","publisher":{"@id":"https:\/\/marktxxl.de\/markt\/#organization"},"potentialAction":[{"@type":"SearchAction","target":{"@type":"EntryPoint","urlTemplate":"https:\/\/marktxxl.de\/markt\/?s={search_term_string}"},"query-input":{"@type":"PropertyValueSpecification","valueRequired":true,"valueName":"search_term_string"}}],"inLanguage":"de"},{"@type":"Organization","@id":"https:\/\/marktxxl.de\/markt\/#organization","name":"Markt-XXL","url":"https:\/\/marktxxl.de\/markt\/","logo":{"@type":"ImageObject","inLanguage":"de","@id":"https:\/\/marktxxl.de\/markt\/#\/schema\/logo\/image\/","url":"https:\/\/marktxxl.de\/markt\/wp-content\/uploads\/sites\/3\/2020\/12\/logo.png","contentUrl":"https:\/\/marktxxl.de\/markt\/wp-content\/uploads\/sites\/3\/2020\/12\/logo.png","width":200,"height":70,"caption":"Markt-XXL"},"image":{"@id":"https:\/\/marktxxl.de\/markt\/#\/schema\/logo\/image\/"}}]}},"_links":{"self":[{"href":"https:\/\/marktxxl.de\/markt\/wp-json\/wp\/v2\/product\/106434","targetHints":{"allow":["GET"]}}],"collection":[{"href":"https:\/\/marktxxl.de\/markt\/wp-json\/wp\/v2\/product"}],"about":[{"href":"https:\/\/marktxxl.de\/markt\/wp-json\/wp\/v2\/types\/product"}],"replies":[{"embeddable":true,"href":"https:\/\/marktxxl.de\/markt\/wp-json\/wp\/v2\/comments?post=106434"}],"wp:featuredmedia":[{"embeddable":true,"href":"https:\/\/marktxxl.de\/markt\/wp-json\/wp\/v2\/media\/106435"}],"wp:attachment":[{"href":"https:\/\/marktxxl.de\/markt\/wp-json\/wp\/v2\/media?parent=106434"}],"wp:term":[{"taxonomy":"product_brand","embeddable":true,"href":"https:\/\/marktxxl.de\/markt\/wp-json\/wp\/v2\/product_brand?post=106434"},{"taxonomy":"product_cat","embeddable":true,"href":"https:\/\/marktxxl.de\/markt\/wp-json\/wp\/v2\/product_cat?post=106434"},{"taxonomy":"product_tag","embeddable":true,"href":"https:\/\/marktxxl.de\/markt\/wp-json\/wp\/v2\/product_tag?post=106434"}],"curies":[{"name":"wp","href":"https:\/\/api.w.org\/{rel}","templated":true}]}}