{"id":106042,"date":"2022-02-26T14:39:31","date_gmt":"2022-02-26T13:39:31","guid":{"rendered":"https:\/\/marktxxl.de\/markt\/produkt\/solar-lichter-fuer-einmachglaeser-8-stueck-30-leds-haengende-lichterkette-fuer-aussenbereich-terrasse-garten-hof-und-rasendekoration-haenger-und-glaeser-im-lieferumfang-enthalten\/"},"modified":"2023-04-09T03:06:22","modified_gmt":"2023-04-09T01:06:22","slug":"solar-lichter-fuer-einmachglaeser-8-stueck-30-leds-haengende-lichterkette-fuer-aussenbereich-terrasse-garten-hof-und-rasendekoration-haenger-und-glaeser-im-lieferumfang-enthalten","status":"publish","type":"product","link":"https:\/\/marktxxl.de\/markt\/produkt\/solar-lichter-fuer-einmachglaeser-8-stueck-30-leds-haengende-lichterkette-fuer-aussenbereich-terrasse-garten-hof-und-rasendekoration-haenger-und-glaeser-im-lieferumfang-enthalten\/","title":{"rendered":"Solar-Lichter f\u00fcr Einmachgl\u00e4ser, 8 St\u00fcck, 30 LEDs, h\u00e4ngende Lichterkette f\u00fcr Au\u00dfenbereich, Terrasse, Garten, Hof und\u2026"},"content":{"rendered":"<p>\u2728\u3010Newfangled All in One Design\u3011 Yitee 8 St\u00fcck h\u00e4ngende Glas Mason Jar Solar Lichterkette inklusive: 8 St\u00fcck Galss Mason Jars 8 Pack 30 warme LEDs Solarleuchten Deckel, 8 St\u00fcck Edelstahl Aufh\u00e4nger. Ma\u00dfe Einmachglas: 8,1 cm Durchmesser x 13,2 cm H.<br \/>\nBeliebt und einfach zu bedienen: Standard-Maurerglas mit solarbetriebenem Lichtdeckel, herrliche Kupferdraht-Lichterkette, 30 warmwei\u00dfe LED-Lampen. Ein-\/Aus-Schalter unter dem Deckel, l\u00e4dt normalerweise in der Sonne 6-8 Stunden auf, leuchtet 10-12 Stunden, schalten Sie den Schalter beim Laden auf &#8220;ON&#8221;-Position. Langlebige LED-Leuchtmittel, energieeffizient, 1,2 V Niederspannung. Keine W\u00e4rmeentwicklung. Sicher zu handhaben. Der Edelstahl-Griff am Hals, sodass er \u00fcberall aufgeh\u00e4ngt werden kann.<br \/>\nUmweltfreundlich und energiesparend: Solarbetriebene LED-Lichter, keine Verkabelung, kein Wechselstrom. Speichert Energie vor Sonnenstrahlen w\u00e4hrend des Tages und schaltet sich bei Nacht automatisch ein. Solarpanel in voller Gr\u00f6\u00dfe auf dem Deckel, 100 % hocheffizient, solarbetrieben, keine externe Verkabelung erforderlich, einfach das Glas unter Sonnenlicht legen und sich selbst aufladen lassen. Integrierter Lichtsensor schaltet es sich bei Nacht oder dunkler Umgebung ein und schaltet sich am Tag automatisch aus. Wenn es kein genug Sonnenlicht gibt, k\u00f6nnen Sie auch AAA-Batterie als Backup verwenden.<br \/>\n\u2728 \u3010Wasserdichte Versiegelung und Rostschutz-Einmachglas-Deckel und Aufh\u00e4nger\u3011Jeder Solar-Lichtdeckel hat einen O-f\u00f6rmigen Dichtungsring, um zu verhindern, dass Regenwasser in den Lichtdeckel oder das Glas eindringt. Und mit galvanisierten Wei\u00dfblech-Deckeln und Edelstahl-Aufh\u00e4ngern, diese Einmachglas-Lichter rosten nicht, auch wenn Sie sie f\u00fcr eine lange Zeit drau\u00dfen platzieren. Eine tolle Idee f\u00fcr Terrasse, Rasen, Garten, Weihnachten, Party, Hochzeit, Wege, Sonne. Zimmer, Tischdekoration. Sch\u00f6ne Solarlaternen im Einmachglas-Design.<br \/>\n\u2728\u301012 Monate sorgenfreie Garantie\u3011 Paket gut in Kraftkarton, keine gebrochenen Gl\u00e4ser Garantie und 12 Monate Qualit\u00e4tsgarantie. Ersatz oder Geld-zur\u00fcck-Verpflichtung ist verf\u00fcgbar, wenn das Glas nicht so gut ist, wie Sie erwarten. unsere. (Wie Sie uns kontaktieren: Klicken Sie auf unseren Verk\u00e4ufernamen [Yitee Direct], klicken Sie auf die Schaltfl\u00e4che [Stellen Sie eine Frage]).<br \/>\n<div class=\"main-cross-sell\" data-asin=\"B07YCYHCDT\">\n\n\t<div class=\"WooZone-cross-sell-loader\">\n\t\t<div>\n\t\t\t<div id=\"floatingBarsG\">\n\t\t\t\t<div class=\"blockG\" id=\"rotateG_01\"><\/div>\n\t\t\t\t<div class=\"blockG\" id=\"rotateG_02\"><\/div>\n\t\t\t\t<div class=\"blockG\" id=\"rotateG_03\"><\/div>\n\t\t\t\t<div class=\"blockG\" id=\"rotateG_04\"><\/div>\n\t\t\t\t<div class=\"blockG\" id=\"rotateG_05\"><\/div>\n\t\t\t\t<div class=\"blockG\" id=\"rotateG_06\"><\/div>\n\t\t\t\t<div class=\"blockG\" id=\"rotateG_07\"><\/div>\n\t\t\t\t<div class=\"blockG\" id=\"rotateG_08\"><\/div>\n\t\t\t<\/div>\n\t\t\t<div class=\"WooZone-cross-sell-loader-text\"><\/div>\n\t\t<\/div>\n\t<\/div>\n\n\t\t\n<\/div>\n<div style=\"clear:both;\"><\/div><\/p>\n","protected":false},"excerpt":{"rendered":"<p>\u2728\u3010Newfangled All in One Design\u3011 Yitee 8 St\u00fcck h\u00e4ngende Glas Mason Jar Solar Lichterkette inklusive: 8 St\u00fcck Galss Mason Jars 8 Pack 30 warme LEDs Solarleuchten Deckel, 8 St\u00fcck Edelstahl Aufh\u00e4nger. Ma\u00dfe Einmachglas: 8,1 cm Durchmesser x 13,2 cm H.<br \/>\nBeliebt und einfach zu bedienen: Standard-Maurerglas mit solarbetriebenem Lichtdeckel, herrliche Kupferdraht-Lichterkette, 30 warmwei\u00dfe LED-Lampen. Ein-\/Aus-Schalter unter dem Deckel, l\u00e4dt normalerweise in der Sonne 6-8 Stunden auf, leuchtet 10-12 Stunden, schalten Sie den Schalter beim Laden auf &#8220;ON&#8221;-Position. Langlebige LED-Leuchtmittel, energieeffizient, 1,2 V Niederspannung. Keine W\u00e4rmeentwicklung. Sicher zu handhaben. Der Edelstahl-Griff am Hals, sodass er \u00fcberall aufgeh\u00e4ngt werden kann.<br \/>\nUmweltfreundlich und energiesparend: Solarbetriebene LED-Lichter, keine Verkabelung, kein Wechselstrom. Speichert Energie vor Sonnenstrahlen w\u00e4hrend des Tages und schaltet sich bei Nacht automatisch ein. Solarpanel in voller Gr\u00f6\u00dfe auf dem Deckel, 100 % hocheffizient, solarbetrieben, keine externe Verkabelung erforderlich, einfach das Glas unter Sonnenlicht legen und sich selbst aufladen lassen. Integrierter Lichtsensor schaltet es sich bei Nacht oder dunkler Umgebung ein und schaltet sich am Tag automatisch aus. Wenn es kein genug Sonnenlicht gibt, k\u00f6nnen Sie auch AAA-Batterie als Backup verwenden.<\/p>\n","protected":false},"featured_media":106043,"comment_status":"open","ping_status":"closed","template":"","meta":[],"product_brand":[],"product_cat":[2108,15624],"product_tag":[],"class_list":{"0":"post-106042","1":"product","2":"type-product","3":"status-publish","4":"has-post-thumbnail","6":"product_cat-beleuchtung","7":"product_cat-weihnachtsbeleuchtung","8":"pa_binding-haushaltswaren","9":"pa_brand-yitee","10":"pa_color-8er-pack-mit-30-led-lichtern-glas-und-aufhaenger-im-lieferumfang-enthalten","11":"pa_manufacturer-yitee","12":"pa_model-yttek","14":"first","15":"instock","16":"shipping-taxable","17":"purchasable","18":"product-type-simple","19":"customify-col","20":"product-has-gallery"},"yoast_head":"<!-- This site is optimized with the Yoast SEO plugin v27.4 - https:\/\/yoast.com\/product\/yoast-seo-wordpress\/ -->\n<title>Solar-Lichter f\u00fcr Einmachgl\u00e4ser, 8 St\u00fcck, 30 LEDs, h\u00e4ngende Lichterkette f\u00fcr Au\u00dfenbereich, Terrasse, Garten, Hof und\u2026 - Markt-XXL<\/title>\n<meta name=\"description\" content=\"Markt-XXL Solar-Lichter f\u00fcr Einmachgl\u00e4ser, 8 St\u00fcck, 30 LEDs, h\u00e4ngende Lichterkette f\u00fcr Au\u00dfenbereich, Terrasse, Garten, Hof und\u2026\" \/>\n<meta name=\"robots\" content=\"index, follow, max-snippet:-1, max-image-preview:large, max-video-preview:-1\" \/>\n<link rel=\"canonical\" href=\"https:\/\/marktxxl.de\/markt\/produkt\/solar-lichter-fuer-einmachglaeser-8-stueck-30-leds-haengende-lichterkette-fuer-aussenbereich-terrasse-garten-hof-und-rasendekoration-haenger-und-glaeser-im-lieferumfang-enthalten\/\" \/>\n<meta property=\"og:locale\" content=\"de_DE\" \/>\n<meta property=\"og:type\" content=\"article\" \/>\n<meta property=\"og:title\" content=\"Solar-Lichter f\u00fcr Einmachgl\u00e4ser, 8 St\u00fcck, 30 LEDs, h\u00e4ngende Lichterkette f\u00fcr Au\u00dfenbereich, Terrasse, Garten, Hof und\u2026 - Markt-XXL\" \/>\n<meta property=\"og:description\" content=\"Markt-XXL Solar-Lichter f\u00fcr Einmachgl\u00e4ser, 8 St\u00fcck, 30 LEDs, h\u00e4ngende Lichterkette f\u00fcr Au\u00dfenbereich, Terrasse, Garten, Hof und\u2026\" \/>\n<meta property=\"og:url\" content=\"https:\/\/marktxxl.de\/markt\/produkt\/solar-lichter-fuer-einmachglaeser-8-stueck-30-leds-haengende-lichterkette-fuer-aussenbereich-terrasse-garten-hof-und-rasendekoration-haenger-und-glaeser-im-lieferumfang-enthalten\/\" \/>\n<meta property=\"og:site_name\" content=\"Markt-XXL\" \/>\n<meta property=\"article:modified_time\" content=\"2023-04-09T01:06:22+00:00\" \/>\n<meta property=\"og:image\" content=\"https:\/\/m.media-amazon.com\/images\/I\/51qYcuOKtAL._SL500_.jpg\" \/>\n\t<meta property=\"og:image:width\" content=\"500\" \/>\n\t<meta property=\"og:image:height\" content=\"448\" \/>\n\t<meta property=\"og:image:type\" content=\"image\/jpeg\" \/>\n<meta name=\"twitter:card\" content=\"summary_large_image\" \/>\n<meta name=\"twitter:label1\" content=\"Gesch\u00e4tzte Lesezeit\" \/>\n\t<meta name=\"twitter:data1\" content=\"2\u00a0Minuten\" \/>\n<script type=\"application\/ld+json\" class=\"yoast-schema-graph\">{\"@context\":\"https:\\\/\\\/schema.org\",\"@graph\":[{\"@type\":\"WebPage\",\"@id\":\"https:\\\/\\\/marktxxl.de\\\/markt\\\/produkt\\\/solar-lichter-fuer-einmachglaeser-8-stueck-30-leds-haengende-lichterkette-fuer-aussenbereich-terrasse-garten-hof-und-rasendekoration-haenger-und-glaeser-im-lieferumfang-enthalten\\\/\",\"url\":\"https:\\\/\\\/marktxxl.de\\\/markt\\\/produkt\\\/solar-lichter-fuer-einmachglaeser-8-stueck-30-leds-haengende-lichterkette-fuer-aussenbereich-terrasse-garten-hof-und-rasendekoration-haenger-und-glaeser-im-lieferumfang-enthalten\\\/\",\"name\":\"Solar-Lichter f\u00fcr Einmachgl\u00e4ser, 8 St\u00fcck, 30 LEDs, h\u00e4ngende Lichterkette f\u00fcr Au\u00dfenbereich, Terrasse, Garten, Hof und\u2026 - Markt-XXL\",\"isPartOf\":{\"@id\":\"https:\\\/\\\/marktxxl.de\\\/markt\\\/#website\"},\"primaryImageOfPage\":{\"@id\":\"https:\\\/\\\/marktxxl.de\\\/markt\\\/produkt\\\/solar-lichter-fuer-einmachglaeser-8-stueck-30-leds-haengende-lichterkette-fuer-aussenbereich-terrasse-garten-hof-und-rasendekoration-haenger-und-glaeser-im-lieferumfang-enthalten\\\/#primaryimage\"},\"image\":{\"@id\":\"https:\\\/\\\/marktxxl.de\\\/markt\\\/produkt\\\/solar-lichter-fuer-einmachglaeser-8-stueck-30-leds-haengende-lichterkette-fuer-aussenbereich-terrasse-garten-hof-und-rasendekoration-haenger-und-glaeser-im-lieferumfang-enthalten\\\/#primaryimage\"},\"thumbnailUrl\":\"https:\\\/\\\/m.media-amazon.com\\\/images\\\/I\\\/51qYcuOKtAL._SL500_.jpg\",\"datePublished\":\"2022-02-26T13:39:31+00:00\",\"dateModified\":\"2023-04-09T01:06:22+00:00\",\"description\":\"Markt-XXL Solar-Lichter f\u00fcr Einmachgl\u00e4ser, 8 St\u00fcck, 30 LEDs, h\u00e4ngende Lichterkette f\u00fcr Au\u00dfenbereich, Terrasse, Garten, Hof und\u2026\",\"breadcrumb\":{\"@id\":\"https:\\\/\\\/marktxxl.de\\\/markt\\\/produkt\\\/solar-lichter-fuer-einmachglaeser-8-stueck-30-leds-haengende-lichterkette-fuer-aussenbereich-terrasse-garten-hof-und-rasendekoration-haenger-und-glaeser-im-lieferumfang-enthalten\\\/#breadcrumb\"},\"inLanguage\":\"de\",\"potentialAction\":[{\"@type\":\"ReadAction\",\"target\":[\"https:\\\/\\\/marktxxl.de\\\/markt\\\/produkt\\\/solar-lichter-fuer-einmachglaeser-8-stueck-30-leds-haengende-lichterkette-fuer-aussenbereich-terrasse-garten-hof-und-rasendekoration-haenger-und-glaeser-im-lieferumfang-enthalten\\\/\"]}]},{\"@type\":\"ImageObject\",\"inLanguage\":\"de\",\"@id\":\"https:\\\/\\\/marktxxl.de\\\/markt\\\/produkt\\\/solar-lichter-fuer-einmachglaeser-8-stueck-30-leds-haengende-lichterkette-fuer-aussenbereich-terrasse-garten-hof-und-rasendekoration-haenger-und-glaeser-im-lieferumfang-enthalten\\\/#primaryimage\",\"url\":\"https:\\\/\\\/m.media-amazon.com\\\/images\\\/I\\\/51qYcuOKtAL._SL500_.jpg\",\"contentUrl\":\"https:\\\/\\\/m.media-amazon.com\\\/images\\\/I\\\/51qYcuOKtAL._SL500_.jpg\",\"width\":500,\"height\":448},{\"@type\":\"BreadcrumbList\",\"@id\":\"https:\\\/\\\/marktxxl.de\\\/markt\\\/produkt\\\/solar-lichter-fuer-einmachglaeser-8-stueck-30-leds-haengende-lichterkette-fuer-aussenbereich-terrasse-garten-hof-und-rasendekoration-haenger-und-glaeser-im-lieferumfang-enthalten\\\/#breadcrumb\",\"itemListElement\":[{\"@type\":\"ListItem\",\"position\":1,\"name\":\"Startseite\",\"item\":\"https:\\\/\\\/marktxxl.de\\\/markt\\\/\"},{\"@type\":\"ListItem\",\"position\":2,\"name\":\"Markt\",\"item\":\"https:\\\/\\\/marktxxl.de\\\/markt\\\/\"},{\"@type\":\"ListItem\",\"position\":3,\"name\":\"Solar-Lichter f\u00fcr Einmachgl\u00e4ser, 8 St\u00fcck, 30 LEDs, h\u00e4ngende Lichterkette f\u00fcr Au\u00dfenbereich, Terrasse, Garten, Hof und\u2026\"}]},{\"@type\":\"WebSite\",\"@id\":\"https:\\\/\\\/marktxxl.de\\\/markt\\\/#website\",\"url\":\"https:\\\/\\\/marktxxl.de\\\/markt\\\/\",\"name\":\"Markt-XXL\",\"description\":\"Ihr Markt Online\",\"publisher\":{\"@id\":\"https:\\\/\\\/marktxxl.de\\\/markt\\\/#organization\"},\"potentialAction\":[{\"@type\":\"SearchAction\",\"target\":{\"@type\":\"EntryPoint\",\"urlTemplate\":\"https:\\\/\\\/marktxxl.de\\\/markt\\\/?s={search_term_string}\"},\"query-input\":{\"@type\":\"PropertyValueSpecification\",\"valueRequired\":true,\"valueName\":\"search_term_string\"}}],\"inLanguage\":\"de\"},{\"@type\":\"Organization\",\"@id\":\"https:\\\/\\\/marktxxl.de\\\/markt\\\/#organization\",\"name\":\"Markt-XXL\",\"url\":\"https:\\\/\\\/marktxxl.de\\\/markt\\\/\",\"logo\":{\"@type\":\"ImageObject\",\"inLanguage\":\"de\",\"@id\":\"https:\\\/\\\/marktxxl.de\\\/markt\\\/#\\\/schema\\\/logo\\\/image\\\/\",\"url\":\"https:\\\/\\\/marktxxl.de\\\/markt\\\/wp-content\\\/uploads\\\/sites\\\/3\\\/2020\\\/12\\\/logo.png\",\"contentUrl\":\"https:\\\/\\\/marktxxl.de\\\/markt\\\/wp-content\\\/uploads\\\/sites\\\/3\\\/2020\\\/12\\\/logo.png\",\"width\":200,\"height\":70,\"caption\":\"Markt-XXL\"},\"image\":{\"@id\":\"https:\\\/\\\/marktxxl.de\\\/markt\\\/#\\\/schema\\\/logo\\\/image\\\/\"}}]}<\/script>\n<!-- \/ Yoast SEO plugin. -->","yoast_head_json":{"title":"Solar-Lichter f\u00fcr Einmachgl\u00e4ser, 8 St\u00fcck, 30 LEDs, h\u00e4ngende Lichterkette f\u00fcr Au\u00dfenbereich, Terrasse, Garten, Hof und\u2026 - Markt-XXL","description":"Markt-XXL Solar-Lichter f\u00fcr Einmachgl\u00e4ser, 8 St\u00fcck, 30 LEDs, h\u00e4ngende Lichterkette f\u00fcr Au\u00dfenbereich, Terrasse, Garten, Hof und\u2026","robots":{"index":"index","follow":"follow","max-snippet":"max-snippet:-1","max-image-preview":"max-image-preview:large","max-video-preview":"max-video-preview:-1"},"canonical":"https:\/\/marktxxl.de\/markt\/produkt\/solar-lichter-fuer-einmachglaeser-8-stueck-30-leds-haengende-lichterkette-fuer-aussenbereich-terrasse-garten-hof-und-rasendekoration-haenger-und-glaeser-im-lieferumfang-enthalten\/","og_locale":"de_DE","og_type":"article","og_title":"Solar-Lichter f\u00fcr Einmachgl\u00e4ser, 8 St\u00fcck, 30 LEDs, h\u00e4ngende Lichterkette f\u00fcr Au\u00dfenbereich, Terrasse, Garten, Hof und\u2026 - Markt-XXL","og_description":"Markt-XXL Solar-Lichter f\u00fcr Einmachgl\u00e4ser, 8 St\u00fcck, 30 LEDs, h\u00e4ngende Lichterkette f\u00fcr Au\u00dfenbereich, Terrasse, Garten, Hof und\u2026","og_url":"https:\/\/marktxxl.de\/markt\/produkt\/solar-lichter-fuer-einmachglaeser-8-stueck-30-leds-haengende-lichterkette-fuer-aussenbereich-terrasse-garten-hof-und-rasendekoration-haenger-und-glaeser-im-lieferumfang-enthalten\/","og_site_name":"Markt-XXL","article_modified_time":"2023-04-09T01:06:22+00:00","og_image":[{"width":500,"height":448,"url":"https:\/\/m.media-amazon.com\/images\/I\/51qYcuOKtAL._SL500_.jpg","type":"image\/jpeg"}],"twitter_card":"summary_large_image","twitter_misc":{"Gesch\u00e4tzte Lesezeit":"2\u00a0Minuten"},"schema":{"@context":"https:\/\/schema.org","@graph":[{"@type":"WebPage","@id":"https:\/\/marktxxl.de\/markt\/produkt\/solar-lichter-fuer-einmachglaeser-8-stueck-30-leds-haengende-lichterkette-fuer-aussenbereich-terrasse-garten-hof-und-rasendekoration-haenger-und-glaeser-im-lieferumfang-enthalten\/","url":"https:\/\/marktxxl.de\/markt\/produkt\/solar-lichter-fuer-einmachglaeser-8-stueck-30-leds-haengende-lichterkette-fuer-aussenbereich-terrasse-garten-hof-und-rasendekoration-haenger-und-glaeser-im-lieferumfang-enthalten\/","name":"Solar-Lichter f\u00fcr Einmachgl\u00e4ser, 8 St\u00fcck, 30 LEDs, h\u00e4ngende Lichterkette f\u00fcr Au\u00dfenbereich, Terrasse, Garten, Hof und\u2026 - Markt-XXL","isPartOf":{"@id":"https:\/\/marktxxl.de\/markt\/#website"},"primaryImageOfPage":{"@id":"https:\/\/marktxxl.de\/markt\/produkt\/solar-lichter-fuer-einmachglaeser-8-stueck-30-leds-haengende-lichterkette-fuer-aussenbereich-terrasse-garten-hof-und-rasendekoration-haenger-und-glaeser-im-lieferumfang-enthalten\/#primaryimage"},"image":{"@id":"https:\/\/marktxxl.de\/markt\/produkt\/solar-lichter-fuer-einmachglaeser-8-stueck-30-leds-haengende-lichterkette-fuer-aussenbereich-terrasse-garten-hof-und-rasendekoration-haenger-und-glaeser-im-lieferumfang-enthalten\/#primaryimage"},"thumbnailUrl":"https:\/\/m.media-amazon.com\/images\/I\/51qYcuOKtAL._SL500_.jpg","datePublished":"2022-02-26T13:39:31+00:00","dateModified":"2023-04-09T01:06:22+00:00","description":"Markt-XXL Solar-Lichter f\u00fcr Einmachgl\u00e4ser, 8 St\u00fcck, 30 LEDs, h\u00e4ngende Lichterkette f\u00fcr Au\u00dfenbereich, Terrasse, Garten, Hof und\u2026","breadcrumb":{"@id":"https:\/\/marktxxl.de\/markt\/produkt\/solar-lichter-fuer-einmachglaeser-8-stueck-30-leds-haengende-lichterkette-fuer-aussenbereich-terrasse-garten-hof-und-rasendekoration-haenger-und-glaeser-im-lieferumfang-enthalten\/#breadcrumb"},"inLanguage":"de","potentialAction":[{"@type":"ReadAction","target":["https:\/\/marktxxl.de\/markt\/produkt\/solar-lichter-fuer-einmachglaeser-8-stueck-30-leds-haengende-lichterkette-fuer-aussenbereich-terrasse-garten-hof-und-rasendekoration-haenger-und-glaeser-im-lieferumfang-enthalten\/"]}]},{"@type":"ImageObject","inLanguage":"de","@id":"https:\/\/marktxxl.de\/markt\/produkt\/solar-lichter-fuer-einmachglaeser-8-stueck-30-leds-haengende-lichterkette-fuer-aussenbereich-terrasse-garten-hof-und-rasendekoration-haenger-und-glaeser-im-lieferumfang-enthalten\/#primaryimage","url":"https:\/\/m.media-amazon.com\/images\/I\/51qYcuOKtAL._SL500_.jpg","contentUrl":"https:\/\/m.media-amazon.com\/images\/I\/51qYcuOKtAL._SL500_.jpg","width":500,"height":448},{"@type":"BreadcrumbList","@id":"https:\/\/marktxxl.de\/markt\/produkt\/solar-lichter-fuer-einmachglaeser-8-stueck-30-leds-haengende-lichterkette-fuer-aussenbereich-terrasse-garten-hof-und-rasendekoration-haenger-und-glaeser-im-lieferumfang-enthalten\/#breadcrumb","itemListElement":[{"@type":"ListItem","position":1,"name":"Startseite","item":"https:\/\/marktxxl.de\/markt\/"},{"@type":"ListItem","position":2,"name":"Markt","item":"https:\/\/marktxxl.de\/markt\/"},{"@type":"ListItem","position":3,"name":"Solar-Lichter f\u00fcr Einmachgl\u00e4ser, 8 St\u00fcck, 30 LEDs, h\u00e4ngende Lichterkette f\u00fcr Au\u00dfenbereich, Terrasse, Garten, Hof und\u2026"}]},{"@type":"WebSite","@id":"https:\/\/marktxxl.de\/markt\/#website","url":"https:\/\/marktxxl.de\/markt\/","name":"Markt-XXL","description":"Ihr Markt Online","publisher":{"@id":"https:\/\/marktxxl.de\/markt\/#organization"},"potentialAction":[{"@type":"SearchAction","target":{"@type":"EntryPoint","urlTemplate":"https:\/\/marktxxl.de\/markt\/?s={search_term_string}"},"query-input":{"@type":"PropertyValueSpecification","valueRequired":true,"valueName":"search_term_string"}}],"inLanguage":"de"},{"@type":"Organization","@id":"https:\/\/marktxxl.de\/markt\/#organization","name":"Markt-XXL","url":"https:\/\/marktxxl.de\/markt\/","logo":{"@type":"ImageObject","inLanguage":"de","@id":"https:\/\/marktxxl.de\/markt\/#\/schema\/logo\/image\/","url":"https:\/\/marktxxl.de\/markt\/wp-content\/uploads\/sites\/3\/2020\/12\/logo.png","contentUrl":"https:\/\/marktxxl.de\/markt\/wp-content\/uploads\/sites\/3\/2020\/12\/logo.png","width":200,"height":70,"caption":"Markt-XXL"},"image":{"@id":"https:\/\/marktxxl.de\/markt\/#\/schema\/logo\/image\/"}}]}},"_links":{"self":[{"href":"https:\/\/marktxxl.de\/markt\/wp-json\/wp\/v2\/product\/106042","targetHints":{"allow":["GET"]}}],"collection":[{"href":"https:\/\/marktxxl.de\/markt\/wp-json\/wp\/v2\/product"}],"about":[{"href":"https:\/\/marktxxl.de\/markt\/wp-json\/wp\/v2\/types\/product"}],"replies":[{"embeddable":true,"href":"https:\/\/marktxxl.de\/markt\/wp-json\/wp\/v2\/comments?post=106042"}],"wp:featuredmedia":[{"embeddable":true,"href":"https:\/\/marktxxl.de\/markt\/wp-json\/wp\/v2\/media\/106043"}],"wp:attachment":[{"href":"https:\/\/marktxxl.de\/markt\/wp-json\/wp\/v2\/media?parent=106042"}],"wp:term":[{"taxonomy":"product_brand","embeddable":true,"href":"https:\/\/marktxxl.de\/markt\/wp-json\/wp\/v2\/product_brand?post=106042"},{"taxonomy":"product_cat","embeddable":true,"href":"https:\/\/marktxxl.de\/markt\/wp-json\/wp\/v2\/product_cat?post=106042"},{"taxonomy":"product_tag","embeddable":true,"href":"https:\/\/marktxxl.de\/markt\/wp-json\/wp\/v2\/product_tag?post=106042"}],"curies":[{"name":"wp","href":"https:\/\/api.w.org\/{rel}","templated":true}]}}