{"id":104846,"date":"2022-02-26T12:25:42","date_gmt":"2022-02-26T11:25:42","guid":{"rendered":"https:\/\/marktxxl.de\/markt\/produkt\/little-deco-wandtattoo-babyzimmer-elefant-und-hase-mit-mond-und-sternen-i-163-x-95-cm-bxh-i-kinderbilder-deko-kinderzimmer-maedchen-aufkleber-junge-sticker-dl463\/"},"modified":"2023-04-10T03:29:37","modified_gmt":"2023-04-10T01:29:37","slug":"little-deco-wandtattoo-babyzimmer-elefant-und-hase-mit-mond-und-sternen-i-163-x-95-cm-bxh-i-kinderbilder-deko-kinderzimmer-maedchen-aufkleber-junge-sticker-dl463","status":"publish","type":"product","link":"https:\/\/marktxxl.de\/markt\/produkt\/little-deco-wandtattoo-babyzimmer-elefant-und-hase-mit-mond-und-sternen-i-163-x-95-cm-bxh-i-kinderbilder-deko-kinderzimmer-maedchen-aufkleber-junge-sticker-dl463\/","title":{"rendered":"Little Deco Wandtattoo Babyzimmer Elefant und Hase mit Mond und Sternen I 163 x 95 cm (BxH) I Kinderbilder Deko\u2026"},"content":{"rendered":"<p>\ud83d\udc9a LIEFERUMFANG- Ein Wandtattoo Kinderzimmer in der angegebenen Gr\u00f6\u00dfe. Zum stressfreien Anbringen liefern wir einen KOSTENLOSEN Rakel, eine Klebeanleitung sowie einen Probeaufkleber.<br \/>\n\ud83d\udc9a EINZIGARTIG &#8211; Die trendigen und modernen Kinderzimmer Wandaufkleber schaffen eine liebevolle Umgebung f\u00fcr dein Kind zum spielen und lernen. Durch die individuelle Anbringung wird jede Wand zum Unikat so einzigartig wie dein Kind.<br \/>\n\ud83d\udc9a Das Ansichtsbild entspricht 163 x 95 cm. Dieses Ma\u00df \u00e4ndert sich je nach Anordnung der Elemente. Geliefert wird das Motiv auf einem Bogen in der Gr\u00f6\u00dfe 40 x 100 cm.<br \/>\n\ud83d\udc9a PREMIUM QUALIT\u00c4T- MADE IN GERMANY- Unsere konturgeschnittenen Kinder Aufkleber sind chlor- und weichmacherfrei sowie geruchlos. Daher bestens geignet f\u00fcr Kinderzimmer, Babyzimmer, Spielzimmer, Klassenr\u00e4ume und Kindergarten.<br \/>\n\ud83d\udc9a SUPER GESCHENKIDEE- Egal ob M\u00e4dchen oder Junge, zur Babyparty, Geburt oder Kindergeburtstag, die Deko Aufkleber sind immer ein tolles Geschenk.<br \/>\n<div class=\"main-cross-sell\" data-asin=\"B08B113BYN\">\n\n\t<div class=\"WooZone-cross-sell-loader\">\n\t\t<div>\n\t\t\t<div id=\"floatingBarsG\">\n\t\t\t\t<div class=\"blockG\" id=\"rotateG_01\"><\/div>\n\t\t\t\t<div class=\"blockG\" id=\"rotateG_02\"><\/div>\n\t\t\t\t<div class=\"blockG\" id=\"rotateG_03\"><\/div>\n\t\t\t\t<div class=\"blockG\" id=\"rotateG_04\"><\/div>\n\t\t\t\t<div class=\"blockG\" id=\"rotateG_05\"><\/div>\n\t\t\t\t<div class=\"blockG\" id=\"rotateG_06\"><\/div>\n\t\t\t\t<div class=\"blockG\" id=\"rotateG_07\"><\/div>\n\t\t\t\t<div class=\"blockG\" id=\"rotateG_08\"><\/div>\n\t\t\t<\/div>\n\t\t\t<div class=\"WooZone-cross-sell-loader-text\"><\/div>\n\t\t<\/div>\n\t<\/div>\n\n\t\t\n<\/div>\n<div style=\"clear:both;\"><\/div><\/p>\n","protected":false},"excerpt":{"rendered":"<p>\ud83d\udc9a LIEFERUMFANG- Ein Wandtattoo Kinderzimmer in der angegebenen Gr\u00f6\u00dfe. Zum stressfreien Anbringen liefern wir einen KOSTENLOSEN Rakel, eine Klebeanleitung sowie einen Probeaufkleber.<br \/>\n\ud83d\udc9a EINZIGARTIG &#8211; Die trendigen und modernen Kinderzimmer Wandaufkleber schaffen eine liebevolle Umgebung f\u00fcr dein Kind zum spielen und lernen. Durch die individuelle Anbringung wird jede Wand zum Unikat so einzigartig wie dein Kind.<br \/>\n\ud83d\udc9a Das Ansichtsbild entspricht 163 x 95 cm. Dieses Ma\u00df \u00e4ndert sich je nach Anordnung der Elemente. Geliefert wird das Motiv auf einem Bogen in der Gr\u00f6\u00dfe 40 x 100 cm.<\/p>\n","protected":false},"featured_media":104847,"comment_status":"open","ping_status":"closed","template":"","meta":[],"product_brand":[],"product_cat":[21,8825],"product_tag":[],"class_list":{"0":"post-104846","1":"product","2":"type-product","3":"status-publish","4":"has-post-thumbnail","6":"product_cat-baby","7":"product_cat-baby-kleinkinderzimmer-baby","8":"pa_brand-little-deco","9":"pa_manufacturer-little-deco","11":"first","12":"instock","13":"shipping-taxable","14":"purchasable","15":"product-type-simple","16":"customify-col","17":"product-has-gallery"},"yoast_head":"<!-- This site is optimized with the Yoast SEO plugin v27.4 - https:\/\/yoast.com\/product\/yoast-seo-wordpress\/ -->\n<title>Little Deco Wandtattoo Babyzimmer Elefant und Hase mit Mond und Sternen I 163 x 95 cm (BxH) I Kinderbilder Deko\u2026 - Markt-XXL<\/title>\n<meta name=\"description\" content=\"Markt-XXL Little Deco Wandtattoo Babyzimmer Elefant und Hase mit Mond und Sternen I 163 x 95 cm (BxH) I Kinderbilder Deko\u2026\" \/>\n<meta name=\"robots\" content=\"index, follow, max-snippet:-1, max-image-preview:large, max-video-preview:-1\" \/>\n<link rel=\"canonical\" href=\"https:\/\/marktxxl.de\/markt\/produkt\/little-deco-wandtattoo-babyzimmer-elefant-und-hase-mit-mond-und-sternen-i-163-x-95-cm-bxh-i-kinderbilder-deko-kinderzimmer-maedchen-aufkleber-junge-sticker-dl463\/\" \/>\n<meta property=\"og:locale\" content=\"de_DE\" \/>\n<meta property=\"og:type\" content=\"article\" \/>\n<meta property=\"og:title\" content=\"Little Deco Wandtattoo Babyzimmer Elefant und Hase mit Mond und Sternen I 163 x 95 cm (BxH) I Kinderbilder Deko\u2026 - Markt-XXL\" \/>\n<meta property=\"og:description\" content=\"Markt-XXL Little Deco Wandtattoo Babyzimmer Elefant und Hase mit Mond und Sternen I 163 x 95 cm (BxH) I Kinderbilder Deko\u2026\" \/>\n<meta property=\"og:url\" content=\"https:\/\/marktxxl.de\/markt\/produkt\/little-deco-wandtattoo-babyzimmer-elefant-und-hase-mit-mond-und-sternen-i-163-x-95-cm-bxh-i-kinderbilder-deko-kinderzimmer-maedchen-aufkleber-junge-sticker-dl463\/\" \/>\n<meta property=\"og:site_name\" content=\"Markt-XXL\" \/>\n<meta property=\"article:modified_time\" content=\"2023-04-10T01:29:37+00:00\" \/>\n<meta property=\"og:image\" content=\"https:\/\/m.media-amazon.com\/images\/I\/41jfagiXwaL._SL500_.jpg\" \/>\n\t<meta property=\"og:image:width\" content=\"500\" \/>\n\t<meta property=\"og:image:height\" content=\"500\" \/>\n\t<meta property=\"og:image:type\" content=\"image\/jpeg\" \/>\n<meta name=\"twitter:card\" content=\"summary_large_image\" \/>\n<meta name=\"twitter:label1\" content=\"Gesch\u00e4tzte Lesezeit\" \/>\n\t<meta name=\"twitter:data1\" content=\"1\u00a0Minute\" \/>\n<script type=\"application\/ld+json\" class=\"yoast-schema-graph\">{\"@context\":\"https:\\\/\\\/schema.org\",\"@graph\":[{\"@type\":\"WebPage\",\"@id\":\"https:\\\/\\\/marktxxl.de\\\/markt\\\/produkt\\\/little-deco-wandtattoo-babyzimmer-elefant-und-hase-mit-mond-und-sternen-i-163-x-95-cm-bxh-i-kinderbilder-deko-kinderzimmer-maedchen-aufkleber-junge-sticker-dl463\\\/\",\"url\":\"https:\\\/\\\/marktxxl.de\\\/markt\\\/produkt\\\/little-deco-wandtattoo-babyzimmer-elefant-und-hase-mit-mond-und-sternen-i-163-x-95-cm-bxh-i-kinderbilder-deko-kinderzimmer-maedchen-aufkleber-junge-sticker-dl463\\\/\",\"name\":\"Little Deco Wandtattoo Babyzimmer Elefant und Hase mit Mond und Sternen I 163 x 95 cm (BxH) I Kinderbilder Deko\u2026 - Markt-XXL\",\"isPartOf\":{\"@id\":\"https:\\\/\\\/marktxxl.de\\\/markt\\\/#website\"},\"primaryImageOfPage\":{\"@id\":\"https:\\\/\\\/marktxxl.de\\\/markt\\\/produkt\\\/little-deco-wandtattoo-babyzimmer-elefant-und-hase-mit-mond-und-sternen-i-163-x-95-cm-bxh-i-kinderbilder-deko-kinderzimmer-maedchen-aufkleber-junge-sticker-dl463\\\/#primaryimage\"},\"image\":{\"@id\":\"https:\\\/\\\/marktxxl.de\\\/markt\\\/produkt\\\/little-deco-wandtattoo-babyzimmer-elefant-und-hase-mit-mond-und-sternen-i-163-x-95-cm-bxh-i-kinderbilder-deko-kinderzimmer-maedchen-aufkleber-junge-sticker-dl463\\\/#primaryimage\"},\"thumbnailUrl\":\"https:\\\/\\\/m.media-amazon.com\\\/images\\\/I\\\/41jfagiXwaL._SL500_.jpg\",\"datePublished\":\"2022-02-26T11:25:42+00:00\",\"dateModified\":\"2023-04-10T01:29:37+00:00\",\"description\":\"Markt-XXL Little Deco Wandtattoo Babyzimmer Elefant und Hase mit Mond und Sternen I 163 x 95 cm (BxH) I Kinderbilder Deko\u2026\",\"breadcrumb\":{\"@id\":\"https:\\\/\\\/marktxxl.de\\\/markt\\\/produkt\\\/little-deco-wandtattoo-babyzimmer-elefant-und-hase-mit-mond-und-sternen-i-163-x-95-cm-bxh-i-kinderbilder-deko-kinderzimmer-maedchen-aufkleber-junge-sticker-dl463\\\/#breadcrumb\"},\"inLanguage\":\"de\",\"potentialAction\":[{\"@type\":\"ReadAction\",\"target\":[\"https:\\\/\\\/marktxxl.de\\\/markt\\\/produkt\\\/little-deco-wandtattoo-babyzimmer-elefant-und-hase-mit-mond-und-sternen-i-163-x-95-cm-bxh-i-kinderbilder-deko-kinderzimmer-maedchen-aufkleber-junge-sticker-dl463\\\/\"]}]},{\"@type\":\"ImageObject\",\"inLanguage\":\"de\",\"@id\":\"https:\\\/\\\/marktxxl.de\\\/markt\\\/produkt\\\/little-deco-wandtattoo-babyzimmer-elefant-und-hase-mit-mond-und-sternen-i-163-x-95-cm-bxh-i-kinderbilder-deko-kinderzimmer-maedchen-aufkleber-junge-sticker-dl463\\\/#primaryimage\",\"url\":\"https:\\\/\\\/m.media-amazon.com\\\/images\\\/I\\\/41jfagiXwaL._SL500_.jpg\",\"contentUrl\":\"https:\\\/\\\/m.media-amazon.com\\\/images\\\/I\\\/41jfagiXwaL._SL500_.jpg\",\"width\":500,\"height\":500},{\"@type\":\"BreadcrumbList\",\"@id\":\"https:\\\/\\\/marktxxl.de\\\/markt\\\/produkt\\\/little-deco-wandtattoo-babyzimmer-elefant-und-hase-mit-mond-und-sternen-i-163-x-95-cm-bxh-i-kinderbilder-deko-kinderzimmer-maedchen-aufkleber-junge-sticker-dl463\\\/#breadcrumb\",\"itemListElement\":[{\"@type\":\"ListItem\",\"position\":1,\"name\":\"Startseite\",\"item\":\"https:\\\/\\\/marktxxl.de\\\/markt\\\/\"},{\"@type\":\"ListItem\",\"position\":2,\"name\":\"Markt\",\"item\":\"https:\\\/\\\/marktxxl.de\\\/markt\\\/\"},{\"@type\":\"ListItem\",\"position\":3,\"name\":\"Little Deco Wandtattoo Babyzimmer Elefant und Hase mit Mond und Sternen I 163 x 95 cm (BxH) I Kinderbilder Deko\u2026\"}]},{\"@type\":\"WebSite\",\"@id\":\"https:\\\/\\\/marktxxl.de\\\/markt\\\/#website\",\"url\":\"https:\\\/\\\/marktxxl.de\\\/markt\\\/\",\"name\":\"Markt-XXL\",\"description\":\"Ihr Markt Online\",\"publisher\":{\"@id\":\"https:\\\/\\\/marktxxl.de\\\/markt\\\/#organization\"},\"potentialAction\":[{\"@type\":\"SearchAction\",\"target\":{\"@type\":\"EntryPoint\",\"urlTemplate\":\"https:\\\/\\\/marktxxl.de\\\/markt\\\/?s={search_term_string}\"},\"query-input\":{\"@type\":\"PropertyValueSpecification\",\"valueRequired\":true,\"valueName\":\"search_term_string\"}}],\"inLanguage\":\"de\"},{\"@type\":\"Organization\",\"@id\":\"https:\\\/\\\/marktxxl.de\\\/markt\\\/#organization\",\"name\":\"Markt-XXL\",\"url\":\"https:\\\/\\\/marktxxl.de\\\/markt\\\/\",\"logo\":{\"@type\":\"ImageObject\",\"inLanguage\":\"de\",\"@id\":\"https:\\\/\\\/marktxxl.de\\\/markt\\\/#\\\/schema\\\/logo\\\/image\\\/\",\"url\":\"https:\\\/\\\/marktxxl.de\\\/markt\\\/wp-content\\\/uploads\\\/sites\\\/3\\\/2020\\\/12\\\/logo.png\",\"contentUrl\":\"https:\\\/\\\/marktxxl.de\\\/markt\\\/wp-content\\\/uploads\\\/sites\\\/3\\\/2020\\\/12\\\/logo.png\",\"width\":200,\"height\":70,\"caption\":\"Markt-XXL\"},\"image\":{\"@id\":\"https:\\\/\\\/marktxxl.de\\\/markt\\\/#\\\/schema\\\/logo\\\/image\\\/\"}}]}<\/script>\n<!-- \/ Yoast SEO plugin. -->","yoast_head_json":{"title":"Little Deco Wandtattoo Babyzimmer Elefant und Hase mit Mond und Sternen I 163 x 95 cm (BxH) I Kinderbilder Deko\u2026 - Markt-XXL","description":"Markt-XXL Little Deco Wandtattoo Babyzimmer Elefant und Hase mit Mond und Sternen I 163 x 95 cm (BxH) I Kinderbilder Deko\u2026","robots":{"index":"index","follow":"follow","max-snippet":"max-snippet:-1","max-image-preview":"max-image-preview:large","max-video-preview":"max-video-preview:-1"},"canonical":"https:\/\/marktxxl.de\/markt\/produkt\/little-deco-wandtattoo-babyzimmer-elefant-und-hase-mit-mond-und-sternen-i-163-x-95-cm-bxh-i-kinderbilder-deko-kinderzimmer-maedchen-aufkleber-junge-sticker-dl463\/","og_locale":"de_DE","og_type":"article","og_title":"Little Deco Wandtattoo Babyzimmer Elefant und Hase mit Mond und Sternen I 163 x 95 cm (BxH) I Kinderbilder Deko\u2026 - Markt-XXL","og_description":"Markt-XXL Little Deco Wandtattoo Babyzimmer Elefant und Hase mit Mond und Sternen I 163 x 95 cm (BxH) I Kinderbilder Deko\u2026","og_url":"https:\/\/marktxxl.de\/markt\/produkt\/little-deco-wandtattoo-babyzimmer-elefant-und-hase-mit-mond-und-sternen-i-163-x-95-cm-bxh-i-kinderbilder-deko-kinderzimmer-maedchen-aufkleber-junge-sticker-dl463\/","og_site_name":"Markt-XXL","article_modified_time":"2023-04-10T01:29:37+00:00","og_image":[{"width":500,"height":500,"url":"https:\/\/m.media-amazon.com\/images\/I\/41jfagiXwaL._SL500_.jpg","type":"image\/jpeg"}],"twitter_card":"summary_large_image","twitter_misc":{"Gesch\u00e4tzte Lesezeit":"1\u00a0Minute"},"schema":{"@context":"https:\/\/schema.org","@graph":[{"@type":"WebPage","@id":"https:\/\/marktxxl.de\/markt\/produkt\/little-deco-wandtattoo-babyzimmer-elefant-und-hase-mit-mond-und-sternen-i-163-x-95-cm-bxh-i-kinderbilder-deko-kinderzimmer-maedchen-aufkleber-junge-sticker-dl463\/","url":"https:\/\/marktxxl.de\/markt\/produkt\/little-deco-wandtattoo-babyzimmer-elefant-und-hase-mit-mond-und-sternen-i-163-x-95-cm-bxh-i-kinderbilder-deko-kinderzimmer-maedchen-aufkleber-junge-sticker-dl463\/","name":"Little Deco Wandtattoo Babyzimmer Elefant und Hase mit Mond und Sternen I 163 x 95 cm (BxH) I Kinderbilder Deko\u2026 - Markt-XXL","isPartOf":{"@id":"https:\/\/marktxxl.de\/markt\/#website"},"primaryImageOfPage":{"@id":"https:\/\/marktxxl.de\/markt\/produkt\/little-deco-wandtattoo-babyzimmer-elefant-und-hase-mit-mond-und-sternen-i-163-x-95-cm-bxh-i-kinderbilder-deko-kinderzimmer-maedchen-aufkleber-junge-sticker-dl463\/#primaryimage"},"image":{"@id":"https:\/\/marktxxl.de\/markt\/produkt\/little-deco-wandtattoo-babyzimmer-elefant-und-hase-mit-mond-und-sternen-i-163-x-95-cm-bxh-i-kinderbilder-deko-kinderzimmer-maedchen-aufkleber-junge-sticker-dl463\/#primaryimage"},"thumbnailUrl":"https:\/\/m.media-amazon.com\/images\/I\/41jfagiXwaL._SL500_.jpg","datePublished":"2022-02-26T11:25:42+00:00","dateModified":"2023-04-10T01:29:37+00:00","description":"Markt-XXL Little Deco Wandtattoo Babyzimmer Elefant und Hase mit Mond und Sternen I 163 x 95 cm (BxH) I Kinderbilder Deko\u2026","breadcrumb":{"@id":"https:\/\/marktxxl.de\/markt\/produkt\/little-deco-wandtattoo-babyzimmer-elefant-und-hase-mit-mond-und-sternen-i-163-x-95-cm-bxh-i-kinderbilder-deko-kinderzimmer-maedchen-aufkleber-junge-sticker-dl463\/#breadcrumb"},"inLanguage":"de","potentialAction":[{"@type":"ReadAction","target":["https:\/\/marktxxl.de\/markt\/produkt\/little-deco-wandtattoo-babyzimmer-elefant-und-hase-mit-mond-und-sternen-i-163-x-95-cm-bxh-i-kinderbilder-deko-kinderzimmer-maedchen-aufkleber-junge-sticker-dl463\/"]}]},{"@type":"ImageObject","inLanguage":"de","@id":"https:\/\/marktxxl.de\/markt\/produkt\/little-deco-wandtattoo-babyzimmer-elefant-und-hase-mit-mond-und-sternen-i-163-x-95-cm-bxh-i-kinderbilder-deko-kinderzimmer-maedchen-aufkleber-junge-sticker-dl463\/#primaryimage","url":"https:\/\/m.media-amazon.com\/images\/I\/41jfagiXwaL._SL500_.jpg","contentUrl":"https:\/\/m.media-amazon.com\/images\/I\/41jfagiXwaL._SL500_.jpg","width":500,"height":500},{"@type":"BreadcrumbList","@id":"https:\/\/marktxxl.de\/markt\/produkt\/little-deco-wandtattoo-babyzimmer-elefant-und-hase-mit-mond-und-sternen-i-163-x-95-cm-bxh-i-kinderbilder-deko-kinderzimmer-maedchen-aufkleber-junge-sticker-dl463\/#breadcrumb","itemListElement":[{"@type":"ListItem","position":1,"name":"Startseite","item":"https:\/\/marktxxl.de\/markt\/"},{"@type":"ListItem","position":2,"name":"Markt","item":"https:\/\/marktxxl.de\/markt\/"},{"@type":"ListItem","position":3,"name":"Little Deco Wandtattoo Babyzimmer Elefant und Hase mit Mond und Sternen I 163 x 95 cm (BxH) I Kinderbilder Deko\u2026"}]},{"@type":"WebSite","@id":"https:\/\/marktxxl.de\/markt\/#website","url":"https:\/\/marktxxl.de\/markt\/","name":"Markt-XXL","description":"Ihr Markt Online","publisher":{"@id":"https:\/\/marktxxl.de\/markt\/#organization"},"potentialAction":[{"@type":"SearchAction","target":{"@type":"EntryPoint","urlTemplate":"https:\/\/marktxxl.de\/markt\/?s={search_term_string}"},"query-input":{"@type":"PropertyValueSpecification","valueRequired":true,"valueName":"search_term_string"}}],"inLanguage":"de"},{"@type":"Organization","@id":"https:\/\/marktxxl.de\/markt\/#organization","name":"Markt-XXL","url":"https:\/\/marktxxl.de\/markt\/","logo":{"@type":"ImageObject","inLanguage":"de","@id":"https:\/\/marktxxl.de\/markt\/#\/schema\/logo\/image\/","url":"https:\/\/marktxxl.de\/markt\/wp-content\/uploads\/sites\/3\/2020\/12\/logo.png","contentUrl":"https:\/\/marktxxl.de\/markt\/wp-content\/uploads\/sites\/3\/2020\/12\/logo.png","width":200,"height":70,"caption":"Markt-XXL"},"image":{"@id":"https:\/\/marktxxl.de\/markt\/#\/schema\/logo\/image\/"}}]}},"_links":{"self":[{"href":"https:\/\/marktxxl.de\/markt\/wp-json\/wp\/v2\/product\/104846","targetHints":{"allow":["GET"]}}],"collection":[{"href":"https:\/\/marktxxl.de\/markt\/wp-json\/wp\/v2\/product"}],"about":[{"href":"https:\/\/marktxxl.de\/markt\/wp-json\/wp\/v2\/types\/product"}],"replies":[{"embeddable":true,"href":"https:\/\/marktxxl.de\/markt\/wp-json\/wp\/v2\/comments?post=104846"}],"wp:featuredmedia":[{"embeddable":true,"href":"https:\/\/marktxxl.de\/markt\/wp-json\/wp\/v2\/media\/104847"}],"wp:attachment":[{"href":"https:\/\/marktxxl.de\/markt\/wp-json\/wp\/v2\/media?parent=104846"}],"wp:term":[{"taxonomy":"product_brand","embeddable":true,"href":"https:\/\/marktxxl.de\/markt\/wp-json\/wp\/v2\/product_brand?post=104846"},{"taxonomy":"product_cat","embeddable":true,"href":"https:\/\/marktxxl.de\/markt\/wp-json\/wp\/v2\/product_cat?post=104846"},{"taxonomy":"product_tag","embeddable":true,"href":"https:\/\/marktxxl.de\/markt\/wp-json\/wp\/v2\/product_tag?post=104846"}],"curies":[{"name":"wp","href":"https:\/\/api.w.org\/{rel}","templated":true}]}}