{"id":102360,"date":"2022-01-27T19:00:45","date_gmt":"2022-01-27T18:00:45","guid":{"rendered":"https:\/\/marktxxl.de\/markt\/produkt\/well-b4-dermatest-sehr-gut-care-baumwollhandschuhe-schutzhandschuhe-aus-100-baumwolle-weiche-trikothandschuhe-3-paar-weiss\/"},"modified":"2023-04-11T03:26:36","modified_gmt":"2023-04-11T01:26:36","slug":"well-b4-dermatest-sehr-gut-care-baumwollhandschuhe-schutzhandschuhe-aus-100-baumwolle-weiche-trikothandschuhe-3-paar-weiss","status":"publish","type":"product","link":"https:\/\/marktxxl.de\/markt\/produkt\/well-b4-dermatest-sehr-gut-care-baumwollhandschuhe-schutzhandschuhe-aus-100-baumwolle-weiche-trikothandschuhe-3-paar-weiss\/","title":{"rendered":"WELL B4\u00ae Care Dermatest: Sehr Gut &#8211; Baumwollhandschuhe, Wei\u00dfe Handschuhe aus 100% Baumwolle, Weiche Schutzhandschuhe, 2\u2026"},"content":{"rendered":"<p>\ud83d\udc99 ECHTE QUALIT\u00c4T \u2013 Der Well B4 Care Textilhandschuh kann l\u00e4nger verwendet werden dank der hohen Strapazierf\u00e4higkeit unserer verst\u00e4rkten N\u00e4hte und unserer hochwertigen Baumwolle<br \/>\n\ud83d\udc99 TOLLE PASSFORM \u2013 Die verbesserte Form der Stoffhandschuhe an Handgelenken und Fingern erm\u00f6glicht ein angenehmes Tragen am Tag und \u00fcber Nacht f\u00fcr Damen und Herren<br \/>\n\ud83d\udc99 HOHER TRAGEKOMFORT\u2013 Die besonders weiche und feine Verarbeitung der Trikothandschuhe sowie das luftdurchl\u00e4ssige und engmaschige Gewebe bieten einen optimalen Hautschutz f\u00fcr trockene und empfindliche Haut<br \/>\n\ud83d\udc99 NAT\u00dcRLICHES TASTGEF\u00dcHL \u2013 Erledigen Sie Ihre T\u00e4tigkeiten mit voller Fingerbeweglichkeit und einem ganz nat\u00fcrlichen Tastgef\u00fchl dank des d\u00fcnnen Materials und des separat eingen\u00e4hten Daumens<br \/>\n\ud83d\udc99 VIELSEITIG VERWENDBAR \u2013 Der gebleichte Handschuh kann als Kosmetikhandschuh oder in der Montage, zur Inspektion, in der Gastronomie, zum Eindecken mit Gl\u00e4sern sowie im Umgang mit Schmuck oder Fotos als auch zur Archivierung von Dokumenten verwendet werden<br \/>\n<div class=\"main-cross-sell\" data-asin=\"B07D1BY757\">\n\n\t<div class=\"WooZone-cross-sell-loader\">\n\t\t<div>\n\t\t\t<div id=\"floatingBarsG\">\n\t\t\t\t<div class=\"blockG\" id=\"rotateG_01\"><\/div>\n\t\t\t\t<div class=\"blockG\" id=\"rotateG_02\"><\/div>\n\t\t\t\t<div class=\"blockG\" id=\"rotateG_03\"><\/div>\n\t\t\t\t<div class=\"blockG\" id=\"rotateG_04\"><\/div>\n\t\t\t\t<div class=\"blockG\" id=\"rotateG_05\"><\/div>\n\t\t\t\t<div class=\"blockG\" id=\"rotateG_06\"><\/div>\n\t\t\t\t<div class=\"blockG\" id=\"rotateG_07\"><\/div>\n\t\t\t\t<div class=\"blockG\" id=\"rotateG_08\"><\/div>\n\t\t\t<\/div>\n\t\t\t<div class=\"WooZone-cross-sell-loader-text\"><\/div>\n\t\t<\/div>\n\t<\/div>\n\n\t\t\n<\/div>\n<div style=\"clear:both;\"><\/div><\/p>\n","protected":false},"excerpt":{"rendered":"<p>\ud83d\udc99 ECHTE QUALIT\u00c4T \u2013 Der Well B4 Care Textilhandschuh kann l\u00e4nger verwendet werden dank der hohen Strapazierf\u00e4higkeit unserer verst\u00e4rkten N\u00e4hte und unserer hochwertigen Baumwolle<br \/>\n\ud83d\udc99 TOLLE PASSFORM \u2013 Die verbesserte Form der Stoffhandschuhe an Handgelenken und Fingern erm\u00f6glicht ein angenehmes Tragen am Tag und \u00fcber Nacht f\u00fcr Damen und Herren<br \/>\n\ud83d\udc99 HOHER TRAGEKOMFORT\u2013 Die besonders weiche und feine Verarbeitung der Trikothandschuhe sowie das luftdurchl\u00e4ssige und engmaschige Gewebe bieten einen optimalen Hautschutz f\u00fcr trockene und empfindliche Haut<\/p>\n","protected":false},"featured_media":102361,"comment_status":"open","ping_status":"closed","template":"","meta":[],"product_brand":[],"product_cat":[2858,7659],"product_tag":[],"class_list":{"0":"post-102360","1":"product","2":"type-product","3":"status-publish","4":"has-post-thumbnail","6":"product_cat-beauty","7":"product_cat-manikuere-pedikuere","8":"pa_brand-well-b4","9":"pa_manufacturer-well-b4","11":"first","12":"instock","13":"shipping-taxable","14":"purchasable","15":"product-type-simple","16":"customify-col","17":"product-has-gallery"},"yoast_head":"<!-- This site is optimized with the Yoast SEO plugin v27.4 - https:\/\/yoast.com\/product\/yoast-seo-wordpress\/ -->\n<title>WELL B4\u00ae Care Dermatest: Sehr Gut - Baumwollhandschuhe, Wei\u00dfe Handschuhe aus 100% Baumwolle, Weiche Schutzhandschuhe, 2\u2026 - Markt-XXL<\/title>\n<meta name=\"description\" content=\"Markt-XXL WELL B4\u00ae Care Dermatest: Sehr Gut - Baumwollhandschuhe, Wei\u00dfe Handschuhe aus 100% Baumwolle, Weiche Schutzhandschuhe, 2\u2026\" \/>\n<meta name=\"robots\" content=\"index, follow, max-snippet:-1, max-image-preview:large, max-video-preview:-1\" \/>\n<link rel=\"canonical\" href=\"https:\/\/marktxxl.de\/markt\/produkt\/well-b4-dermatest-sehr-gut-care-baumwollhandschuhe-schutzhandschuhe-aus-100-baumwolle-weiche-trikothandschuhe-3-paar-weiss\/\" \/>\n<meta property=\"og:locale\" content=\"de_DE\" \/>\n<meta property=\"og:type\" content=\"article\" \/>\n<meta property=\"og:title\" content=\"WELL B4\u00ae Care Dermatest: Sehr Gut - Baumwollhandschuhe, Wei\u00dfe Handschuhe aus 100% Baumwolle, Weiche Schutzhandschuhe, 2\u2026 - Markt-XXL\" \/>\n<meta property=\"og:description\" content=\"Markt-XXL WELL B4\u00ae Care Dermatest: Sehr Gut - Baumwollhandschuhe, Wei\u00dfe Handschuhe aus 100% Baumwolle, Weiche Schutzhandschuhe, 2\u2026\" \/>\n<meta property=\"og:url\" content=\"https:\/\/marktxxl.de\/markt\/produkt\/well-b4-dermatest-sehr-gut-care-baumwollhandschuhe-schutzhandschuhe-aus-100-baumwolle-weiche-trikothandschuhe-3-paar-weiss\/\" \/>\n<meta property=\"og:site_name\" content=\"Markt-XXL\" \/>\n<meta property=\"article:modified_time\" content=\"2023-04-11T01:26:36+00:00\" \/>\n<meta property=\"og:image\" content=\"https:\/\/m.media-amazon.com\/images\/I\/418Pf15cF5L._SL500_.jpg\" \/>\n\t<meta property=\"og:image:width\" content=\"464\" \/>\n\t<meta property=\"og:image:height\" content=\"500\" \/>\n\t<meta property=\"og:image:type\" content=\"image\/jpeg\" \/>\n<meta name=\"twitter:card\" content=\"summary_large_image\" \/>\n<meta name=\"twitter:label1\" content=\"Gesch\u00e4tzte Lesezeit\" \/>\n\t<meta name=\"twitter:data1\" content=\"1\u00a0Minute\" \/>\n<script type=\"application\/ld+json\" class=\"yoast-schema-graph\">{\"@context\":\"https:\\\/\\\/schema.org\",\"@graph\":[{\"@type\":\"WebPage\",\"@id\":\"https:\\\/\\\/marktxxl.de\\\/markt\\\/produkt\\\/well-b4-dermatest-sehr-gut-care-baumwollhandschuhe-schutzhandschuhe-aus-100-baumwolle-weiche-trikothandschuhe-3-paar-weiss\\\/\",\"url\":\"https:\\\/\\\/marktxxl.de\\\/markt\\\/produkt\\\/well-b4-dermatest-sehr-gut-care-baumwollhandschuhe-schutzhandschuhe-aus-100-baumwolle-weiche-trikothandschuhe-3-paar-weiss\\\/\",\"name\":\"WELL B4\u00ae Care Dermatest: Sehr Gut - Baumwollhandschuhe, Wei\u00dfe Handschuhe aus 100% Baumwolle, Weiche Schutzhandschuhe, 2\u2026 - Markt-XXL\",\"isPartOf\":{\"@id\":\"https:\\\/\\\/marktxxl.de\\\/markt\\\/#website\"},\"primaryImageOfPage\":{\"@id\":\"https:\\\/\\\/marktxxl.de\\\/markt\\\/produkt\\\/well-b4-dermatest-sehr-gut-care-baumwollhandschuhe-schutzhandschuhe-aus-100-baumwolle-weiche-trikothandschuhe-3-paar-weiss\\\/#primaryimage\"},\"image\":{\"@id\":\"https:\\\/\\\/marktxxl.de\\\/markt\\\/produkt\\\/well-b4-dermatest-sehr-gut-care-baumwollhandschuhe-schutzhandschuhe-aus-100-baumwolle-weiche-trikothandschuhe-3-paar-weiss\\\/#primaryimage\"},\"thumbnailUrl\":\"https:\\\/\\\/m.media-amazon.com\\\/images\\\/I\\\/418Pf15cF5L._SL500_.jpg\",\"datePublished\":\"2022-01-27T18:00:45+00:00\",\"dateModified\":\"2023-04-11T01:26:36+00:00\",\"description\":\"Markt-XXL WELL B4\u00ae Care Dermatest: Sehr Gut - Baumwollhandschuhe, Wei\u00dfe Handschuhe aus 100% Baumwolle, Weiche Schutzhandschuhe, 2\u2026\",\"breadcrumb\":{\"@id\":\"https:\\\/\\\/marktxxl.de\\\/markt\\\/produkt\\\/well-b4-dermatest-sehr-gut-care-baumwollhandschuhe-schutzhandschuhe-aus-100-baumwolle-weiche-trikothandschuhe-3-paar-weiss\\\/#breadcrumb\"},\"inLanguage\":\"de\",\"potentialAction\":[{\"@type\":\"ReadAction\",\"target\":[\"https:\\\/\\\/marktxxl.de\\\/markt\\\/produkt\\\/well-b4-dermatest-sehr-gut-care-baumwollhandschuhe-schutzhandschuhe-aus-100-baumwolle-weiche-trikothandschuhe-3-paar-weiss\\\/\"]}]},{\"@type\":\"ImageObject\",\"inLanguage\":\"de\",\"@id\":\"https:\\\/\\\/marktxxl.de\\\/markt\\\/produkt\\\/well-b4-dermatest-sehr-gut-care-baumwollhandschuhe-schutzhandschuhe-aus-100-baumwolle-weiche-trikothandschuhe-3-paar-weiss\\\/#primaryimage\",\"url\":\"https:\\\/\\\/m.media-amazon.com\\\/images\\\/I\\\/418Pf15cF5L._SL500_.jpg\",\"contentUrl\":\"https:\\\/\\\/m.media-amazon.com\\\/images\\\/I\\\/418Pf15cF5L._SL500_.jpg\",\"width\":464,\"height\":500},{\"@type\":\"BreadcrumbList\",\"@id\":\"https:\\\/\\\/marktxxl.de\\\/markt\\\/produkt\\\/well-b4-dermatest-sehr-gut-care-baumwollhandschuhe-schutzhandschuhe-aus-100-baumwolle-weiche-trikothandschuhe-3-paar-weiss\\\/#breadcrumb\",\"itemListElement\":[{\"@type\":\"ListItem\",\"position\":1,\"name\":\"Startseite\",\"item\":\"https:\\\/\\\/marktxxl.de\\\/markt\\\/\"},{\"@type\":\"ListItem\",\"position\":2,\"name\":\"Markt\",\"item\":\"https:\\\/\\\/marktxxl.de\\\/markt\\\/\"},{\"@type\":\"ListItem\",\"position\":3,\"name\":\"WELL B4\u00ae Care Dermatest: Sehr Gut &#8211; Baumwollhandschuhe, Wei\u00dfe Handschuhe aus 100% Baumwolle, Weiche Schutzhandschuhe, 2\u2026\"}]},{\"@type\":\"WebSite\",\"@id\":\"https:\\\/\\\/marktxxl.de\\\/markt\\\/#website\",\"url\":\"https:\\\/\\\/marktxxl.de\\\/markt\\\/\",\"name\":\"Markt-XXL\",\"description\":\"Ihr Markt Online\",\"publisher\":{\"@id\":\"https:\\\/\\\/marktxxl.de\\\/markt\\\/#organization\"},\"potentialAction\":[{\"@type\":\"SearchAction\",\"target\":{\"@type\":\"EntryPoint\",\"urlTemplate\":\"https:\\\/\\\/marktxxl.de\\\/markt\\\/?s={search_term_string}\"},\"query-input\":{\"@type\":\"PropertyValueSpecification\",\"valueRequired\":true,\"valueName\":\"search_term_string\"}}],\"inLanguage\":\"de\"},{\"@type\":\"Organization\",\"@id\":\"https:\\\/\\\/marktxxl.de\\\/markt\\\/#organization\",\"name\":\"Markt-XXL\",\"url\":\"https:\\\/\\\/marktxxl.de\\\/markt\\\/\",\"logo\":{\"@type\":\"ImageObject\",\"inLanguage\":\"de\",\"@id\":\"https:\\\/\\\/marktxxl.de\\\/markt\\\/#\\\/schema\\\/logo\\\/image\\\/\",\"url\":\"https:\\\/\\\/marktxxl.de\\\/markt\\\/wp-content\\\/uploads\\\/sites\\\/3\\\/2020\\\/12\\\/logo.png\",\"contentUrl\":\"https:\\\/\\\/marktxxl.de\\\/markt\\\/wp-content\\\/uploads\\\/sites\\\/3\\\/2020\\\/12\\\/logo.png\",\"width\":200,\"height\":70,\"caption\":\"Markt-XXL\"},\"image\":{\"@id\":\"https:\\\/\\\/marktxxl.de\\\/markt\\\/#\\\/schema\\\/logo\\\/image\\\/\"}}]}<\/script>\n<!-- \/ Yoast SEO plugin. -->","yoast_head_json":{"title":"WELL B4\u00ae Care Dermatest: Sehr Gut - Baumwollhandschuhe, Wei\u00dfe Handschuhe aus 100% Baumwolle, Weiche Schutzhandschuhe, 2\u2026 - Markt-XXL","description":"Markt-XXL WELL B4\u00ae Care Dermatest: Sehr Gut - Baumwollhandschuhe, Wei\u00dfe Handschuhe aus 100% Baumwolle, Weiche Schutzhandschuhe, 2\u2026","robots":{"index":"index","follow":"follow","max-snippet":"max-snippet:-1","max-image-preview":"max-image-preview:large","max-video-preview":"max-video-preview:-1"},"canonical":"https:\/\/marktxxl.de\/markt\/produkt\/well-b4-dermatest-sehr-gut-care-baumwollhandschuhe-schutzhandschuhe-aus-100-baumwolle-weiche-trikothandschuhe-3-paar-weiss\/","og_locale":"de_DE","og_type":"article","og_title":"WELL B4\u00ae Care Dermatest: Sehr Gut - Baumwollhandschuhe, Wei\u00dfe Handschuhe aus 100% Baumwolle, Weiche Schutzhandschuhe, 2\u2026 - Markt-XXL","og_description":"Markt-XXL WELL B4\u00ae Care Dermatest: Sehr Gut - Baumwollhandschuhe, Wei\u00dfe Handschuhe aus 100% Baumwolle, Weiche Schutzhandschuhe, 2\u2026","og_url":"https:\/\/marktxxl.de\/markt\/produkt\/well-b4-dermatest-sehr-gut-care-baumwollhandschuhe-schutzhandschuhe-aus-100-baumwolle-weiche-trikothandschuhe-3-paar-weiss\/","og_site_name":"Markt-XXL","article_modified_time":"2023-04-11T01:26:36+00:00","og_image":[{"width":464,"height":500,"url":"https:\/\/m.media-amazon.com\/images\/I\/418Pf15cF5L._SL500_.jpg","type":"image\/jpeg"}],"twitter_card":"summary_large_image","twitter_misc":{"Gesch\u00e4tzte Lesezeit":"1\u00a0Minute"},"schema":{"@context":"https:\/\/schema.org","@graph":[{"@type":"WebPage","@id":"https:\/\/marktxxl.de\/markt\/produkt\/well-b4-dermatest-sehr-gut-care-baumwollhandschuhe-schutzhandschuhe-aus-100-baumwolle-weiche-trikothandschuhe-3-paar-weiss\/","url":"https:\/\/marktxxl.de\/markt\/produkt\/well-b4-dermatest-sehr-gut-care-baumwollhandschuhe-schutzhandschuhe-aus-100-baumwolle-weiche-trikothandschuhe-3-paar-weiss\/","name":"WELL B4\u00ae Care Dermatest: Sehr Gut - Baumwollhandschuhe, Wei\u00dfe Handschuhe aus 100% Baumwolle, Weiche Schutzhandschuhe, 2\u2026 - Markt-XXL","isPartOf":{"@id":"https:\/\/marktxxl.de\/markt\/#website"},"primaryImageOfPage":{"@id":"https:\/\/marktxxl.de\/markt\/produkt\/well-b4-dermatest-sehr-gut-care-baumwollhandschuhe-schutzhandschuhe-aus-100-baumwolle-weiche-trikothandschuhe-3-paar-weiss\/#primaryimage"},"image":{"@id":"https:\/\/marktxxl.de\/markt\/produkt\/well-b4-dermatest-sehr-gut-care-baumwollhandschuhe-schutzhandschuhe-aus-100-baumwolle-weiche-trikothandschuhe-3-paar-weiss\/#primaryimage"},"thumbnailUrl":"https:\/\/m.media-amazon.com\/images\/I\/418Pf15cF5L._SL500_.jpg","datePublished":"2022-01-27T18:00:45+00:00","dateModified":"2023-04-11T01:26:36+00:00","description":"Markt-XXL WELL B4\u00ae Care Dermatest: Sehr Gut - Baumwollhandschuhe, Wei\u00dfe Handschuhe aus 100% Baumwolle, Weiche Schutzhandschuhe, 2\u2026","breadcrumb":{"@id":"https:\/\/marktxxl.de\/markt\/produkt\/well-b4-dermatest-sehr-gut-care-baumwollhandschuhe-schutzhandschuhe-aus-100-baumwolle-weiche-trikothandschuhe-3-paar-weiss\/#breadcrumb"},"inLanguage":"de","potentialAction":[{"@type":"ReadAction","target":["https:\/\/marktxxl.de\/markt\/produkt\/well-b4-dermatest-sehr-gut-care-baumwollhandschuhe-schutzhandschuhe-aus-100-baumwolle-weiche-trikothandschuhe-3-paar-weiss\/"]}]},{"@type":"ImageObject","inLanguage":"de","@id":"https:\/\/marktxxl.de\/markt\/produkt\/well-b4-dermatest-sehr-gut-care-baumwollhandschuhe-schutzhandschuhe-aus-100-baumwolle-weiche-trikothandschuhe-3-paar-weiss\/#primaryimage","url":"https:\/\/m.media-amazon.com\/images\/I\/418Pf15cF5L._SL500_.jpg","contentUrl":"https:\/\/m.media-amazon.com\/images\/I\/418Pf15cF5L._SL500_.jpg","width":464,"height":500},{"@type":"BreadcrumbList","@id":"https:\/\/marktxxl.de\/markt\/produkt\/well-b4-dermatest-sehr-gut-care-baumwollhandschuhe-schutzhandschuhe-aus-100-baumwolle-weiche-trikothandschuhe-3-paar-weiss\/#breadcrumb","itemListElement":[{"@type":"ListItem","position":1,"name":"Startseite","item":"https:\/\/marktxxl.de\/markt\/"},{"@type":"ListItem","position":2,"name":"Markt","item":"https:\/\/marktxxl.de\/markt\/"},{"@type":"ListItem","position":3,"name":"WELL B4\u00ae Care Dermatest: Sehr Gut &#8211; Baumwollhandschuhe, Wei\u00dfe Handschuhe aus 100% Baumwolle, Weiche Schutzhandschuhe, 2\u2026"}]},{"@type":"WebSite","@id":"https:\/\/marktxxl.de\/markt\/#website","url":"https:\/\/marktxxl.de\/markt\/","name":"Markt-XXL","description":"Ihr Markt Online","publisher":{"@id":"https:\/\/marktxxl.de\/markt\/#organization"},"potentialAction":[{"@type":"SearchAction","target":{"@type":"EntryPoint","urlTemplate":"https:\/\/marktxxl.de\/markt\/?s={search_term_string}"},"query-input":{"@type":"PropertyValueSpecification","valueRequired":true,"valueName":"search_term_string"}}],"inLanguage":"de"},{"@type":"Organization","@id":"https:\/\/marktxxl.de\/markt\/#organization","name":"Markt-XXL","url":"https:\/\/marktxxl.de\/markt\/","logo":{"@type":"ImageObject","inLanguage":"de","@id":"https:\/\/marktxxl.de\/markt\/#\/schema\/logo\/image\/","url":"https:\/\/marktxxl.de\/markt\/wp-content\/uploads\/sites\/3\/2020\/12\/logo.png","contentUrl":"https:\/\/marktxxl.de\/markt\/wp-content\/uploads\/sites\/3\/2020\/12\/logo.png","width":200,"height":70,"caption":"Markt-XXL"},"image":{"@id":"https:\/\/marktxxl.de\/markt\/#\/schema\/logo\/image\/"}}]}},"_links":{"self":[{"href":"https:\/\/marktxxl.de\/markt\/wp-json\/wp\/v2\/product\/102360","targetHints":{"allow":["GET"]}}],"collection":[{"href":"https:\/\/marktxxl.de\/markt\/wp-json\/wp\/v2\/product"}],"about":[{"href":"https:\/\/marktxxl.de\/markt\/wp-json\/wp\/v2\/types\/product"}],"replies":[{"embeddable":true,"href":"https:\/\/marktxxl.de\/markt\/wp-json\/wp\/v2\/comments?post=102360"}],"wp:featuredmedia":[{"embeddable":true,"href":"https:\/\/marktxxl.de\/markt\/wp-json\/wp\/v2\/media\/102361"}],"wp:attachment":[{"href":"https:\/\/marktxxl.de\/markt\/wp-json\/wp\/v2\/media?parent=102360"}],"wp:term":[{"taxonomy":"product_brand","embeddable":true,"href":"https:\/\/marktxxl.de\/markt\/wp-json\/wp\/v2\/product_brand?post=102360"},{"taxonomy":"product_cat","embeddable":true,"href":"https:\/\/marktxxl.de\/markt\/wp-json\/wp\/v2\/product_cat?post=102360"},{"taxonomy":"product_tag","embeddable":true,"href":"https:\/\/marktxxl.de\/markt\/wp-json\/wp\/v2\/product_tag?post=102360"}],"curies":[{"name":"wp","href":"https:\/\/api.w.org\/{rel}","templated":true}]}}