{"id":102334,"date":"2022-01-27T19:00:22","date_gmt":"2022-01-27T18:00:22","guid":{"rendered":"https:\/\/marktxxl.de\/markt\/produkt\/harnstoff-creme-30-urea-cream-30-narbenentfernung-ekzem-keratose-psoriasis-hautausschlaege-fuer-trockene-und-rissige-haut-ekzeme-hautausschlaege-schuppenflechte-hilfe-entfernen-narben\/"},"modified":"2023-04-11T03:26:36","modified_gmt":"2023-04-11T01:26:36","slug":"harnstoff-creme-30-urea-cream-30-narbenentfernung-ekzem-keratose-psoriasis-hautausschlaege-fuer-trockene-und-rissige-haut-ekzeme-hautausschlaege-schuppenflechte-hilfe-entfernen-narben","status":"publish","type":"product","link":"https:\/\/marktxxl.de\/markt\/produkt\/harnstoff-creme-30-urea-cream-30-narbenentfernung-ekzem-keratose-psoriasis-hautausschlaege-fuer-trockene-und-rissige-haut-ekzeme-hautausschlaege-schuppenflechte-hilfe-entfernen-narben\/","title":{"rendered":"Harnstoff-Creme 30% (UREA CREAM 30%) &#8211; Narbenentfernung, Ekzem, Keratose, Psoriasis, Hautausschl\u00e4ge. F\u00fcr trockene und\u2026"},"content":{"rendered":"<p>Hochwertige nat\u00fcrliche Inhaltsstoffe: Urea hat antimikrobielle Eigenschaften, die die schnelle Heilung von trockener, rissiger Haut f\u00f6rdern, die Fu\u00dfschmerzen, Ekzeme, Schuppenflechte, Ausschl\u00e4ge, Akne, Verbrennungen und andere Arten von Hautproblemen verursachen. 30% Urea-Creme ist auch angereichert mit nat\u00fcrlichen Inhaltsstoffen wie Glycerin, Milchs\u00e4ure &#8211; AHA, Eichenrinde und Weizenkeim\u00f6l, die gesund und harmlos sind<br \/>\nBehandelt trockene und rissige Haut: Harnstoff 30% + die antiseptischen Inhaltsstoffe reparieren trockene, rissige, raue, holprige und gealterte Haut. Minimiert das Auftreten von H\u00fchneraugen und Anrufen. Erweicht, n\u00e4hrt und schont die Schuppen und abgestorbene Haut. Das Glycerin und die nat\u00fcrlichen Extrakte aus Weizen und Haferflocken lassen Ihre Haut glatt, gesund und rissfrei werden. TIS Urea Cream rehydratisiert und befeuchtet Ihre raue Haut wieder zum Leben<br \/>\nHarnstoff 30% ist dicker, klebriger und fettiger im Vergleich zu anderen Cremes \u2013 aufgrund der h\u00f6heren Konzentration von Harnstoff und \u00d6len. Dies bedeutet, dass es effektiver in der Hydratisierung und Befeuchtung ist, da es sehr langsam von der Hautoberfl\u00e4che verdunstet und f\u00fcr eine viel l\u00e4ngere Zeit Feuchtigkeit h\u00e4lt. Dieser langanhaltende feuchtigkeitsspendende Effekt verringert den Juckreiz und h\u00e4lt die Haut weich und hydratisiert.<br \/>\nHilft bei der Wundheilung: Harnstoff und Glycerin beschleunigen den Heilungsprozess. Die Verwendung von Harnstoffcreme wird die abgestorbene Haut von den Wunden absch\u00e4len und den Heilungsprozess der Wunden beschleunigen. TIS Harnstoffcreme heilt auch Schuppenflechte, Ekzeme, Wellensattel und Keratose. Urea-Creme hilft auch bei eingewachsenen und rissigen Zehenn\u00e4geln.<br \/>\nEinfach anzuwenden und auf Reisen freundlich: Repariert Ihre Haut tief, sowohl f\u00fcr M\u00e4nner als auch f\u00fcr Frauen. Einfach aufzutragen und bildet eine m\u00e4\u00dfig dicke Streuung. F\u00fcr beste Ergebnisse 3-4 mal t\u00e4glich auftragen. Es muss auf die vorgereinigte Haut aufgetragen werden. Kann jederzeit und \u00fcberall verwendet werden, kleine Gr\u00f6\u00dfe Design spart Platz und Sie k\u00f6nnen es leicht tragen, wohin Sie gehen.<br \/>\n<div class=\"main-cross-sell\" data-asin=\"B01EUUVO00\">\n\n\t<div class=\"WooZone-cross-sell-loader\">\n\t\t<div>\n\t\t\t<div id=\"floatingBarsG\">\n\t\t\t\t<div class=\"blockG\" id=\"rotateG_01\"><\/div>\n\t\t\t\t<div class=\"blockG\" id=\"rotateG_02\"><\/div>\n\t\t\t\t<div class=\"blockG\" id=\"rotateG_03\"><\/div>\n\t\t\t\t<div class=\"blockG\" id=\"rotateG_04\"><\/div>\n\t\t\t\t<div class=\"blockG\" id=\"rotateG_05\"><\/div>\n\t\t\t\t<div class=\"blockG\" id=\"rotateG_06\"><\/div>\n\t\t\t\t<div class=\"blockG\" id=\"rotateG_07\"><\/div>\n\t\t\t\t<div class=\"blockG\" id=\"rotateG_08\"><\/div>\n\t\t\t<\/div>\n\t\t\t<div class=\"WooZone-cross-sell-loader-text\"><\/div>\n\t\t<\/div>\n\t<\/div>\n\n\t\t\n<\/div>\n<div style=\"clear:both;\"><\/div><\/p>\n","protected":false},"excerpt":{"rendered":"<p>Hochwertige nat\u00fcrliche Inhaltsstoffe: Urea hat antimikrobielle Eigenschaften, die die schnelle Heilung von trockener, rissiger Haut f\u00f6rdern, die Fu\u00dfschmerzen, Ekzeme, Schuppenflechte, Ausschl\u00e4ge, Akne, Verbrennungen und andere Arten von Hautproblemen verursachen. 30% Urea-Creme ist auch angereichert mit nat\u00fcrlichen Inhaltsstoffen wie Glycerin, Milchs\u00e4ure &#8211; AHA, Eichenrinde und Weizenkeim\u00f6l, die gesund und harmlos sind<br \/>\nBehandelt trockene und rissige Haut: Harnstoff 30% + die antiseptischen Inhaltsstoffe reparieren trockene, rissige, raue, holprige und gealterte Haut. Minimiert das Auftreten von H\u00fchneraugen und Anrufen. Erweicht, n\u00e4hrt und schont die Schuppen und abgestorbene Haut. Das Glycerin und die nat\u00fcrlichen Extrakte aus Weizen und Haferflocken lassen Ihre Haut glatt, gesund und rissfrei werden. TIS Urea Cream rehydratisiert und befeuchtet Ihre raue Haut wieder zum Leben<br \/>\nHarnstoff 30% ist dicker, klebriger und fettiger im Vergleich zu anderen Cremes \u2013 aufgrund der h\u00f6heren Konzentration von Harnstoff und \u00d6len. Dies bedeutet, dass es effektiver in der Hydratisierung und Befeuchtung ist, da es sehr langsam von der Hautoberfl\u00e4che verdunstet und f\u00fcr eine viel l\u00e4ngere Zeit Feuchtigkeit h\u00e4lt. Dieser langanhaltende feuchtigkeitsspendende Effekt verringert den Juckreiz und h\u00e4lt die Haut weich und hydratisiert.<\/p>\n","protected":false},"featured_media":102335,"comment_status":"open","ping_status":"closed","template":"","meta":[],"product_brand":[],"product_cat":[2858,7659],"product_tag":[],"class_list":{"0":"post-102334","1":"product","2":"type-product","3":"status-publish","4":"has-post-thumbnail","6":"product_cat-beauty","7":"product_cat-manikuere-pedikuere","8":"pa_binding-misc","9":"pa_brand-tis-farmaceutic","10":"pa_languages-unbekannt-englisch-unbekannt-franzoesisch-unbekannt-italienisch-unbekannt-spanisch-unbekannt-deutsch","11":"pa_manufacturer-tis-farmaceutic","12":"pa_size-50-ml-pack-of-1","14":"first","15":"instock","16":"shipping-taxable","17":"purchasable","18":"product-type-simple","19":"customify-col","20":"product-has-gallery"},"yoast_head":"<!-- This site is optimized with the Yoast SEO plugin v27.4 - https:\/\/yoast.com\/product\/yoast-seo-wordpress\/ -->\n<title>Harnstoff-Creme 30% (UREA CREAM 30%) - Narbenentfernung, Ekzem, Keratose, Psoriasis, Hautausschl\u00e4ge. F\u00fcr trockene und\u2026 - Markt-XXL<\/title>\n<meta name=\"description\" content=\"Markt-XXL Harnstoff-Creme 30% (UREA CREAM 30%) - Narbenentfernung, Ekzem, Keratose, Psoriasis, Hautausschl\u00e4ge. F\u00fcr trockene und\u2026\" \/>\n<meta name=\"robots\" content=\"index, follow, max-snippet:-1, max-image-preview:large, max-video-preview:-1\" \/>\n<link rel=\"canonical\" href=\"https:\/\/marktxxl.de\/markt\/produkt\/harnstoff-creme-30-urea-cream-30-narbenentfernung-ekzem-keratose-psoriasis-hautausschlaege-fuer-trockene-und-rissige-haut-ekzeme-hautausschlaege-schuppenflechte-hilfe-entfernen-narben\/\" \/>\n<meta property=\"og:locale\" content=\"de_DE\" \/>\n<meta property=\"og:type\" content=\"article\" \/>\n<meta property=\"og:title\" content=\"Harnstoff-Creme 30% (UREA CREAM 30%) - Narbenentfernung, Ekzem, Keratose, Psoriasis, Hautausschl\u00e4ge. F\u00fcr trockene und\u2026 - Markt-XXL\" \/>\n<meta property=\"og:description\" content=\"Markt-XXL Harnstoff-Creme 30% (UREA CREAM 30%) - Narbenentfernung, Ekzem, Keratose, Psoriasis, Hautausschl\u00e4ge. F\u00fcr trockene und\u2026\" \/>\n<meta property=\"og:url\" content=\"https:\/\/marktxxl.de\/markt\/produkt\/harnstoff-creme-30-urea-cream-30-narbenentfernung-ekzem-keratose-psoriasis-hautausschlaege-fuer-trockene-und-rissige-haut-ekzeme-hautausschlaege-schuppenflechte-hilfe-entfernen-narben\/\" \/>\n<meta property=\"og:site_name\" content=\"Markt-XXL\" \/>\n<meta property=\"article:modified_time\" content=\"2023-04-11T01:26:36+00:00\" \/>\n<meta property=\"og:image\" content=\"https:\/\/m.media-amazon.com\/images\/I\/31ET0qVdnNL._SL500_.jpg\" \/>\n\t<meta property=\"og:image:width\" content=\"500\" \/>\n\t<meta property=\"og:image:height\" content=\"500\" \/>\n\t<meta property=\"og:image:type\" content=\"image\/jpeg\" \/>\n<meta name=\"twitter:card\" content=\"summary_large_image\" \/>\n<meta name=\"twitter:label1\" content=\"Gesch\u00e4tzte Lesezeit\" \/>\n\t<meta name=\"twitter:data1\" content=\"2\u00a0Minuten\" \/>\n<script type=\"application\/ld+json\" class=\"yoast-schema-graph\">{\"@context\":\"https:\\\/\\\/schema.org\",\"@graph\":[{\"@type\":\"WebPage\",\"@id\":\"https:\\\/\\\/marktxxl.de\\\/markt\\\/produkt\\\/harnstoff-creme-30-urea-cream-30-narbenentfernung-ekzem-keratose-psoriasis-hautausschlaege-fuer-trockene-und-rissige-haut-ekzeme-hautausschlaege-schuppenflechte-hilfe-entfernen-narben\\\/\",\"url\":\"https:\\\/\\\/marktxxl.de\\\/markt\\\/produkt\\\/harnstoff-creme-30-urea-cream-30-narbenentfernung-ekzem-keratose-psoriasis-hautausschlaege-fuer-trockene-und-rissige-haut-ekzeme-hautausschlaege-schuppenflechte-hilfe-entfernen-narben\\\/\",\"name\":\"Harnstoff-Creme 30% (UREA CREAM 30%) - Narbenentfernung, Ekzem, Keratose, Psoriasis, Hautausschl\u00e4ge. F\u00fcr trockene und\u2026 - Markt-XXL\",\"isPartOf\":{\"@id\":\"https:\\\/\\\/marktxxl.de\\\/markt\\\/#website\"},\"primaryImageOfPage\":{\"@id\":\"https:\\\/\\\/marktxxl.de\\\/markt\\\/produkt\\\/harnstoff-creme-30-urea-cream-30-narbenentfernung-ekzem-keratose-psoriasis-hautausschlaege-fuer-trockene-und-rissige-haut-ekzeme-hautausschlaege-schuppenflechte-hilfe-entfernen-narben\\\/#primaryimage\"},\"image\":{\"@id\":\"https:\\\/\\\/marktxxl.de\\\/markt\\\/produkt\\\/harnstoff-creme-30-urea-cream-30-narbenentfernung-ekzem-keratose-psoriasis-hautausschlaege-fuer-trockene-und-rissige-haut-ekzeme-hautausschlaege-schuppenflechte-hilfe-entfernen-narben\\\/#primaryimage\"},\"thumbnailUrl\":\"https:\\\/\\\/m.media-amazon.com\\\/images\\\/I\\\/31ET0qVdnNL._SL500_.jpg\",\"datePublished\":\"2022-01-27T18:00:22+00:00\",\"dateModified\":\"2023-04-11T01:26:36+00:00\",\"description\":\"Markt-XXL Harnstoff-Creme 30% (UREA CREAM 30%) - Narbenentfernung, Ekzem, Keratose, Psoriasis, Hautausschl\u00e4ge. F\u00fcr trockene und\u2026\",\"breadcrumb\":{\"@id\":\"https:\\\/\\\/marktxxl.de\\\/markt\\\/produkt\\\/harnstoff-creme-30-urea-cream-30-narbenentfernung-ekzem-keratose-psoriasis-hautausschlaege-fuer-trockene-und-rissige-haut-ekzeme-hautausschlaege-schuppenflechte-hilfe-entfernen-narben\\\/#breadcrumb\"},\"inLanguage\":\"de\",\"potentialAction\":[{\"@type\":\"ReadAction\",\"target\":[\"https:\\\/\\\/marktxxl.de\\\/markt\\\/produkt\\\/harnstoff-creme-30-urea-cream-30-narbenentfernung-ekzem-keratose-psoriasis-hautausschlaege-fuer-trockene-und-rissige-haut-ekzeme-hautausschlaege-schuppenflechte-hilfe-entfernen-narben\\\/\"]}]},{\"@type\":\"ImageObject\",\"inLanguage\":\"de\",\"@id\":\"https:\\\/\\\/marktxxl.de\\\/markt\\\/produkt\\\/harnstoff-creme-30-urea-cream-30-narbenentfernung-ekzem-keratose-psoriasis-hautausschlaege-fuer-trockene-und-rissige-haut-ekzeme-hautausschlaege-schuppenflechte-hilfe-entfernen-narben\\\/#primaryimage\",\"url\":\"https:\\\/\\\/m.media-amazon.com\\\/images\\\/I\\\/31ET0qVdnNL._SL500_.jpg\",\"contentUrl\":\"https:\\\/\\\/m.media-amazon.com\\\/images\\\/I\\\/31ET0qVdnNL._SL500_.jpg\",\"width\":500,\"height\":500},{\"@type\":\"BreadcrumbList\",\"@id\":\"https:\\\/\\\/marktxxl.de\\\/markt\\\/produkt\\\/harnstoff-creme-30-urea-cream-30-narbenentfernung-ekzem-keratose-psoriasis-hautausschlaege-fuer-trockene-und-rissige-haut-ekzeme-hautausschlaege-schuppenflechte-hilfe-entfernen-narben\\\/#breadcrumb\",\"itemListElement\":[{\"@type\":\"ListItem\",\"position\":1,\"name\":\"Startseite\",\"item\":\"https:\\\/\\\/marktxxl.de\\\/markt\\\/\"},{\"@type\":\"ListItem\",\"position\":2,\"name\":\"Markt\",\"item\":\"https:\\\/\\\/marktxxl.de\\\/markt\\\/\"},{\"@type\":\"ListItem\",\"position\":3,\"name\":\"Harnstoff-Creme 30% (UREA CREAM 30%) &#8211; Narbenentfernung, Ekzem, Keratose, Psoriasis, Hautausschl\u00e4ge. F\u00fcr trockene und\u2026\"}]},{\"@type\":\"WebSite\",\"@id\":\"https:\\\/\\\/marktxxl.de\\\/markt\\\/#website\",\"url\":\"https:\\\/\\\/marktxxl.de\\\/markt\\\/\",\"name\":\"Markt-XXL\",\"description\":\"Ihr Markt Online\",\"publisher\":{\"@id\":\"https:\\\/\\\/marktxxl.de\\\/markt\\\/#organization\"},\"potentialAction\":[{\"@type\":\"SearchAction\",\"target\":{\"@type\":\"EntryPoint\",\"urlTemplate\":\"https:\\\/\\\/marktxxl.de\\\/markt\\\/?s={search_term_string}\"},\"query-input\":{\"@type\":\"PropertyValueSpecification\",\"valueRequired\":true,\"valueName\":\"search_term_string\"}}],\"inLanguage\":\"de\"},{\"@type\":\"Organization\",\"@id\":\"https:\\\/\\\/marktxxl.de\\\/markt\\\/#organization\",\"name\":\"Markt-XXL\",\"url\":\"https:\\\/\\\/marktxxl.de\\\/markt\\\/\",\"logo\":{\"@type\":\"ImageObject\",\"inLanguage\":\"de\",\"@id\":\"https:\\\/\\\/marktxxl.de\\\/markt\\\/#\\\/schema\\\/logo\\\/image\\\/\",\"url\":\"https:\\\/\\\/marktxxl.de\\\/markt\\\/wp-content\\\/uploads\\\/sites\\\/3\\\/2020\\\/12\\\/logo.png\",\"contentUrl\":\"https:\\\/\\\/marktxxl.de\\\/markt\\\/wp-content\\\/uploads\\\/sites\\\/3\\\/2020\\\/12\\\/logo.png\",\"width\":200,\"height\":70,\"caption\":\"Markt-XXL\"},\"image\":{\"@id\":\"https:\\\/\\\/marktxxl.de\\\/markt\\\/#\\\/schema\\\/logo\\\/image\\\/\"}}]}<\/script>\n<!-- \/ Yoast SEO plugin. -->","yoast_head_json":{"title":"Harnstoff-Creme 30% (UREA CREAM 30%) - Narbenentfernung, Ekzem, Keratose, Psoriasis, Hautausschl\u00e4ge. F\u00fcr trockene und\u2026 - Markt-XXL","description":"Markt-XXL Harnstoff-Creme 30% (UREA CREAM 30%) - Narbenentfernung, Ekzem, Keratose, Psoriasis, Hautausschl\u00e4ge. F\u00fcr trockene und\u2026","robots":{"index":"index","follow":"follow","max-snippet":"max-snippet:-1","max-image-preview":"max-image-preview:large","max-video-preview":"max-video-preview:-1"},"canonical":"https:\/\/marktxxl.de\/markt\/produkt\/harnstoff-creme-30-urea-cream-30-narbenentfernung-ekzem-keratose-psoriasis-hautausschlaege-fuer-trockene-und-rissige-haut-ekzeme-hautausschlaege-schuppenflechte-hilfe-entfernen-narben\/","og_locale":"de_DE","og_type":"article","og_title":"Harnstoff-Creme 30% (UREA CREAM 30%) - Narbenentfernung, Ekzem, Keratose, Psoriasis, Hautausschl\u00e4ge. F\u00fcr trockene und\u2026 - Markt-XXL","og_description":"Markt-XXL Harnstoff-Creme 30% (UREA CREAM 30%) - Narbenentfernung, Ekzem, Keratose, Psoriasis, Hautausschl\u00e4ge. F\u00fcr trockene und\u2026","og_url":"https:\/\/marktxxl.de\/markt\/produkt\/harnstoff-creme-30-urea-cream-30-narbenentfernung-ekzem-keratose-psoriasis-hautausschlaege-fuer-trockene-und-rissige-haut-ekzeme-hautausschlaege-schuppenflechte-hilfe-entfernen-narben\/","og_site_name":"Markt-XXL","article_modified_time":"2023-04-11T01:26:36+00:00","og_image":[{"width":500,"height":500,"url":"https:\/\/m.media-amazon.com\/images\/I\/31ET0qVdnNL._SL500_.jpg","type":"image\/jpeg"}],"twitter_card":"summary_large_image","twitter_misc":{"Gesch\u00e4tzte Lesezeit":"2\u00a0Minuten"},"schema":{"@context":"https:\/\/schema.org","@graph":[{"@type":"WebPage","@id":"https:\/\/marktxxl.de\/markt\/produkt\/harnstoff-creme-30-urea-cream-30-narbenentfernung-ekzem-keratose-psoriasis-hautausschlaege-fuer-trockene-und-rissige-haut-ekzeme-hautausschlaege-schuppenflechte-hilfe-entfernen-narben\/","url":"https:\/\/marktxxl.de\/markt\/produkt\/harnstoff-creme-30-urea-cream-30-narbenentfernung-ekzem-keratose-psoriasis-hautausschlaege-fuer-trockene-und-rissige-haut-ekzeme-hautausschlaege-schuppenflechte-hilfe-entfernen-narben\/","name":"Harnstoff-Creme 30% (UREA CREAM 30%) - Narbenentfernung, Ekzem, Keratose, Psoriasis, Hautausschl\u00e4ge. F\u00fcr trockene und\u2026 - Markt-XXL","isPartOf":{"@id":"https:\/\/marktxxl.de\/markt\/#website"},"primaryImageOfPage":{"@id":"https:\/\/marktxxl.de\/markt\/produkt\/harnstoff-creme-30-urea-cream-30-narbenentfernung-ekzem-keratose-psoriasis-hautausschlaege-fuer-trockene-und-rissige-haut-ekzeme-hautausschlaege-schuppenflechte-hilfe-entfernen-narben\/#primaryimage"},"image":{"@id":"https:\/\/marktxxl.de\/markt\/produkt\/harnstoff-creme-30-urea-cream-30-narbenentfernung-ekzem-keratose-psoriasis-hautausschlaege-fuer-trockene-und-rissige-haut-ekzeme-hautausschlaege-schuppenflechte-hilfe-entfernen-narben\/#primaryimage"},"thumbnailUrl":"https:\/\/m.media-amazon.com\/images\/I\/31ET0qVdnNL._SL500_.jpg","datePublished":"2022-01-27T18:00:22+00:00","dateModified":"2023-04-11T01:26:36+00:00","description":"Markt-XXL Harnstoff-Creme 30% (UREA CREAM 30%) - Narbenentfernung, Ekzem, Keratose, Psoriasis, Hautausschl\u00e4ge. F\u00fcr trockene und\u2026","breadcrumb":{"@id":"https:\/\/marktxxl.de\/markt\/produkt\/harnstoff-creme-30-urea-cream-30-narbenentfernung-ekzem-keratose-psoriasis-hautausschlaege-fuer-trockene-und-rissige-haut-ekzeme-hautausschlaege-schuppenflechte-hilfe-entfernen-narben\/#breadcrumb"},"inLanguage":"de","potentialAction":[{"@type":"ReadAction","target":["https:\/\/marktxxl.de\/markt\/produkt\/harnstoff-creme-30-urea-cream-30-narbenentfernung-ekzem-keratose-psoriasis-hautausschlaege-fuer-trockene-und-rissige-haut-ekzeme-hautausschlaege-schuppenflechte-hilfe-entfernen-narben\/"]}]},{"@type":"ImageObject","inLanguage":"de","@id":"https:\/\/marktxxl.de\/markt\/produkt\/harnstoff-creme-30-urea-cream-30-narbenentfernung-ekzem-keratose-psoriasis-hautausschlaege-fuer-trockene-und-rissige-haut-ekzeme-hautausschlaege-schuppenflechte-hilfe-entfernen-narben\/#primaryimage","url":"https:\/\/m.media-amazon.com\/images\/I\/31ET0qVdnNL._SL500_.jpg","contentUrl":"https:\/\/m.media-amazon.com\/images\/I\/31ET0qVdnNL._SL500_.jpg","width":500,"height":500},{"@type":"BreadcrumbList","@id":"https:\/\/marktxxl.de\/markt\/produkt\/harnstoff-creme-30-urea-cream-30-narbenentfernung-ekzem-keratose-psoriasis-hautausschlaege-fuer-trockene-und-rissige-haut-ekzeme-hautausschlaege-schuppenflechte-hilfe-entfernen-narben\/#breadcrumb","itemListElement":[{"@type":"ListItem","position":1,"name":"Startseite","item":"https:\/\/marktxxl.de\/markt\/"},{"@type":"ListItem","position":2,"name":"Markt","item":"https:\/\/marktxxl.de\/markt\/"},{"@type":"ListItem","position":3,"name":"Harnstoff-Creme 30% (UREA CREAM 30%) &#8211; Narbenentfernung, Ekzem, Keratose, Psoriasis, Hautausschl\u00e4ge. F\u00fcr trockene und\u2026"}]},{"@type":"WebSite","@id":"https:\/\/marktxxl.de\/markt\/#website","url":"https:\/\/marktxxl.de\/markt\/","name":"Markt-XXL","description":"Ihr Markt Online","publisher":{"@id":"https:\/\/marktxxl.de\/markt\/#organization"},"potentialAction":[{"@type":"SearchAction","target":{"@type":"EntryPoint","urlTemplate":"https:\/\/marktxxl.de\/markt\/?s={search_term_string}"},"query-input":{"@type":"PropertyValueSpecification","valueRequired":true,"valueName":"search_term_string"}}],"inLanguage":"de"},{"@type":"Organization","@id":"https:\/\/marktxxl.de\/markt\/#organization","name":"Markt-XXL","url":"https:\/\/marktxxl.de\/markt\/","logo":{"@type":"ImageObject","inLanguage":"de","@id":"https:\/\/marktxxl.de\/markt\/#\/schema\/logo\/image\/","url":"https:\/\/marktxxl.de\/markt\/wp-content\/uploads\/sites\/3\/2020\/12\/logo.png","contentUrl":"https:\/\/marktxxl.de\/markt\/wp-content\/uploads\/sites\/3\/2020\/12\/logo.png","width":200,"height":70,"caption":"Markt-XXL"},"image":{"@id":"https:\/\/marktxxl.de\/markt\/#\/schema\/logo\/image\/"}}]}},"_links":{"self":[{"href":"https:\/\/marktxxl.de\/markt\/wp-json\/wp\/v2\/product\/102334","targetHints":{"allow":["GET"]}}],"collection":[{"href":"https:\/\/marktxxl.de\/markt\/wp-json\/wp\/v2\/product"}],"about":[{"href":"https:\/\/marktxxl.de\/markt\/wp-json\/wp\/v2\/types\/product"}],"replies":[{"embeddable":true,"href":"https:\/\/marktxxl.de\/markt\/wp-json\/wp\/v2\/comments?post=102334"}],"wp:featuredmedia":[{"embeddable":true,"href":"https:\/\/marktxxl.de\/markt\/wp-json\/wp\/v2\/media\/102335"}],"wp:attachment":[{"href":"https:\/\/marktxxl.de\/markt\/wp-json\/wp\/v2\/media?parent=102334"}],"wp:term":[{"taxonomy":"product_brand","embeddable":true,"href":"https:\/\/marktxxl.de\/markt\/wp-json\/wp\/v2\/product_brand?post=102334"},{"taxonomy":"product_cat","embeddable":true,"href":"https:\/\/marktxxl.de\/markt\/wp-json\/wp\/v2\/product_cat?post=102334"},{"taxonomy":"product_tag","embeddable":true,"href":"https:\/\/marktxxl.de\/markt\/wp-json\/wp\/v2\/product_tag?post=102334"}],"curies":[{"name":"wp","href":"https:\/\/api.w.org\/{rel}","templated":true}]}}