{"id":102093,"date":"2022-01-27T18:48:42","date_gmt":"2022-01-27T17:48:42","guid":{"rendered":"https:\/\/marktxxl.de\/markt\/produkt\/satch-fly-rucksack-fuer-die-freizeit-rueckenpolster-grosses-hauptfach\/"},"modified":"2023-04-10T03:26:04","modified_gmt":"2023-04-10T01:26:04","slug":"satch-fly-rucksack-fuer-die-freizeit-rueckenpolster-grosses-hauptfach","status":"publish","type":"product","link":"https:\/\/marktxxl.de\/markt\/produkt\/satch-fly-rucksack-fuer-die-freizeit-rueckenpolster-grosses-hauptfach\/","title":{"rendered":"satch Kinder Wallet Rucksack"},"content":{"rendered":"<p>Der stylische Rucksack: Ob an den See, zum Sport oder zu den Freunden &#8211; mit dem satch fly hast du alle Essentials immer bei dir!<br \/>\nEasy Aufteilung: Gro\u00dfes Hauptfach mit Trennfach f\u00fcr Laptop oder Bl\u00e4tter. Kleineres Rei\u00dfverschluss vorne, Getr\u00e4nkefach au\u00dfen und Geheimfach am R\u00fccken.<br \/>\nGut gepolstert: Praktisches und schonendes R\u00fcckenpolster und gepolsterte Schultertr\u00e4ger f\u00fcr einen gesch\u00fctzten R\u00fccken.<br \/>\nProduktinfo: wasser- und schmutzabweisend, leichte Reinigung. Abmessungen 45x15x29 cm (H\/T\/B)<br \/>\nAus 15 PET Flaschen hergestellt: Wir verarbeiten ausschlie\u00dflich Textilien, die zu 100% recycelt werden &#8211; der Umwelt zur Liebe.<br \/>\n<div class=\"main-cross-sell\" data-asin=\"B08S8NFLNV\">\n\n\t<div class=\"WooZone-cross-sell-loader\">\n\t\t<div>\n\t\t\t<div id=\"floatingBarsG\">\n\t\t\t\t<div class=\"blockG\" id=\"rotateG_01\"><\/div>\n\t\t\t\t<div class=\"blockG\" id=\"rotateG_02\"><\/div>\n\t\t\t\t<div class=\"blockG\" id=\"rotateG_03\"><\/div>\n\t\t\t\t<div class=\"blockG\" id=\"rotateG_04\"><\/div>\n\t\t\t\t<div class=\"blockG\" id=\"rotateG_05\"><\/div>\n\t\t\t\t<div class=\"blockG\" id=\"rotateG_06\"><\/div>\n\t\t\t\t<div class=\"blockG\" id=\"rotateG_07\"><\/div>\n\t\t\t\t<div class=\"blockG\" id=\"rotateG_08\"><\/div>\n\t\t\t<\/div>\n\t\t\t<div class=\"WooZone-cross-sell-loader-text\"><\/div>\n\t\t<\/div>\n\t<\/div>\n\n\t\t\n<\/div>\n<div style=\"clear:both;\"><\/div><\/p>\n","protected":false},"excerpt":{"rendered":"<p>Der stylische Rucksack: Ob an den See, zum Sport oder zu den Freunden &#8211; mit dem satch fly hast du alle Essentials immer bei dir!<br \/>\nEasy Aufteilung: Gro\u00dfes Hauptfach mit Trennfach f\u00fcr Laptop oder Bl\u00e4tter. Kleineres Rei\u00dfverschluss vorne, Getr\u00e4nkefach au\u00dfen und Geheimfach am R\u00fccken.<br \/>\nGut gepolstert: Praktisches und schonendes R\u00fcckenpolster und gepolsterte Schultertr\u00e4ger f\u00fcr einen gesch\u00fctzten R\u00fccken.<\/p>\n","protected":false},"featured_media":102094,"comment_status":"open","ping_status":"closed","template":"","meta":[],"product_brand":[],"product_cat":[1186,3920],"product_tag":[],"class_list":{"0":"post-102093","1":"product","2":"type-product","3":"status-publish","4":"has-post-thumbnail","6":"product_cat-bekleidung","7":"product_cat-damen","8":"pa_binding-luggage","9":"pa_brand-satch","10":"pa_manufacturer-satch","11":"pa_model-sat-bsc-002-9c6","12":"pa_weight-1-10231131-pfund","14":"first","15":"instock","16":"shipping-taxable","17":"purchasable","18":"product-type-simple","19":"customify-col","20":"product-has-gallery"},"yoast_head":"<!-- This site is optimized with the Yoast SEO plugin v27.3 - https:\/\/yoast.com\/product\/yoast-seo-wordpress\/ -->\n<title>satch Kinder Wallet Rucksack - Markt-XXL<\/title>\n<meta name=\"description\" content=\"Markt-XXL satch Kinder Wallet Rucksack\" \/>\n<meta name=\"robots\" content=\"index, follow, max-snippet:-1, max-image-preview:large, max-video-preview:-1\" \/>\n<link rel=\"canonical\" href=\"https:\/\/marktxxl.de\/markt\/produkt\/satch-fly-rucksack-fuer-die-freizeit-rueckenpolster-grosses-hauptfach\/\" \/>\n<meta property=\"og:locale\" content=\"de_DE\" \/>\n<meta property=\"og:type\" content=\"article\" \/>\n<meta property=\"og:title\" content=\"satch Kinder Wallet Rucksack - Markt-XXL\" \/>\n<meta property=\"og:description\" content=\"Markt-XXL satch Kinder Wallet Rucksack\" \/>\n<meta property=\"og:url\" content=\"https:\/\/marktxxl.de\/markt\/produkt\/satch-fly-rucksack-fuer-die-freizeit-rueckenpolster-grosses-hauptfach\/\" \/>\n<meta property=\"og:site_name\" content=\"Markt-XXL\" \/>\n<meta property=\"article:modified_time\" content=\"2023-04-10T01:26:04+00:00\" \/>\n<meta property=\"og:image\" content=\"https:\/\/m.media-amazon.com\/images\/I\/41wsMV5wrCS._SL500_.jpg\" \/>\n\t<meta property=\"og:image:width\" content=\"500\" \/>\n\t<meta property=\"og:image:height\" content=\"500\" \/>\n\t<meta property=\"og:image:type\" content=\"image\/jpeg\" \/>\n<meta name=\"twitter:card\" content=\"summary_large_image\" \/>\n<meta name=\"twitter:label1\" content=\"Gesch\u00e4tzte Lesezeit\" \/>\n\t<meta name=\"twitter:data1\" content=\"1\u00a0Minute\" \/>\n<script type=\"application\/ld+json\" class=\"yoast-schema-graph\">{\"@context\":\"https:\\\/\\\/schema.org\",\"@graph\":[{\"@type\":\"WebPage\",\"@id\":\"https:\\\/\\\/marktxxl.de\\\/markt\\\/produkt\\\/satch-fly-rucksack-fuer-die-freizeit-rueckenpolster-grosses-hauptfach\\\/\",\"url\":\"https:\\\/\\\/marktxxl.de\\\/markt\\\/produkt\\\/satch-fly-rucksack-fuer-die-freizeit-rueckenpolster-grosses-hauptfach\\\/\",\"name\":\"satch Kinder Wallet Rucksack - Markt-XXL\",\"isPartOf\":{\"@id\":\"https:\\\/\\\/marktxxl.de\\\/markt\\\/#website\"},\"primaryImageOfPage\":{\"@id\":\"https:\\\/\\\/marktxxl.de\\\/markt\\\/produkt\\\/satch-fly-rucksack-fuer-die-freizeit-rueckenpolster-grosses-hauptfach\\\/#primaryimage\"},\"image\":{\"@id\":\"https:\\\/\\\/marktxxl.de\\\/markt\\\/produkt\\\/satch-fly-rucksack-fuer-die-freizeit-rueckenpolster-grosses-hauptfach\\\/#primaryimage\"},\"thumbnailUrl\":\"https:\\\/\\\/m.media-amazon.com\\\/images\\\/I\\\/41wsMV5wrCS._SL500_.jpg\",\"datePublished\":\"2022-01-27T17:48:42+00:00\",\"dateModified\":\"2023-04-10T01:26:04+00:00\",\"description\":\"Markt-XXL satch Kinder Wallet Rucksack\",\"breadcrumb\":{\"@id\":\"https:\\\/\\\/marktxxl.de\\\/markt\\\/produkt\\\/satch-fly-rucksack-fuer-die-freizeit-rueckenpolster-grosses-hauptfach\\\/#breadcrumb\"},\"inLanguage\":\"de\",\"potentialAction\":[{\"@type\":\"ReadAction\",\"target\":[\"https:\\\/\\\/marktxxl.de\\\/markt\\\/produkt\\\/satch-fly-rucksack-fuer-die-freizeit-rueckenpolster-grosses-hauptfach\\\/\"]}]},{\"@type\":\"ImageObject\",\"inLanguage\":\"de\",\"@id\":\"https:\\\/\\\/marktxxl.de\\\/markt\\\/produkt\\\/satch-fly-rucksack-fuer-die-freizeit-rueckenpolster-grosses-hauptfach\\\/#primaryimage\",\"url\":\"https:\\\/\\\/m.media-amazon.com\\\/images\\\/I\\\/41wsMV5wrCS._SL500_.jpg\",\"contentUrl\":\"https:\\\/\\\/m.media-amazon.com\\\/images\\\/I\\\/41wsMV5wrCS._SL500_.jpg\",\"width\":500,\"height\":500},{\"@type\":\"BreadcrumbList\",\"@id\":\"https:\\\/\\\/marktxxl.de\\\/markt\\\/produkt\\\/satch-fly-rucksack-fuer-die-freizeit-rueckenpolster-grosses-hauptfach\\\/#breadcrumb\",\"itemListElement\":[{\"@type\":\"ListItem\",\"position\":1,\"name\":\"Startseite\",\"item\":\"https:\\\/\\\/marktxxl.de\\\/markt\\\/\"},{\"@type\":\"ListItem\",\"position\":2,\"name\":\"Markt\",\"item\":\"https:\\\/\\\/marktxxl.de\\\/markt\\\/\"},{\"@type\":\"ListItem\",\"position\":3,\"name\":\"satch Kinder Wallet Rucksack\"}]},{\"@type\":\"WebSite\",\"@id\":\"https:\\\/\\\/marktxxl.de\\\/markt\\\/#website\",\"url\":\"https:\\\/\\\/marktxxl.de\\\/markt\\\/\",\"name\":\"Markt-XXL\",\"description\":\"Ihr Markt Online\",\"publisher\":{\"@id\":\"https:\\\/\\\/marktxxl.de\\\/markt\\\/#organization\"},\"potentialAction\":[{\"@type\":\"SearchAction\",\"target\":{\"@type\":\"EntryPoint\",\"urlTemplate\":\"https:\\\/\\\/marktxxl.de\\\/markt\\\/?s={search_term_string}\"},\"query-input\":{\"@type\":\"PropertyValueSpecification\",\"valueRequired\":true,\"valueName\":\"search_term_string\"}}],\"inLanguage\":\"de\"},{\"@type\":\"Organization\",\"@id\":\"https:\\\/\\\/marktxxl.de\\\/markt\\\/#organization\",\"name\":\"Markt-XXL\",\"url\":\"https:\\\/\\\/marktxxl.de\\\/markt\\\/\",\"logo\":{\"@type\":\"ImageObject\",\"inLanguage\":\"de\",\"@id\":\"https:\\\/\\\/marktxxl.de\\\/markt\\\/#\\\/schema\\\/logo\\\/image\\\/\",\"url\":\"https:\\\/\\\/marktxxl.de\\\/markt\\\/wp-content\\\/uploads\\\/sites\\\/3\\\/2020\\\/12\\\/logo.png\",\"contentUrl\":\"https:\\\/\\\/marktxxl.de\\\/markt\\\/wp-content\\\/uploads\\\/sites\\\/3\\\/2020\\\/12\\\/logo.png\",\"width\":200,\"height\":70,\"caption\":\"Markt-XXL\"},\"image\":{\"@id\":\"https:\\\/\\\/marktxxl.de\\\/markt\\\/#\\\/schema\\\/logo\\\/image\\\/\"}}]}<\/script>\n<!-- \/ Yoast SEO plugin. -->","yoast_head_json":{"title":"satch Kinder Wallet Rucksack - Markt-XXL","description":"Markt-XXL satch Kinder Wallet Rucksack","robots":{"index":"index","follow":"follow","max-snippet":"max-snippet:-1","max-image-preview":"max-image-preview:large","max-video-preview":"max-video-preview:-1"},"canonical":"https:\/\/marktxxl.de\/markt\/produkt\/satch-fly-rucksack-fuer-die-freizeit-rueckenpolster-grosses-hauptfach\/","og_locale":"de_DE","og_type":"article","og_title":"satch Kinder Wallet Rucksack - Markt-XXL","og_description":"Markt-XXL satch Kinder Wallet Rucksack","og_url":"https:\/\/marktxxl.de\/markt\/produkt\/satch-fly-rucksack-fuer-die-freizeit-rueckenpolster-grosses-hauptfach\/","og_site_name":"Markt-XXL","article_modified_time":"2023-04-10T01:26:04+00:00","og_image":[{"width":500,"height":500,"url":"https:\/\/m.media-amazon.com\/images\/I\/41wsMV5wrCS._SL500_.jpg","type":"image\/jpeg"}],"twitter_card":"summary_large_image","twitter_misc":{"Gesch\u00e4tzte Lesezeit":"1\u00a0Minute"},"schema":{"@context":"https:\/\/schema.org","@graph":[{"@type":"WebPage","@id":"https:\/\/marktxxl.de\/markt\/produkt\/satch-fly-rucksack-fuer-die-freizeit-rueckenpolster-grosses-hauptfach\/","url":"https:\/\/marktxxl.de\/markt\/produkt\/satch-fly-rucksack-fuer-die-freizeit-rueckenpolster-grosses-hauptfach\/","name":"satch Kinder Wallet Rucksack - Markt-XXL","isPartOf":{"@id":"https:\/\/marktxxl.de\/markt\/#website"},"primaryImageOfPage":{"@id":"https:\/\/marktxxl.de\/markt\/produkt\/satch-fly-rucksack-fuer-die-freizeit-rueckenpolster-grosses-hauptfach\/#primaryimage"},"image":{"@id":"https:\/\/marktxxl.de\/markt\/produkt\/satch-fly-rucksack-fuer-die-freizeit-rueckenpolster-grosses-hauptfach\/#primaryimage"},"thumbnailUrl":"https:\/\/m.media-amazon.com\/images\/I\/41wsMV5wrCS._SL500_.jpg","datePublished":"2022-01-27T17:48:42+00:00","dateModified":"2023-04-10T01:26:04+00:00","description":"Markt-XXL satch Kinder Wallet Rucksack","breadcrumb":{"@id":"https:\/\/marktxxl.de\/markt\/produkt\/satch-fly-rucksack-fuer-die-freizeit-rueckenpolster-grosses-hauptfach\/#breadcrumb"},"inLanguage":"de","potentialAction":[{"@type":"ReadAction","target":["https:\/\/marktxxl.de\/markt\/produkt\/satch-fly-rucksack-fuer-die-freizeit-rueckenpolster-grosses-hauptfach\/"]}]},{"@type":"ImageObject","inLanguage":"de","@id":"https:\/\/marktxxl.de\/markt\/produkt\/satch-fly-rucksack-fuer-die-freizeit-rueckenpolster-grosses-hauptfach\/#primaryimage","url":"https:\/\/m.media-amazon.com\/images\/I\/41wsMV5wrCS._SL500_.jpg","contentUrl":"https:\/\/m.media-amazon.com\/images\/I\/41wsMV5wrCS._SL500_.jpg","width":500,"height":500},{"@type":"BreadcrumbList","@id":"https:\/\/marktxxl.de\/markt\/produkt\/satch-fly-rucksack-fuer-die-freizeit-rueckenpolster-grosses-hauptfach\/#breadcrumb","itemListElement":[{"@type":"ListItem","position":1,"name":"Startseite","item":"https:\/\/marktxxl.de\/markt\/"},{"@type":"ListItem","position":2,"name":"Markt","item":"https:\/\/marktxxl.de\/markt\/"},{"@type":"ListItem","position":3,"name":"satch Kinder Wallet Rucksack"}]},{"@type":"WebSite","@id":"https:\/\/marktxxl.de\/markt\/#website","url":"https:\/\/marktxxl.de\/markt\/","name":"Markt-XXL","description":"Ihr Markt Online","publisher":{"@id":"https:\/\/marktxxl.de\/markt\/#organization"},"potentialAction":[{"@type":"SearchAction","target":{"@type":"EntryPoint","urlTemplate":"https:\/\/marktxxl.de\/markt\/?s={search_term_string}"},"query-input":{"@type":"PropertyValueSpecification","valueRequired":true,"valueName":"search_term_string"}}],"inLanguage":"de"},{"@type":"Organization","@id":"https:\/\/marktxxl.de\/markt\/#organization","name":"Markt-XXL","url":"https:\/\/marktxxl.de\/markt\/","logo":{"@type":"ImageObject","inLanguage":"de","@id":"https:\/\/marktxxl.de\/markt\/#\/schema\/logo\/image\/","url":"https:\/\/marktxxl.de\/markt\/wp-content\/uploads\/sites\/3\/2020\/12\/logo.png","contentUrl":"https:\/\/marktxxl.de\/markt\/wp-content\/uploads\/sites\/3\/2020\/12\/logo.png","width":200,"height":70,"caption":"Markt-XXL"},"image":{"@id":"https:\/\/marktxxl.de\/markt\/#\/schema\/logo\/image\/"}}]}},"_links":{"self":[{"href":"https:\/\/marktxxl.de\/markt\/wp-json\/wp\/v2\/product\/102093","targetHints":{"allow":["GET"]}}],"collection":[{"href":"https:\/\/marktxxl.de\/markt\/wp-json\/wp\/v2\/product"}],"about":[{"href":"https:\/\/marktxxl.de\/markt\/wp-json\/wp\/v2\/types\/product"}],"replies":[{"embeddable":true,"href":"https:\/\/marktxxl.de\/markt\/wp-json\/wp\/v2\/comments?post=102093"}],"wp:featuredmedia":[{"embeddable":true,"href":"https:\/\/marktxxl.de\/markt\/wp-json\/wp\/v2\/media\/102094"}],"wp:attachment":[{"href":"https:\/\/marktxxl.de\/markt\/wp-json\/wp\/v2\/media?parent=102093"}],"wp:term":[{"taxonomy":"product_brand","embeddable":true,"href":"https:\/\/marktxxl.de\/markt\/wp-json\/wp\/v2\/product_brand?post=102093"},{"taxonomy":"product_cat","embeddable":true,"href":"https:\/\/marktxxl.de\/markt\/wp-json\/wp\/v2\/product_cat?post=102093"},{"taxonomy":"product_tag","embeddable":true,"href":"https:\/\/marktxxl.de\/markt\/wp-json\/wp\/v2\/product_tag?post=102093"}],"curies":[{"name":"wp","href":"https:\/\/api.w.org\/{rel}","templated":true}]}}