{"id":101820,"date":"2022-01-27T18:36:26","date_gmt":"2022-01-27T17:36:26","guid":{"rendered":"https:\/\/marktxxl.de\/markt\/produkt\/bettgitter-150cmkinderbettgitter-bettschutzgitter-fuer-sicherheit-kleinkinder-beim-schlafenfallschutz-faltbare-tragbares-sicherer-mit-verstaerktem-anker-sicherheitssystem-grau\/"},"modified":"2023-04-10T03:25:18","modified_gmt":"2023-04-10T01:25:18","slug":"bettgitter-150cmkinderbettgitter-bettschutzgitter-fuer-sicherheit-kleinkinder-beim-schlafenfallschutz-faltbare-tragbares-sicherer-mit-verstaerktem-anker-sicherheitssystem-grau","status":"publish","type":"product","link":"https:\/\/marktxxl.de\/markt\/produkt\/bettgitter-150cmkinderbettgitter-bettschutzgitter-fuer-sicherheit-kleinkinder-beim-schlafenfallschutz-faltbare-tragbares-sicherer-mit-verstaerktem-anker-sicherheitssystem-grau\/","title":{"rendered":"Baby Bettgitter 150CM,Kinderbettgitter Bettschutzgitter f\u00fcr Sicherheit Kleinkinder beim Schlafen,Fallschutz Faltbare\u2026"},"content":{"rendered":"<p>Gr\u00f6\u00dfe: 150cm (L\u00e4nge) x 52cm (H\u00f6he).<br \/>\nMaterial: Oxford-Stoff, Nylon-Netz, gr\u00fcner Kunststoff, stabiler Eisenrohrrahmen, hochwertige Anti-Kollisions-Baumwolle.<br \/>\nGesunde Materialien\uff1aUm das gesunde Wachstum des Babys zu sch\u00fctzen, verwenden wir hochwertiges Nylongewebe. Das 1,5 mm dicke Netz ist atmungsaktiv, damit das Baby frei atmen kann. Es ist auch klarer und einfacher, die Aktivit\u00e4ten des Babys zu beobachten.<br \/>\nEinfach zu verwenden\uff1aBabybett-Gel\u00e4nder mit abnehmbarem, waschbarem, faltbarem Netz. Einfach zu montieren, kein Werkzeug erforderlich, bitte lesen Sie die Bedienungsanleitung, um den Eisenrohrrahmen und das Gel\u00e4nder zu montieren. Schlie\u00dflich befestigen Sie es zwischen der Matratze und dem Bettrahmen.<br \/>\nQualit\u00e4tssicherung\uff1aKOOLDOO ist ein professioneller Experte f\u00fcr Kinderprodukte, der nur sichere und umweltfreundliche Materialien verwendet. Wenn Sie irgendwelche Fragen haben, wenden Sie sich bitte zuerst an den Kundenservice, wir werden Ihnen eine zufriedenstellende Antwort geben.<br \/>\n<div class=\"main-cross-sell\" data-asin=\"B07T9KJJMC\">\n\n\t<div class=\"WooZone-cross-sell-loader\">\n\t\t<div>\n\t\t\t<div id=\"floatingBarsG\">\n\t\t\t\t<div class=\"blockG\" id=\"rotateG_01\"><\/div>\n\t\t\t\t<div class=\"blockG\" id=\"rotateG_02\"><\/div>\n\t\t\t\t<div class=\"blockG\" id=\"rotateG_03\"><\/div>\n\t\t\t\t<div class=\"blockG\" id=\"rotateG_04\"><\/div>\n\t\t\t\t<div class=\"blockG\" id=\"rotateG_05\"><\/div>\n\t\t\t\t<div class=\"blockG\" id=\"rotateG_06\"><\/div>\n\t\t\t\t<div class=\"blockG\" id=\"rotateG_07\"><\/div>\n\t\t\t\t<div class=\"blockG\" id=\"rotateG_08\"><\/div>\n\t\t\t<\/div>\n\t\t\t<div class=\"WooZone-cross-sell-loader-text\"><\/div>\n\t\t<\/div>\n\t<\/div>\n\n\t\t\n<\/div>\n<div style=\"clear:both;\"><\/div><\/p>\n","protected":false},"excerpt":{"rendered":"<p>Gr\u00f6\u00dfe: 150cm (L\u00e4nge) x 52cm (H\u00f6he).<br \/>\nMaterial: Oxford-Stoff, Nylon-Netz, gr\u00fcner Kunststoff, stabiler Eisenrohrrahmen, hochwertige Anti-Kollisions-Baumwolle.<br \/>\nGesunde Materialien\uff1aUm das gesunde Wachstum des Babys zu sch\u00fctzen, verwenden wir hochwertiges Nylongewebe. Das 1,5 mm dicke Netz ist atmungsaktiv, damit das Baby frei atmen kann. Es ist auch klarer und einfacher, die Aktivit\u00e4ten des Babys zu beobachten.<\/p>\n","protected":false},"featured_media":101821,"comment_status":"open","ping_status":"closed","template":"","meta":[],"product_brand":[],"product_cat":[21,9378],"product_tag":[],"class_list":{"0":"post-101820","1":"product","2":"type-product","3":"status-publish","4":"has-post-thumbnail","6":"product_cat-baby","7":"product_cat-sicherheit-baby","8":"pa_binding-babyartikel","9":"pa_brand-tatuner","10":"pa_manufacturer-kooldoo","12":"first","13":"instock","14":"shipping-taxable","15":"purchasable","16":"product-type-simple","17":"customify-col","18":"product-has-gallery"},"yoast_head":"<!-- This site is optimized with the Yoast SEO plugin v27.4 - https:\/\/yoast.com\/product\/yoast-seo-wordpress\/ -->\n<title>Baby Bettgitter 150CM,Kinderbettgitter Bettschutzgitter f\u00fcr Sicherheit Kleinkinder beim Schlafen,Fallschutz Faltbare\u2026 - Markt-XXL<\/title>\n<meta name=\"description\" content=\"Markt-XXL Baby Bettgitter 150CM,Kinderbettgitter Bettschutzgitter f\u00fcr Sicherheit Kleinkinder beim Schlafen,Fallschutz Faltbare\u2026\" \/>\n<meta name=\"robots\" content=\"index, follow, max-snippet:-1, max-image-preview:large, max-video-preview:-1\" \/>\n<link rel=\"canonical\" href=\"https:\/\/marktxxl.de\/markt\/produkt\/bettgitter-150cmkinderbettgitter-bettschutzgitter-fuer-sicherheit-kleinkinder-beim-schlafenfallschutz-faltbare-tragbares-sicherer-mit-verstaerktem-anker-sicherheitssystem-grau\/\" \/>\n<meta property=\"og:locale\" content=\"de_DE\" \/>\n<meta property=\"og:type\" content=\"article\" \/>\n<meta property=\"og:title\" content=\"Baby Bettgitter 150CM,Kinderbettgitter Bettschutzgitter f\u00fcr Sicherheit Kleinkinder beim Schlafen,Fallschutz Faltbare\u2026 - Markt-XXL\" \/>\n<meta property=\"og:description\" content=\"Markt-XXL Baby Bettgitter 150CM,Kinderbettgitter Bettschutzgitter f\u00fcr Sicherheit Kleinkinder beim Schlafen,Fallschutz Faltbare\u2026\" \/>\n<meta property=\"og:url\" content=\"https:\/\/marktxxl.de\/markt\/produkt\/bettgitter-150cmkinderbettgitter-bettschutzgitter-fuer-sicherheit-kleinkinder-beim-schlafenfallschutz-faltbare-tragbares-sicherer-mit-verstaerktem-anker-sicherheitssystem-grau\/\" \/>\n<meta property=\"og:site_name\" content=\"Markt-XXL\" \/>\n<meta property=\"article:modified_time\" content=\"2023-04-10T01:25:18+00:00\" \/>\n<meta property=\"og:image\" content=\"https:\/\/m.media-amazon.com\/images\/I\/416j4+4cP9L._SL500_.jpg\" \/>\n\t<meta property=\"og:image:width\" content=\"500\" \/>\n\t<meta property=\"og:image:height\" content=\"500\" \/>\n\t<meta property=\"og:image:type\" content=\"image\/jpeg\" \/>\n<meta name=\"twitter:card\" content=\"summary_large_image\" \/>\n<meta name=\"twitter:label1\" content=\"Gesch\u00e4tzte Lesezeit\" \/>\n\t<meta name=\"twitter:data1\" content=\"1\u00a0Minute\" \/>\n<script type=\"application\/ld+json\" class=\"yoast-schema-graph\">{\"@context\":\"https:\\\/\\\/schema.org\",\"@graph\":[{\"@type\":\"WebPage\",\"@id\":\"https:\\\/\\\/marktxxl.de\\\/markt\\\/produkt\\\/bettgitter-150cmkinderbettgitter-bettschutzgitter-fuer-sicherheit-kleinkinder-beim-schlafenfallschutz-faltbare-tragbares-sicherer-mit-verstaerktem-anker-sicherheitssystem-grau\\\/\",\"url\":\"https:\\\/\\\/marktxxl.de\\\/markt\\\/produkt\\\/bettgitter-150cmkinderbettgitter-bettschutzgitter-fuer-sicherheit-kleinkinder-beim-schlafenfallschutz-faltbare-tragbares-sicherer-mit-verstaerktem-anker-sicherheitssystem-grau\\\/\",\"name\":\"Baby Bettgitter 150CM,Kinderbettgitter Bettschutzgitter f\u00fcr Sicherheit Kleinkinder beim Schlafen,Fallschutz Faltbare\u2026 - Markt-XXL\",\"isPartOf\":{\"@id\":\"https:\\\/\\\/marktxxl.de\\\/markt\\\/#website\"},\"primaryImageOfPage\":{\"@id\":\"https:\\\/\\\/marktxxl.de\\\/markt\\\/produkt\\\/bettgitter-150cmkinderbettgitter-bettschutzgitter-fuer-sicherheit-kleinkinder-beim-schlafenfallschutz-faltbare-tragbares-sicherer-mit-verstaerktem-anker-sicherheitssystem-grau\\\/#primaryimage\"},\"image\":{\"@id\":\"https:\\\/\\\/marktxxl.de\\\/markt\\\/produkt\\\/bettgitter-150cmkinderbettgitter-bettschutzgitter-fuer-sicherheit-kleinkinder-beim-schlafenfallschutz-faltbare-tragbares-sicherer-mit-verstaerktem-anker-sicherheitssystem-grau\\\/#primaryimage\"},\"thumbnailUrl\":\"https:\\\/\\\/m.media-amazon.com\\\/images\\\/I\\\/416j4+4cP9L._SL500_.jpg\",\"datePublished\":\"2022-01-27T17:36:26+00:00\",\"dateModified\":\"2023-04-10T01:25:18+00:00\",\"description\":\"Markt-XXL Baby Bettgitter 150CM,Kinderbettgitter Bettschutzgitter f\u00fcr Sicherheit Kleinkinder beim Schlafen,Fallschutz Faltbare\u2026\",\"breadcrumb\":{\"@id\":\"https:\\\/\\\/marktxxl.de\\\/markt\\\/produkt\\\/bettgitter-150cmkinderbettgitter-bettschutzgitter-fuer-sicherheit-kleinkinder-beim-schlafenfallschutz-faltbare-tragbares-sicherer-mit-verstaerktem-anker-sicherheitssystem-grau\\\/#breadcrumb\"},\"inLanguage\":\"de\",\"potentialAction\":[{\"@type\":\"ReadAction\",\"target\":[\"https:\\\/\\\/marktxxl.de\\\/markt\\\/produkt\\\/bettgitter-150cmkinderbettgitter-bettschutzgitter-fuer-sicherheit-kleinkinder-beim-schlafenfallschutz-faltbare-tragbares-sicherer-mit-verstaerktem-anker-sicherheitssystem-grau\\\/\"]}]},{\"@type\":\"ImageObject\",\"inLanguage\":\"de\",\"@id\":\"https:\\\/\\\/marktxxl.de\\\/markt\\\/produkt\\\/bettgitter-150cmkinderbettgitter-bettschutzgitter-fuer-sicherheit-kleinkinder-beim-schlafenfallschutz-faltbare-tragbares-sicherer-mit-verstaerktem-anker-sicherheitssystem-grau\\\/#primaryimage\",\"url\":\"https:\\\/\\\/m.media-amazon.com\\\/images\\\/I\\\/416j4+4cP9L._SL500_.jpg\",\"contentUrl\":\"https:\\\/\\\/m.media-amazon.com\\\/images\\\/I\\\/416j4+4cP9L._SL500_.jpg\",\"width\":500,\"height\":500},{\"@type\":\"BreadcrumbList\",\"@id\":\"https:\\\/\\\/marktxxl.de\\\/markt\\\/produkt\\\/bettgitter-150cmkinderbettgitter-bettschutzgitter-fuer-sicherheit-kleinkinder-beim-schlafenfallschutz-faltbare-tragbares-sicherer-mit-verstaerktem-anker-sicherheitssystem-grau\\\/#breadcrumb\",\"itemListElement\":[{\"@type\":\"ListItem\",\"position\":1,\"name\":\"Startseite\",\"item\":\"https:\\\/\\\/marktxxl.de\\\/markt\\\/\"},{\"@type\":\"ListItem\",\"position\":2,\"name\":\"Markt\",\"item\":\"https:\\\/\\\/marktxxl.de\\\/markt\\\/\"},{\"@type\":\"ListItem\",\"position\":3,\"name\":\"Baby Bettgitter 150CM,Kinderbettgitter Bettschutzgitter f\u00fcr Sicherheit Kleinkinder beim Schlafen,Fallschutz Faltbare\u2026\"}]},{\"@type\":\"WebSite\",\"@id\":\"https:\\\/\\\/marktxxl.de\\\/markt\\\/#website\",\"url\":\"https:\\\/\\\/marktxxl.de\\\/markt\\\/\",\"name\":\"Markt-XXL\",\"description\":\"Ihr Markt Online\",\"publisher\":{\"@id\":\"https:\\\/\\\/marktxxl.de\\\/markt\\\/#organization\"},\"potentialAction\":[{\"@type\":\"SearchAction\",\"target\":{\"@type\":\"EntryPoint\",\"urlTemplate\":\"https:\\\/\\\/marktxxl.de\\\/markt\\\/?s={search_term_string}\"},\"query-input\":{\"@type\":\"PropertyValueSpecification\",\"valueRequired\":true,\"valueName\":\"search_term_string\"}}],\"inLanguage\":\"de\"},{\"@type\":\"Organization\",\"@id\":\"https:\\\/\\\/marktxxl.de\\\/markt\\\/#organization\",\"name\":\"Markt-XXL\",\"url\":\"https:\\\/\\\/marktxxl.de\\\/markt\\\/\",\"logo\":{\"@type\":\"ImageObject\",\"inLanguage\":\"de\",\"@id\":\"https:\\\/\\\/marktxxl.de\\\/markt\\\/#\\\/schema\\\/logo\\\/image\\\/\",\"url\":\"https:\\\/\\\/marktxxl.de\\\/markt\\\/wp-content\\\/uploads\\\/sites\\\/3\\\/2020\\\/12\\\/logo.png\",\"contentUrl\":\"https:\\\/\\\/marktxxl.de\\\/markt\\\/wp-content\\\/uploads\\\/sites\\\/3\\\/2020\\\/12\\\/logo.png\",\"width\":200,\"height\":70,\"caption\":\"Markt-XXL\"},\"image\":{\"@id\":\"https:\\\/\\\/marktxxl.de\\\/markt\\\/#\\\/schema\\\/logo\\\/image\\\/\"}}]}<\/script>\n<!-- \/ Yoast SEO plugin. -->","yoast_head_json":{"title":"Baby Bettgitter 150CM,Kinderbettgitter Bettschutzgitter f\u00fcr Sicherheit Kleinkinder beim Schlafen,Fallschutz Faltbare\u2026 - Markt-XXL","description":"Markt-XXL Baby Bettgitter 150CM,Kinderbettgitter Bettschutzgitter f\u00fcr Sicherheit Kleinkinder beim Schlafen,Fallschutz Faltbare\u2026","robots":{"index":"index","follow":"follow","max-snippet":"max-snippet:-1","max-image-preview":"max-image-preview:large","max-video-preview":"max-video-preview:-1"},"canonical":"https:\/\/marktxxl.de\/markt\/produkt\/bettgitter-150cmkinderbettgitter-bettschutzgitter-fuer-sicherheit-kleinkinder-beim-schlafenfallschutz-faltbare-tragbares-sicherer-mit-verstaerktem-anker-sicherheitssystem-grau\/","og_locale":"de_DE","og_type":"article","og_title":"Baby Bettgitter 150CM,Kinderbettgitter Bettschutzgitter f\u00fcr Sicherheit Kleinkinder beim Schlafen,Fallschutz Faltbare\u2026 - Markt-XXL","og_description":"Markt-XXL Baby Bettgitter 150CM,Kinderbettgitter Bettschutzgitter f\u00fcr Sicherheit Kleinkinder beim Schlafen,Fallschutz Faltbare\u2026","og_url":"https:\/\/marktxxl.de\/markt\/produkt\/bettgitter-150cmkinderbettgitter-bettschutzgitter-fuer-sicherheit-kleinkinder-beim-schlafenfallschutz-faltbare-tragbares-sicherer-mit-verstaerktem-anker-sicherheitssystem-grau\/","og_site_name":"Markt-XXL","article_modified_time":"2023-04-10T01:25:18+00:00","og_image":[{"width":500,"height":500,"url":"https:\/\/m.media-amazon.com\/images\/I\/416j4+4cP9L._SL500_.jpg","type":"image\/jpeg"}],"twitter_card":"summary_large_image","twitter_misc":{"Gesch\u00e4tzte Lesezeit":"1\u00a0Minute"},"schema":{"@context":"https:\/\/schema.org","@graph":[{"@type":"WebPage","@id":"https:\/\/marktxxl.de\/markt\/produkt\/bettgitter-150cmkinderbettgitter-bettschutzgitter-fuer-sicherheit-kleinkinder-beim-schlafenfallschutz-faltbare-tragbares-sicherer-mit-verstaerktem-anker-sicherheitssystem-grau\/","url":"https:\/\/marktxxl.de\/markt\/produkt\/bettgitter-150cmkinderbettgitter-bettschutzgitter-fuer-sicherheit-kleinkinder-beim-schlafenfallschutz-faltbare-tragbares-sicherer-mit-verstaerktem-anker-sicherheitssystem-grau\/","name":"Baby Bettgitter 150CM,Kinderbettgitter Bettschutzgitter f\u00fcr Sicherheit Kleinkinder beim Schlafen,Fallschutz Faltbare\u2026 - Markt-XXL","isPartOf":{"@id":"https:\/\/marktxxl.de\/markt\/#website"},"primaryImageOfPage":{"@id":"https:\/\/marktxxl.de\/markt\/produkt\/bettgitter-150cmkinderbettgitter-bettschutzgitter-fuer-sicherheit-kleinkinder-beim-schlafenfallschutz-faltbare-tragbares-sicherer-mit-verstaerktem-anker-sicherheitssystem-grau\/#primaryimage"},"image":{"@id":"https:\/\/marktxxl.de\/markt\/produkt\/bettgitter-150cmkinderbettgitter-bettschutzgitter-fuer-sicherheit-kleinkinder-beim-schlafenfallschutz-faltbare-tragbares-sicherer-mit-verstaerktem-anker-sicherheitssystem-grau\/#primaryimage"},"thumbnailUrl":"https:\/\/m.media-amazon.com\/images\/I\/416j4+4cP9L._SL500_.jpg","datePublished":"2022-01-27T17:36:26+00:00","dateModified":"2023-04-10T01:25:18+00:00","description":"Markt-XXL Baby Bettgitter 150CM,Kinderbettgitter Bettschutzgitter f\u00fcr Sicherheit Kleinkinder beim Schlafen,Fallschutz Faltbare\u2026","breadcrumb":{"@id":"https:\/\/marktxxl.de\/markt\/produkt\/bettgitter-150cmkinderbettgitter-bettschutzgitter-fuer-sicherheit-kleinkinder-beim-schlafenfallschutz-faltbare-tragbares-sicherer-mit-verstaerktem-anker-sicherheitssystem-grau\/#breadcrumb"},"inLanguage":"de","potentialAction":[{"@type":"ReadAction","target":["https:\/\/marktxxl.de\/markt\/produkt\/bettgitter-150cmkinderbettgitter-bettschutzgitter-fuer-sicherheit-kleinkinder-beim-schlafenfallschutz-faltbare-tragbares-sicherer-mit-verstaerktem-anker-sicherheitssystem-grau\/"]}]},{"@type":"ImageObject","inLanguage":"de","@id":"https:\/\/marktxxl.de\/markt\/produkt\/bettgitter-150cmkinderbettgitter-bettschutzgitter-fuer-sicherheit-kleinkinder-beim-schlafenfallschutz-faltbare-tragbares-sicherer-mit-verstaerktem-anker-sicherheitssystem-grau\/#primaryimage","url":"https:\/\/m.media-amazon.com\/images\/I\/416j4+4cP9L._SL500_.jpg","contentUrl":"https:\/\/m.media-amazon.com\/images\/I\/416j4+4cP9L._SL500_.jpg","width":500,"height":500},{"@type":"BreadcrumbList","@id":"https:\/\/marktxxl.de\/markt\/produkt\/bettgitter-150cmkinderbettgitter-bettschutzgitter-fuer-sicherheit-kleinkinder-beim-schlafenfallschutz-faltbare-tragbares-sicherer-mit-verstaerktem-anker-sicherheitssystem-grau\/#breadcrumb","itemListElement":[{"@type":"ListItem","position":1,"name":"Startseite","item":"https:\/\/marktxxl.de\/markt\/"},{"@type":"ListItem","position":2,"name":"Markt","item":"https:\/\/marktxxl.de\/markt\/"},{"@type":"ListItem","position":3,"name":"Baby Bettgitter 150CM,Kinderbettgitter Bettschutzgitter f\u00fcr Sicherheit Kleinkinder beim Schlafen,Fallschutz Faltbare\u2026"}]},{"@type":"WebSite","@id":"https:\/\/marktxxl.de\/markt\/#website","url":"https:\/\/marktxxl.de\/markt\/","name":"Markt-XXL","description":"Ihr Markt Online","publisher":{"@id":"https:\/\/marktxxl.de\/markt\/#organization"},"potentialAction":[{"@type":"SearchAction","target":{"@type":"EntryPoint","urlTemplate":"https:\/\/marktxxl.de\/markt\/?s={search_term_string}"},"query-input":{"@type":"PropertyValueSpecification","valueRequired":true,"valueName":"search_term_string"}}],"inLanguage":"de"},{"@type":"Organization","@id":"https:\/\/marktxxl.de\/markt\/#organization","name":"Markt-XXL","url":"https:\/\/marktxxl.de\/markt\/","logo":{"@type":"ImageObject","inLanguage":"de","@id":"https:\/\/marktxxl.de\/markt\/#\/schema\/logo\/image\/","url":"https:\/\/marktxxl.de\/markt\/wp-content\/uploads\/sites\/3\/2020\/12\/logo.png","contentUrl":"https:\/\/marktxxl.de\/markt\/wp-content\/uploads\/sites\/3\/2020\/12\/logo.png","width":200,"height":70,"caption":"Markt-XXL"},"image":{"@id":"https:\/\/marktxxl.de\/markt\/#\/schema\/logo\/image\/"}}]}},"_links":{"self":[{"href":"https:\/\/marktxxl.de\/markt\/wp-json\/wp\/v2\/product\/101820","targetHints":{"allow":["GET"]}}],"collection":[{"href":"https:\/\/marktxxl.de\/markt\/wp-json\/wp\/v2\/product"}],"about":[{"href":"https:\/\/marktxxl.de\/markt\/wp-json\/wp\/v2\/types\/product"}],"replies":[{"embeddable":true,"href":"https:\/\/marktxxl.de\/markt\/wp-json\/wp\/v2\/comments?post=101820"}],"wp:featuredmedia":[{"embeddable":true,"href":"https:\/\/marktxxl.de\/markt\/wp-json\/wp\/v2\/media\/101821"}],"wp:attachment":[{"href":"https:\/\/marktxxl.de\/markt\/wp-json\/wp\/v2\/media?parent=101820"}],"wp:term":[{"taxonomy":"product_brand","embeddable":true,"href":"https:\/\/marktxxl.de\/markt\/wp-json\/wp\/v2\/product_brand?post=101820"},{"taxonomy":"product_cat","embeddable":true,"href":"https:\/\/marktxxl.de\/markt\/wp-json\/wp\/v2\/product_cat?post=101820"},{"taxonomy":"product_tag","embeddable":true,"href":"https:\/\/marktxxl.de\/markt\/wp-json\/wp\/v2\/product_tag?post=101820"}],"curies":[{"name":"wp","href":"https:\/\/api.w.org\/{rel}","templated":true}]}}