{"id":101806,"date":"2022-01-27T18:35:48","date_gmt":"2022-01-27T17:35:48","guid":{"rendered":"https:\/\/marktxxl.de\/markt\/produkt\/urban-august-original-kuehlschrankschloss-multifunktionales-kabelschloss-mit-schluessel-fuer-kuehlschraenke-und-schraenke\/"},"modified":"2023-04-10T03:25:17","modified_gmt":"2023-04-10T01:25:17","slug":"urban-august-original-kuehlschrankschloss-multifunktionales-kabelschloss-mit-schluessel-fuer-kuehlschraenke-und-schraenke","status":"publish","type":"product","link":"https:\/\/marktxxl.de\/markt\/produkt\/urban-august-original-kuehlschrankschloss-multifunktionales-kabelschloss-mit-schluessel-fuer-kuehlschraenke-und-schraenke\/","title":{"rendered":"Urban August K\u00fchlschrankschloss: Multifunktionales Kabelschloss f\u00fcr K\u00fchlschr\u00e4nke und Schr\u00e4nke (1 St\u00fcck)"},"content":{"rendered":"<p>URBAN AUGUST SCHL\u00dcSSELSCHLOSS: Unser sicheres franz\u00f6sisches T\u00fcr- oder Side-by-Side-K\u00fchlschrankschloss besteht aus Edelstahlkabel und einem hochwertigen Schloss und ist optimal f\u00fcr den Schutz des Zugangs zu Ihrem K\u00fchlschrank oder Schrank. F\u00fcr T\u00fcrgriffe mit einem Durchmesser von bis zu 44 cm<br \/>\nOhne Klettverschluss oder Aufkleber. K\u00fchlschrankschloss f\u00fcr franz\u00f6sische T\u00fcr oder Doppelt\u00fcr. Einheitsgr\u00f6\u00dfe. Passend f\u00fcr alle K\u00fchlschr\u00e4nke mit franz\u00f6sischer T\u00fcr, au\u00dfer f\u00fcr diejenigen mit sehr breiten Griffen.<br \/>\nSchnittfest: Stark und stabil: Unser Schloss ist unter normalen Umst\u00e4nden praktisch unzerst\u00f6rbar. Auch wenn Ihr K\u00fchlschrank einen kleinen Durchmesser hat, wird er immer noch neugierige H\u00e4nde davon abhalten, Lebensmittel zu bekommen.<br \/>\nEinfache Installation: Einfach die Kombination in Richtung einstellen und um die T\u00fcrgriffe des K\u00fchlschranks legen. Die Kombination ist einfach zu wechseln. Die Standard-Kombination ist &#8216;000&#8217; und Anweisungen zum \u00c4ndern der Kombination sind in diesem Angebot enthalten. Vergessen Sie nicht Ihre Kombination<br \/>\nEmpfohlen f\u00fcr alle K\u00fcchen, in denen der Zugang zu Lebensmitteln oder Medikamenten ein Problem ist. W\u00e4hrend das Kabel und das Schloss stark sind, k\u00f6nnte es m\u00f6glich sein, das Schloss zu \u00f6ffnen. Daher sollten Sie bei der Verwendung unseres K\u00fchlschrank-T\u00fcrschlosses Diskretion treffen. Wenn Sie irgendwelche Probleme haben, kontaktieren Sie mir bitte (Internationaltie) und ich werde Ihnen bei Ihrem Problem helfen.<br \/>\n<div class=\"main-cross-sell\" data-asin=\"B09195K98S\">\n\n\t<div class=\"WooZone-cross-sell-loader\">\n\t\t<div>\n\t\t\t<div id=\"floatingBarsG\">\n\t\t\t\t<div class=\"blockG\" id=\"rotateG_01\"><\/div>\n\t\t\t\t<div class=\"blockG\" id=\"rotateG_02\"><\/div>\n\t\t\t\t<div class=\"blockG\" id=\"rotateG_03\"><\/div>\n\t\t\t\t<div class=\"blockG\" id=\"rotateG_04\"><\/div>\n\t\t\t\t<div class=\"blockG\" id=\"rotateG_05\"><\/div>\n\t\t\t\t<div class=\"blockG\" id=\"rotateG_06\"><\/div>\n\t\t\t\t<div class=\"blockG\" id=\"rotateG_07\"><\/div>\n\t\t\t\t<div class=\"blockG\" id=\"rotateG_08\"><\/div>\n\t\t\t<\/div>\n\t\t\t<div class=\"WooZone-cross-sell-loader-text\"><\/div>\n\t\t<\/div>\n\t<\/div>\n\n\t\t\n<\/div>\n<div style=\"clear:both;\"><\/div><\/p>\n","protected":false},"excerpt":{"rendered":"<p>URBAN AUGUST SCHL\u00dcSSELSCHLOSS: Unser sicheres franz\u00f6sisches T\u00fcr- oder Side-by-Side-K\u00fchlschrankschloss besteht aus Edelstahlkabel und einem hochwertigen Schloss und ist optimal f\u00fcr den Schutz des Zugangs zu Ihrem K\u00fchlschrank oder Schrank. F\u00fcr T\u00fcrgriffe mit einem Durchmesser von bis zu 44 cm<br \/>\nOhne Klettverschluss oder Aufkleber. K\u00fchlschrankschloss f\u00fcr franz\u00f6sische T\u00fcr oder Doppelt\u00fcr. Einheitsgr\u00f6\u00dfe. Passend f\u00fcr alle K\u00fchlschr\u00e4nke mit franz\u00f6sischer T\u00fcr, au\u00dfer f\u00fcr diejenigen mit sehr breiten Griffen.<br \/>\nSchnittfest: Stark und stabil: Unser Schloss ist unter normalen Umst\u00e4nden praktisch unzerst\u00f6rbar. Auch wenn Ihr K\u00fchlschrank einen kleinen Durchmesser hat, wird er immer noch neugierige H\u00e4nde davon abhalten, Lebensmittel zu bekommen.<\/p>\n","protected":false},"featured_media":101807,"comment_status":"open","ping_status":"closed","template":"","meta":[],"product_brand":[],"product_cat":[21,9378],"product_tag":[],"class_list":{"0":"post-101806","1":"product","2":"type-product","3":"status-publish","4":"has-post-thumbnail","6":"product_cat-baby","7":"product_cat-sicherheit-baby","8":"pa_brand-urban-august","9":"pa_manufacturer-urban-august","11":"first","12":"instock","13":"shipping-taxable","14":"purchasable","15":"product-type-simple","16":"customify-col","17":"product-has-gallery"},"yoast_head":"<!-- This site is optimized with the Yoast SEO plugin v27.4 - https:\/\/yoast.com\/product\/yoast-seo-wordpress\/ -->\n<title>Urban August K\u00fchlschrankschloss: Multifunktionales Kabelschloss f\u00fcr K\u00fchlschr\u00e4nke und Schr\u00e4nke (1 St\u00fcck) - Markt-XXL<\/title>\n<meta name=\"description\" content=\"Markt-XXL Urban August K\u00fchlschrankschloss: Multifunktionales Kabelschloss f\u00fcr K\u00fchlschr\u00e4nke und Schr\u00e4nke (1 St\u00fcck)\" \/>\n<meta name=\"robots\" content=\"index, follow, max-snippet:-1, max-image-preview:large, max-video-preview:-1\" \/>\n<link rel=\"canonical\" href=\"https:\/\/marktxxl.de\/markt\/produkt\/urban-august-original-kuehlschrankschloss-multifunktionales-kabelschloss-mit-schluessel-fuer-kuehlschraenke-und-schraenke\/\" \/>\n<meta property=\"og:locale\" content=\"de_DE\" \/>\n<meta property=\"og:type\" content=\"article\" \/>\n<meta property=\"og:title\" content=\"Urban August K\u00fchlschrankschloss: Multifunktionales Kabelschloss f\u00fcr K\u00fchlschr\u00e4nke und Schr\u00e4nke (1 St\u00fcck) - Markt-XXL\" \/>\n<meta property=\"og:description\" content=\"Markt-XXL Urban August K\u00fchlschrankschloss: Multifunktionales Kabelschloss f\u00fcr K\u00fchlschr\u00e4nke und Schr\u00e4nke (1 St\u00fcck)\" \/>\n<meta property=\"og:url\" content=\"https:\/\/marktxxl.de\/markt\/produkt\/urban-august-original-kuehlschrankschloss-multifunktionales-kabelschloss-mit-schluessel-fuer-kuehlschraenke-und-schraenke\/\" \/>\n<meta property=\"og:site_name\" content=\"Markt-XXL\" \/>\n<meta property=\"article:modified_time\" content=\"2023-04-10T01:25:17+00:00\" \/>\n<meta property=\"og:image\" content=\"https:\/\/m.media-amazon.com\/images\/I\/516xZphCSCL._SL500_.jpg\" \/>\n\t<meta property=\"og:image:width\" content=\"500\" \/>\n\t<meta property=\"og:image:height\" content=\"500\" \/>\n\t<meta property=\"og:image:type\" content=\"image\/jpeg\" \/>\n<meta name=\"twitter:card\" content=\"summary_large_image\" \/>\n<meta name=\"twitter:label1\" content=\"Gesch\u00e4tzte Lesezeit\" \/>\n\t<meta name=\"twitter:data1\" content=\"1\u00a0Minute\" \/>\n<script type=\"application\/ld+json\" class=\"yoast-schema-graph\">{\"@context\":\"https:\\\/\\\/schema.org\",\"@graph\":[{\"@type\":\"WebPage\",\"@id\":\"https:\\\/\\\/marktxxl.de\\\/markt\\\/produkt\\\/urban-august-original-kuehlschrankschloss-multifunktionales-kabelschloss-mit-schluessel-fuer-kuehlschraenke-und-schraenke\\\/\",\"url\":\"https:\\\/\\\/marktxxl.de\\\/markt\\\/produkt\\\/urban-august-original-kuehlschrankschloss-multifunktionales-kabelschloss-mit-schluessel-fuer-kuehlschraenke-und-schraenke\\\/\",\"name\":\"Urban August K\u00fchlschrankschloss: Multifunktionales Kabelschloss f\u00fcr K\u00fchlschr\u00e4nke und Schr\u00e4nke (1 St\u00fcck) - Markt-XXL\",\"isPartOf\":{\"@id\":\"https:\\\/\\\/marktxxl.de\\\/markt\\\/#website\"},\"primaryImageOfPage\":{\"@id\":\"https:\\\/\\\/marktxxl.de\\\/markt\\\/produkt\\\/urban-august-original-kuehlschrankschloss-multifunktionales-kabelschloss-mit-schluessel-fuer-kuehlschraenke-und-schraenke\\\/#primaryimage\"},\"image\":{\"@id\":\"https:\\\/\\\/marktxxl.de\\\/markt\\\/produkt\\\/urban-august-original-kuehlschrankschloss-multifunktionales-kabelschloss-mit-schluessel-fuer-kuehlschraenke-und-schraenke\\\/#primaryimage\"},\"thumbnailUrl\":\"https:\\\/\\\/m.media-amazon.com\\\/images\\\/I\\\/516xZphCSCL._SL500_.jpg\",\"datePublished\":\"2022-01-27T17:35:48+00:00\",\"dateModified\":\"2023-04-10T01:25:17+00:00\",\"description\":\"Markt-XXL Urban August K\u00fchlschrankschloss: Multifunktionales Kabelschloss f\u00fcr K\u00fchlschr\u00e4nke und Schr\u00e4nke (1 St\u00fcck)\",\"breadcrumb\":{\"@id\":\"https:\\\/\\\/marktxxl.de\\\/markt\\\/produkt\\\/urban-august-original-kuehlschrankschloss-multifunktionales-kabelschloss-mit-schluessel-fuer-kuehlschraenke-und-schraenke\\\/#breadcrumb\"},\"inLanguage\":\"de\",\"potentialAction\":[{\"@type\":\"ReadAction\",\"target\":[\"https:\\\/\\\/marktxxl.de\\\/markt\\\/produkt\\\/urban-august-original-kuehlschrankschloss-multifunktionales-kabelschloss-mit-schluessel-fuer-kuehlschraenke-und-schraenke\\\/\"]}]},{\"@type\":\"ImageObject\",\"inLanguage\":\"de\",\"@id\":\"https:\\\/\\\/marktxxl.de\\\/markt\\\/produkt\\\/urban-august-original-kuehlschrankschloss-multifunktionales-kabelschloss-mit-schluessel-fuer-kuehlschraenke-und-schraenke\\\/#primaryimage\",\"url\":\"https:\\\/\\\/m.media-amazon.com\\\/images\\\/I\\\/516xZphCSCL._SL500_.jpg\",\"contentUrl\":\"https:\\\/\\\/m.media-amazon.com\\\/images\\\/I\\\/516xZphCSCL._SL500_.jpg\",\"width\":500,\"height\":500},{\"@type\":\"BreadcrumbList\",\"@id\":\"https:\\\/\\\/marktxxl.de\\\/markt\\\/produkt\\\/urban-august-original-kuehlschrankschloss-multifunktionales-kabelschloss-mit-schluessel-fuer-kuehlschraenke-und-schraenke\\\/#breadcrumb\",\"itemListElement\":[{\"@type\":\"ListItem\",\"position\":1,\"name\":\"Startseite\",\"item\":\"https:\\\/\\\/marktxxl.de\\\/markt\\\/\"},{\"@type\":\"ListItem\",\"position\":2,\"name\":\"Markt\",\"item\":\"https:\\\/\\\/marktxxl.de\\\/markt\\\/\"},{\"@type\":\"ListItem\",\"position\":3,\"name\":\"Urban August K\u00fchlschrankschloss: Multifunktionales Kabelschloss f\u00fcr K\u00fchlschr\u00e4nke und Schr\u00e4nke (1 St\u00fcck)\"}]},{\"@type\":\"WebSite\",\"@id\":\"https:\\\/\\\/marktxxl.de\\\/markt\\\/#website\",\"url\":\"https:\\\/\\\/marktxxl.de\\\/markt\\\/\",\"name\":\"Markt-XXL\",\"description\":\"Ihr Markt Online\",\"publisher\":{\"@id\":\"https:\\\/\\\/marktxxl.de\\\/markt\\\/#organization\"},\"potentialAction\":[{\"@type\":\"SearchAction\",\"target\":{\"@type\":\"EntryPoint\",\"urlTemplate\":\"https:\\\/\\\/marktxxl.de\\\/markt\\\/?s={search_term_string}\"},\"query-input\":{\"@type\":\"PropertyValueSpecification\",\"valueRequired\":true,\"valueName\":\"search_term_string\"}}],\"inLanguage\":\"de\"},{\"@type\":\"Organization\",\"@id\":\"https:\\\/\\\/marktxxl.de\\\/markt\\\/#organization\",\"name\":\"Markt-XXL\",\"url\":\"https:\\\/\\\/marktxxl.de\\\/markt\\\/\",\"logo\":{\"@type\":\"ImageObject\",\"inLanguage\":\"de\",\"@id\":\"https:\\\/\\\/marktxxl.de\\\/markt\\\/#\\\/schema\\\/logo\\\/image\\\/\",\"url\":\"https:\\\/\\\/marktxxl.de\\\/markt\\\/wp-content\\\/uploads\\\/sites\\\/3\\\/2020\\\/12\\\/logo.png\",\"contentUrl\":\"https:\\\/\\\/marktxxl.de\\\/markt\\\/wp-content\\\/uploads\\\/sites\\\/3\\\/2020\\\/12\\\/logo.png\",\"width\":200,\"height\":70,\"caption\":\"Markt-XXL\"},\"image\":{\"@id\":\"https:\\\/\\\/marktxxl.de\\\/markt\\\/#\\\/schema\\\/logo\\\/image\\\/\"}}]}<\/script>\n<!-- \/ Yoast SEO plugin. -->","yoast_head_json":{"title":"Urban August K\u00fchlschrankschloss: Multifunktionales Kabelschloss f\u00fcr K\u00fchlschr\u00e4nke und Schr\u00e4nke (1 St\u00fcck) - Markt-XXL","description":"Markt-XXL Urban August K\u00fchlschrankschloss: Multifunktionales Kabelschloss f\u00fcr K\u00fchlschr\u00e4nke und Schr\u00e4nke (1 St\u00fcck)","robots":{"index":"index","follow":"follow","max-snippet":"max-snippet:-1","max-image-preview":"max-image-preview:large","max-video-preview":"max-video-preview:-1"},"canonical":"https:\/\/marktxxl.de\/markt\/produkt\/urban-august-original-kuehlschrankschloss-multifunktionales-kabelschloss-mit-schluessel-fuer-kuehlschraenke-und-schraenke\/","og_locale":"de_DE","og_type":"article","og_title":"Urban August K\u00fchlschrankschloss: Multifunktionales Kabelschloss f\u00fcr K\u00fchlschr\u00e4nke und Schr\u00e4nke (1 St\u00fcck) - Markt-XXL","og_description":"Markt-XXL Urban August K\u00fchlschrankschloss: Multifunktionales Kabelschloss f\u00fcr K\u00fchlschr\u00e4nke und Schr\u00e4nke (1 St\u00fcck)","og_url":"https:\/\/marktxxl.de\/markt\/produkt\/urban-august-original-kuehlschrankschloss-multifunktionales-kabelschloss-mit-schluessel-fuer-kuehlschraenke-und-schraenke\/","og_site_name":"Markt-XXL","article_modified_time":"2023-04-10T01:25:17+00:00","og_image":[{"width":500,"height":500,"url":"https:\/\/m.media-amazon.com\/images\/I\/516xZphCSCL._SL500_.jpg","type":"image\/jpeg"}],"twitter_card":"summary_large_image","twitter_misc":{"Gesch\u00e4tzte Lesezeit":"1\u00a0Minute"},"schema":{"@context":"https:\/\/schema.org","@graph":[{"@type":"WebPage","@id":"https:\/\/marktxxl.de\/markt\/produkt\/urban-august-original-kuehlschrankschloss-multifunktionales-kabelschloss-mit-schluessel-fuer-kuehlschraenke-und-schraenke\/","url":"https:\/\/marktxxl.de\/markt\/produkt\/urban-august-original-kuehlschrankschloss-multifunktionales-kabelschloss-mit-schluessel-fuer-kuehlschraenke-und-schraenke\/","name":"Urban August K\u00fchlschrankschloss: Multifunktionales Kabelschloss f\u00fcr K\u00fchlschr\u00e4nke und Schr\u00e4nke (1 St\u00fcck) - Markt-XXL","isPartOf":{"@id":"https:\/\/marktxxl.de\/markt\/#website"},"primaryImageOfPage":{"@id":"https:\/\/marktxxl.de\/markt\/produkt\/urban-august-original-kuehlschrankschloss-multifunktionales-kabelschloss-mit-schluessel-fuer-kuehlschraenke-und-schraenke\/#primaryimage"},"image":{"@id":"https:\/\/marktxxl.de\/markt\/produkt\/urban-august-original-kuehlschrankschloss-multifunktionales-kabelschloss-mit-schluessel-fuer-kuehlschraenke-und-schraenke\/#primaryimage"},"thumbnailUrl":"https:\/\/m.media-amazon.com\/images\/I\/516xZphCSCL._SL500_.jpg","datePublished":"2022-01-27T17:35:48+00:00","dateModified":"2023-04-10T01:25:17+00:00","description":"Markt-XXL Urban August K\u00fchlschrankschloss: Multifunktionales Kabelschloss f\u00fcr K\u00fchlschr\u00e4nke und Schr\u00e4nke (1 St\u00fcck)","breadcrumb":{"@id":"https:\/\/marktxxl.de\/markt\/produkt\/urban-august-original-kuehlschrankschloss-multifunktionales-kabelschloss-mit-schluessel-fuer-kuehlschraenke-und-schraenke\/#breadcrumb"},"inLanguage":"de","potentialAction":[{"@type":"ReadAction","target":["https:\/\/marktxxl.de\/markt\/produkt\/urban-august-original-kuehlschrankschloss-multifunktionales-kabelschloss-mit-schluessel-fuer-kuehlschraenke-und-schraenke\/"]}]},{"@type":"ImageObject","inLanguage":"de","@id":"https:\/\/marktxxl.de\/markt\/produkt\/urban-august-original-kuehlschrankschloss-multifunktionales-kabelschloss-mit-schluessel-fuer-kuehlschraenke-und-schraenke\/#primaryimage","url":"https:\/\/m.media-amazon.com\/images\/I\/516xZphCSCL._SL500_.jpg","contentUrl":"https:\/\/m.media-amazon.com\/images\/I\/516xZphCSCL._SL500_.jpg","width":500,"height":500},{"@type":"BreadcrumbList","@id":"https:\/\/marktxxl.de\/markt\/produkt\/urban-august-original-kuehlschrankschloss-multifunktionales-kabelschloss-mit-schluessel-fuer-kuehlschraenke-und-schraenke\/#breadcrumb","itemListElement":[{"@type":"ListItem","position":1,"name":"Startseite","item":"https:\/\/marktxxl.de\/markt\/"},{"@type":"ListItem","position":2,"name":"Markt","item":"https:\/\/marktxxl.de\/markt\/"},{"@type":"ListItem","position":3,"name":"Urban August K\u00fchlschrankschloss: Multifunktionales Kabelschloss f\u00fcr K\u00fchlschr\u00e4nke und Schr\u00e4nke (1 St\u00fcck)"}]},{"@type":"WebSite","@id":"https:\/\/marktxxl.de\/markt\/#website","url":"https:\/\/marktxxl.de\/markt\/","name":"Markt-XXL","description":"Ihr Markt Online","publisher":{"@id":"https:\/\/marktxxl.de\/markt\/#organization"},"potentialAction":[{"@type":"SearchAction","target":{"@type":"EntryPoint","urlTemplate":"https:\/\/marktxxl.de\/markt\/?s={search_term_string}"},"query-input":{"@type":"PropertyValueSpecification","valueRequired":true,"valueName":"search_term_string"}}],"inLanguage":"de"},{"@type":"Organization","@id":"https:\/\/marktxxl.de\/markt\/#organization","name":"Markt-XXL","url":"https:\/\/marktxxl.de\/markt\/","logo":{"@type":"ImageObject","inLanguage":"de","@id":"https:\/\/marktxxl.de\/markt\/#\/schema\/logo\/image\/","url":"https:\/\/marktxxl.de\/markt\/wp-content\/uploads\/sites\/3\/2020\/12\/logo.png","contentUrl":"https:\/\/marktxxl.de\/markt\/wp-content\/uploads\/sites\/3\/2020\/12\/logo.png","width":200,"height":70,"caption":"Markt-XXL"},"image":{"@id":"https:\/\/marktxxl.de\/markt\/#\/schema\/logo\/image\/"}}]}},"_links":{"self":[{"href":"https:\/\/marktxxl.de\/markt\/wp-json\/wp\/v2\/product\/101806","targetHints":{"allow":["GET"]}}],"collection":[{"href":"https:\/\/marktxxl.de\/markt\/wp-json\/wp\/v2\/product"}],"about":[{"href":"https:\/\/marktxxl.de\/markt\/wp-json\/wp\/v2\/types\/product"}],"replies":[{"embeddable":true,"href":"https:\/\/marktxxl.de\/markt\/wp-json\/wp\/v2\/comments?post=101806"}],"wp:featuredmedia":[{"embeddable":true,"href":"https:\/\/marktxxl.de\/markt\/wp-json\/wp\/v2\/media\/101807"}],"wp:attachment":[{"href":"https:\/\/marktxxl.de\/markt\/wp-json\/wp\/v2\/media?parent=101806"}],"wp:term":[{"taxonomy":"product_brand","embeddable":true,"href":"https:\/\/marktxxl.de\/markt\/wp-json\/wp\/v2\/product_brand?post=101806"},{"taxonomy":"product_cat","embeddable":true,"href":"https:\/\/marktxxl.de\/markt\/wp-json\/wp\/v2\/product_cat?post=101806"},{"taxonomy":"product_tag","embeddable":true,"href":"https:\/\/marktxxl.de\/markt\/wp-json\/wp\/v2\/product_tag?post=101806"}],"curies":[{"name":"wp","href":"https:\/\/api.w.org\/{rel}","templated":true}]}}