{"id":101779,"date":"2022-01-27T18:35:29","date_gmt":"2022-01-27T17:35:29","guid":{"rendered":"https:\/\/marktxxl.de\/markt\/produkt\/vegmai-30-stueck-steckdosenschutz-kindersicherung-mit-drehmechanismus-und-3m-aufkleber-ideal-fuer-babys-und-kleinkinder-im-haus-weiss-europaeische-schuko\/"},"modified":"2023-04-10T03:25:17","modified_gmt":"2023-04-10T01:25:17","slug":"vegmai-30-stueck-steckdosenschutz-kindersicherung-mit-drehmechanismus-und-3m-aufkleber-ideal-fuer-babys-und-kleinkinder-im-haus-weiss-europaeische-schuko","status":"publish","type":"product","link":"https:\/\/marktxxl.de\/markt\/produkt\/vegmai-30-stueck-steckdosenschutz-kindersicherung-mit-drehmechanismus-und-3m-aufkleber-ideal-fuer-babys-und-kleinkinder-im-haus-weiss-europaeische-schuko\/","title":{"rendered":"VegMai\u00ae [30 St\u00fcck] Steckdosenschutz, Kindersicherung, mit Drehmechanismus und 3M-Aufkleber, ideal f\u00fcr Babys und\u2026"},"content":{"rendered":"<p>Sch\u00fctzen Sie Babys und Kinder vor der elektrischen Steckdose: Die Neugier von Babys und Kindern ist bekannt, und deshalb ist es \u00e4u\u00dferst wichtig. Sch\u00fctzen Sie sie durch unsere Kindersicherung mit Drehmechanik. Im Gegensatz zu den auf dem Markt erh\u00e4ltlichen St\u00f6pseln, k\u00f6nnen Sie mit unserem Schutz die Steckdose weiterhin nutzen.<br \/>\n\u2714\ufe0f Hergestellt aus zugelassenen Materialien: Unsere elektrischen Steckdosensicherungen werden aus feuerfestem und feuerfestem ABS-Kunststoff hergestellt. 100 % sicher, ungiftig, vollst\u00e4ndig isolierend und geruchsfrei.<br \/>\n\ufe0f EINFACH UND FUNKTIONAL: Der Dreh- oder Drehmechanismus funktioniert automatisch. Wenn der Stecker aktiviert ist und eine Steckdose anschlie\u00dfen m\u00f6chte, stecken Sie einfach den Stecker in die beiden L\u00f6cher des Mechanismus und drehen ihn um 90 Grad nach rechts, bis der Mechanismus den Stecker vollst\u00e4ndig einf\u00fchren kann. Wenn der Stecker entfernt wird, dreht sich der Drehmechanismus automatisch um 90 Grad nach links, um den Stecker vollst\u00e4ndig zu sch\u00fctzen.<br \/>\nEinfache Installation und ohne Werkzeug: Unsere Abdeckung l\u00e4sst sich einfach ohne Werkzeug anbringen und muss nicht abgenommen werden. Es verf\u00fcgt \u00fcber einen integrierten Klebstoff auf dem Ger\u00e4t von 3M mit maximaler Haftung, der eine schnelle und unkomplizierte Installation erm\u00f6glicht. Es kann auch in Zukunft abgenommen werden, wenn Sie den Deckel nicht mehr nutzen m\u00f6chten, aber er ist stark genug, um sicherzustellen, dass kein Baby oder Kind ihn herausnehmen kann.<br \/>\nLieferumfang: 30 Schutzkappen\/Schutzkappen.<br \/>\n<div class=\"main-cross-sell\" data-asin=\"B09CPLM951\">\n\n\t<div class=\"WooZone-cross-sell-loader\">\n\t\t<div>\n\t\t\t<div id=\"floatingBarsG\">\n\t\t\t\t<div class=\"blockG\" id=\"rotateG_01\"><\/div>\n\t\t\t\t<div class=\"blockG\" id=\"rotateG_02\"><\/div>\n\t\t\t\t<div class=\"blockG\" id=\"rotateG_03\"><\/div>\n\t\t\t\t<div class=\"blockG\" id=\"rotateG_04\"><\/div>\n\t\t\t\t<div class=\"blockG\" id=\"rotateG_05\"><\/div>\n\t\t\t\t<div class=\"blockG\" id=\"rotateG_06\"><\/div>\n\t\t\t\t<div class=\"blockG\" id=\"rotateG_07\"><\/div>\n\t\t\t\t<div class=\"blockG\" id=\"rotateG_08\"><\/div>\n\t\t\t<\/div>\n\t\t\t<div class=\"WooZone-cross-sell-loader-text\"><\/div>\n\t\t<\/div>\n\t<\/div>\n\n\t\t\n<\/div>\n<div style=\"clear:both;\"><\/div><\/p>\n","protected":false},"excerpt":{"rendered":"<p>Sch\u00fctzen Sie Babys und Kinder vor der elektrischen Steckdose: Die Neugier von Babys und Kindern ist bekannt, und deshalb ist es \u00e4u\u00dferst wichtig. Sch\u00fctzen Sie sie durch unsere Kindersicherung mit Drehmechanik. Im Gegensatz zu den auf dem Markt erh\u00e4ltlichen St\u00f6pseln, k\u00f6nnen Sie mit unserem Schutz die Steckdose weiterhin nutzen.<br \/>\n\u2714\ufe0f Hergestellt aus zugelassenen Materialien: Unsere elektrischen Steckdosensicherungen werden aus feuerfestem und feuerfestem ABS-Kunststoff hergestellt. 100 % sicher, ungiftig, vollst\u00e4ndig isolierend und geruchsfrei.<br \/>\n\ufe0f EINFACH UND FUNKTIONAL: Der Dreh- oder Drehmechanismus funktioniert automatisch. Wenn der Stecker aktiviert ist und eine Steckdose anschlie\u00dfen m\u00f6chte, stecken Sie einfach den Stecker in die beiden L\u00f6cher des Mechanismus und drehen ihn um 90 Grad nach rechts, bis der Mechanismus den Stecker vollst\u00e4ndig einf\u00fchren kann. Wenn der Stecker entfernt wird, dreht sich der Drehmechanismus automatisch um 90 Grad nach links, um den Stecker vollst\u00e4ndig zu sch\u00fctzen.<\/p>\n","protected":false},"featured_media":101780,"comment_status":"open","ping_status":"closed","template":"","meta":[],"product_brand":[],"product_cat":[21,9378],"product_tag":[],"class_list":{"0":"post-101779","1":"product","2":"type-product","3":"status-publish","4":"has-post-thumbnail","6":"product_cat-baby","7":"product_cat-sicherheit-baby","8":"pa_binding-babyartikel","9":"pa_brand-vegmai","10":"pa_manufacturer-marc-soler-roldan","12":"first","13":"instock","14":"shipping-taxable","15":"purchasable","16":"product-type-simple","17":"customify-col","18":"product-has-gallery"},"yoast_head":"<!-- This site is optimized with the Yoast SEO plugin v27.4 - https:\/\/yoast.com\/product\/yoast-seo-wordpress\/ -->\n<title>VegMai\u00ae [30 St\u00fcck] Steckdosenschutz, Kindersicherung, mit Drehmechanismus und 3M-Aufkleber, ideal f\u00fcr Babys und\u2026 - Markt-XXL<\/title>\n<meta name=\"description\" content=\"Markt-XXL VegMai\u00ae [30 St\u00fcck] Steckdosenschutz, Kindersicherung, mit Drehmechanismus und 3M-Aufkleber, ideal f\u00fcr Babys und\u2026\" \/>\n<meta name=\"robots\" content=\"index, follow, max-snippet:-1, max-image-preview:large, max-video-preview:-1\" \/>\n<link rel=\"canonical\" href=\"https:\/\/marktxxl.de\/markt\/produkt\/vegmai-30-stueck-steckdosenschutz-kindersicherung-mit-drehmechanismus-und-3m-aufkleber-ideal-fuer-babys-und-kleinkinder-im-haus-weiss-europaeische-schuko\/\" \/>\n<meta property=\"og:locale\" content=\"de_DE\" \/>\n<meta property=\"og:type\" content=\"article\" \/>\n<meta property=\"og:title\" content=\"VegMai\u00ae [30 St\u00fcck] Steckdosenschutz, Kindersicherung, mit Drehmechanismus und 3M-Aufkleber, ideal f\u00fcr Babys und\u2026 - Markt-XXL\" \/>\n<meta property=\"og:description\" content=\"Markt-XXL VegMai\u00ae [30 St\u00fcck] Steckdosenschutz, Kindersicherung, mit Drehmechanismus und 3M-Aufkleber, ideal f\u00fcr Babys und\u2026\" \/>\n<meta property=\"og:url\" content=\"https:\/\/marktxxl.de\/markt\/produkt\/vegmai-30-stueck-steckdosenschutz-kindersicherung-mit-drehmechanismus-und-3m-aufkleber-ideal-fuer-babys-und-kleinkinder-im-haus-weiss-europaeische-schuko\/\" \/>\n<meta property=\"og:site_name\" content=\"Markt-XXL\" \/>\n<meta property=\"article:modified_time\" content=\"2023-04-10T01:25:17+00:00\" \/>\n<meta property=\"og:image\" content=\"https:\/\/m.media-amazon.com\/images\/I\/31YxSdy0v-L._SL500_.jpg\" \/>\n\t<meta property=\"og:image:width\" content=\"500\" \/>\n\t<meta property=\"og:image:height\" content=\"494\" \/>\n\t<meta property=\"og:image:type\" content=\"image\/jpeg\" \/>\n<meta name=\"twitter:card\" content=\"summary_large_image\" \/>\n<meta name=\"twitter:label1\" content=\"Gesch\u00e4tzte Lesezeit\" \/>\n\t<meta name=\"twitter:data1\" content=\"1\u00a0Minute\" \/>\n<script type=\"application\/ld+json\" class=\"yoast-schema-graph\">{\"@context\":\"https:\\\/\\\/schema.org\",\"@graph\":[{\"@type\":\"WebPage\",\"@id\":\"https:\\\/\\\/marktxxl.de\\\/markt\\\/produkt\\\/vegmai-30-stueck-steckdosenschutz-kindersicherung-mit-drehmechanismus-und-3m-aufkleber-ideal-fuer-babys-und-kleinkinder-im-haus-weiss-europaeische-schuko\\\/\",\"url\":\"https:\\\/\\\/marktxxl.de\\\/markt\\\/produkt\\\/vegmai-30-stueck-steckdosenschutz-kindersicherung-mit-drehmechanismus-und-3m-aufkleber-ideal-fuer-babys-und-kleinkinder-im-haus-weiss-europaeische-schuko\\\/\",\"name\":\"VegMai\u00ae [30 St\u00fcck] Steckdosenschutz, Kindersicherung, mit Drehmechanismus und 3M-Aufkleber, ideal f\u00fcr Babys und\u2026 - Markt-XXL\",\"isPartOf\":{\"@id\":\"https:\\\/\\\/marktxxl.de\\\/markt\\\/#website\"},\"primaryImageOfPage\":{\"@id\":\"https:\\\/\\\/marktxxl.de\\\/markt\\\/produkt\\\/vegmai-30-stueck-steckdosenschutz-kindersicherung-mit-drehmechanismus-und-3m-aufkleber-ideal-fuer-babys-und-kleinkinder-im-haus-weiss-europaeische-schuko\\\/#primaryimage\"},\"image\":{\"@id\":\"https:\\\/\\\/marktxxl.de\\\/markt\\\/produkt\\\/vegmai-30-stueck-steckdosenschutz-kindersicherung-mit-drehmechanismus-und-3m-aufkleber-ideal-fuer-babys-und-kleinkinder-im-haus-weiss-europaeische-schuko\\\/#primaryimage\"},\"thumbnailUrl\":\"https:\\\/\\\/m.media-amazon.com\\\/images\\\/I\\\/31YxSdy0v-L._SL500_.jpg\",\"datePublished\":\"2022-01-27T17:35:29+00:00\",\"dateModified\":\"2023-04-10T01:25:17+00:00\",\"description\":\"Markt-XXL VegMai\u00ae [30 St\u00fcck] Steckdosenschutz, Kindersicherung, mit Drehmechanismus und 3M-Aufkleber, ideal f\u00fcr Babys und\u2026\",\"breadcrumb\":{\"@id\":\"https:\\\/\\\/marktxxl.de\\\/markt\\\/produkt\\\/vegmai-30-stueck-steckdosenschutz-kindersicherung-mit-drehmechanismus-und-3m-aufkleber-ideal-fuer-babys-und-kleinkinder-im-haus-weiss-europaeische-schuko\\\/#breadcrumb\"},\"inLanguage\":\"de\",\"potentialAction\":[{\"@type\":\"ReadAction\",\"target\":[\"https:\\\/\\\/marktxxl.de\\\/markt\\\/produkt\\\/vegmai-30-stueck-steckdosenschutz-kindersicherung-mit-drehmechanismus-und-3m-aufkleber-ideal-fuer-babys-und-kleinkinder-im-haus-weiss-europaeische-schuko\\\/\"]}]},{\"@type\":\"ImageObject\",\"inLanguage\":\"de\",\"@id\":\"https:\\\/\\\/marktxxl.de\\\/markt\\\/produkt\\\/vegmai-30-stueck-steckdosenschutz-kindersicherung-mit-drehmechanismus-und-3m-aufkleber-ideal-fuer-babys-und-kleinkinder-im-haus-weiss-europaeische-schuko\\\/#primaryimage\",\"url\":\"https:\\\/\\\/m.media-amazon.com\\\/images\\\/I\\\/31YxSdy0v-L._SL500_.jpg\",\"contentUrl\":\"https:\\\/\\\/m.media-amazon.com\\\/images\\\/I\\\/31YxSdy0v-L._SL500_.jpg\",\"width\":500,\"height\":494},{\"@type\":\"BreadcrumbList\",\"@id\":\"https:\\\/\\\/marktxxl.de\\\/markt\\\/produkt\\\/vegmai-30-stueck-steckdosenschutz-kindersicherung-mit-drehmechanismus-und-3m-aufkleber-ideal-fuer-babys-und-kleinkinder-im-haus-weiss-europaeische-schuko\\\/#breadcrumb\",\"itemListElement\":[{\"@type\":\"ListItem\",\"position\":1,\"name\":\"Startseite\",\"item\":\"https:\\\/\\\/marktxxl.de\\\/markt\\\/\"},{\"@type\":\"ListItem\",\"position\":2,\"name\":\"Markt\",\"item\":\"https:\\\/\\\/marktxxl.de\\\/markt\\\/\"},{\"@type\":\"ListItem\",\"position\":3,\"name\":\"VegMai\u00ae [30 St\u00fcck] Steckdosenschutz, Kindersicherung, mit Drehmechanismus und 3M-Aufkleber, ideal f\u00fcr Babys und\u2026\"}]},{\"@type\":\"WebSite\",\"@id\":\"https:\\\/\\\/marktxxl.de\\\/markt\\\/#website\",\"url\":\"https:\\\/\\\/marktxxl.de\\\/markt\\\/\",\"name\":\"Markt-XXL\",\"description\":\"Ihr Markt Online\",\"publisher\":{\"@id\":\"https:\\\/\\\/marktxxl.de\\\/markt\\\/#organization\"},\"potentialAction\":[{\"@type\":\"SearchAction\",\"target\":{\"@type\":\"EntryPoint\",\"urlTemplate\":\"https:\\\/\\\/marktxxl.de\\\/markt\\\/?s={search_term_string}\"},\"query-input\":{\"@type\":\"PropertyValueSpecification\",\"valueRequired\":true,\"valueName\":\"search_term_string\"}}],\"inLanguage\":\"de\"},{\"@type\":\"Organization\",\"@id\":\"https:\\\/\\\/marktxxl.de\\\/markt\\\/#organization\",\"name\":\"Markt-XXL\",\"url\":\"https:\\\/\\\/marktxxl.de\\\/markt\\\/\",\"logo\":{\"@type\":\"ImageObject\",\"inLanguage\":\"de\",\"@id\":\"https:\\\/\\\/marktxxl.de\\\/markt\\\/#\\\/schema\\\/logo\\\/image\\\/\",\"url\":\"https:\\\/\\\/marktxxl.de\\\/markt\\\/wp-content\\\/uploads\\\/sites\\\/3\\\/2020\\\/12\\\/logo.png\",\"contentUrl\":\"https:\\\/\\\/marktxxl.de\\\/markt\\\/wp-content\\\/uploads\\\/sites\\\/3\\\/2020\\\/12\\\/logo.png\",\"width\":200,\"height\":70,\"caption\":\"Markt-XXL\"},\"image\":{\"@id\":\"https:\\\/\\\/marktxxl.de\\\/markt\\\/#\\\/schema\\\/logo\\\/image\\\/\"}}]}<\/script>\n<!-- \/ Yoast SEO plugin. -->","yoast_head_json":{"title":"VegMai\u00ae [30 St\u00fcck] Steckdosenschutz, Kindersicherung, mit Drehmechanismus und 3M-Aufkleber, ideal f\u00fcr Babys und\u2026 - Markt-XXL","description":"Markt-XXL VegMai\u00ae [30 St\u00fcck] Steckdosenschutz, Kindersicherung, mit Drehmechanismus und 3M-Aufkleber, ideal f\u00fcr Babys und\u2026","robots":{"index":"index","follow":"follow","max-snippet":"max-snippet:-1","max-image-preview":"max-image-preview:large","max-video-preview":"max-video-preview:-1"},"canonical":"https:\/\/marktxxl.de\/markt\/produkt\/vegmai-30-stueck-steckdosenschutz-kindersicherung-mit-drehmechanismus-und-3m-aufkleber-ideal-fuer-babys-und-kleinkinder-im-haus-weiss-europaeische-schuko\/","og_locale":"de_DE","og_type":"article","og_title":"VegMai\u00ae [30 St\u00fcck] Steckdosenschutz, Kindersicherung, mit Drehmechanismus und 3M-Aufkleber, ideal f\u00fcr Babys und\u2026 - Markt-XXL","og_description":"Markt-XXL VegMai\u00ae [30 St\u00fcck] Steckdosenschutz, Kindersicherung, mit Drehmechanismus und 3M-Aufkleber, ideal f\u00fcr Babys und\u2026","og_url":"https:\/\/marktxxl.de\/markt\/produkt\/vegmai-30-stueck-steckdosenschutz-kindersicherung-mit-drehmechanismus-und-3m-aufkleber-ideal-fuer-babys-und-kleinkinder-im-haus-weiss-europaeische-schuko\/","og_site_name":"Markt-XXL","article_modified_time":"2023-04-10T01:25:17+00:00","og_image":[{"width":500,"height":494,"url":"https:\/\/m.media-amazon.com\/images\/I\/31YxSdy0v-L._SL500_.jpg","type":"image\/jpeg"}],"twitter_card":"summary_large_image","twitter_misc":{"Gesch\u00e4tzte Lesezeit":"1\u00a0Minute"},"schema":{"@context":"https:\/\/schema.org","@graph":[{"@type":"WebPage","@id":"https:\/\/marktxxl.de\/markt\/produkt\/vegmai-30-stueck-steckdosenschutz-kindersicherung-mit-drehmechanismus-und-3m-aufkleber-ideal-fuer-babys-und-kleinkinder-im-haus-weiss-europaeische-schuko\/","url":"https:\/\/marktxxl.de\/markt\/produkt\/vegmai-30-stueck-steckdosenschutz-kindersicherung-mit-drehmechanismus-und-3m-aufkleber-ideal-fuer-babys-und-kleinkinder-im-haus-weiss-europaeische-schuko\/","name":"VegMai\u00ae [30 St\u00fcck] Steckdosenschutz, Kindersicherung, mit Drehmechanismus und 3M-Aufkleber, ideal f\u00fcr Babys und\u2026 - Markt-XXL","isPartOf":{"@id":"https:\/\/marktxxl.de\/markt\/#website"},"primaryImageOfPage":{"@id":"https:\/\/marktxxl.de\/markt\/produkt\/vegmai-30-stueck-steckdosenschutz-kindersicherung-mit-drehmechanismus-und-3m-aufkleber-ideal-fuer-babys-und-kleinkinder-im-haus-weiss-europaeische-schuko\/#primaryimage"},"image":{"@id":"https:\/\/marktxxl.de\/markt\/produkt\/vegmai-30-stueck-steckdosenschutz-kindersicherung-mit-drehmechanismus-und-3m-aufkleber-ideal-fuer-babys-und-kleinkinder-im-haus-weiss-europaeische-schuko\/#primaryimage"},"thumbnailUrl":"https:\/\/m.media-amazon.com\/images\/I\/31YxSdy0v-L._SL500_.jpg","datePublished":"2022-01-27T17:35:29+00:00","dateModified":"2023-04-10T01:25:17+00:00","description":"Markt-XXL VegMai\u00ae [30 St\u00fcck] Steckdosenschutz, Kindersicherung, mit Drehmechanismus und 3M-Aufkleber, ideal f\u00fcr Babys und\u2026","breadcrumb":{"@id":"https:\/\/marktxxl.de\/markt\/produkt\/vegmai-30-stueck-steckdosenschutz-kindersicherung-mit-drehmechanismus-und-3m-aufkleber-ideal-fuer-babys-und-kleinkinder-im-haus-weiss-europaeische-schuko\/#breadcrumb"},"inLanguage":"de","potentialAction":[{"@type":"ReadAction","target":["https:\/\/marktxxl.de\/markt\/produkt\/vegmai-30-stueck-steckdosenschutz-kindersicherung-mit-drehmechanismus-und-3m-aufkleber-ideal-fuer-babys-und-kleinkinder-im-haus-weiss-europaeische-schuko\/"]}]},{"@type":"ImageObject","inLanguage":"de","@id":"https:\/\/marktxxl.de\/markt\/produkt\/vegmai-30-stueck-steckdosenschutz-kindersicherung-mit-drehmechanismus-und-3m-aufkleber-ideal-fuer-babys-und-kleinkinder-im-haus-weiss-europaeische-schuko\/#primaryimage","url":"https:\/\/m.media-amazon.com\/images\/I\/31YxSdy0v-L._SL500_.jpg","contentUrl":"https:\/\/m.media-amazon.com\/images\/I\/31YxSdy0v-L._SL500_.jpg","width":500,"height":494},{"@type":"BreadcrumbList","@id":"https:\/\/marktxxl.de\/markt\/produkt\/vegmai-30-stueck-steckdosenschutz-kindersicherung-mit-drehmechanismus-und-3m-aufkleber-ideal-fuer-babys-und-kleinkinder-im-haus-weiss-europaeische-schuko\/#breadcrumb","itemListElement":[{"@type":"ListItem","position":1,"name":"Startseite","item":"https:\/\/marktxxl.de\/markt\/"},{"@type":"ListItem","position":2,"name":"Markt","item":"https:\/\/marktxxl.de\/markt\/"},{"@type":"ListItem","position":3,"name":"VegMai\u00ae [30 St\u00fcck] Steckdosenschutz, Kindersicherung, mit Drehmechanismus und 3M-Aufkleber, ideal f\u00fcr Babys und\u2026"}]},{"@type":"WebSite","@id":"https:\/\/marktxxl.de\/markt\/#website","url":"https:\/\/marktxxl.de\/markt\/","name":"Markt-XXL","description":"Ihr Markt Online","publisher":{"@id":"https:\/\/marktxxl.de\/markt\/#organization"},"potentialAction":[{"@type":"SearchAction","target":{"@type":"EntryPoint","urlTemplate":"https:\/\/marktxxl.de\/markt\/?s={search_term_string}"},"query-input":{"@type":"PropertyValueSpecification","valueRequired":true,"valueName":"search_term_string"}}],"inLanguage":"de"},{"@type":"Organization","@id":"https:\/\/marktxxl.de\/markt\/#organization","name":"Markt-XXL","url":"https:\/\/marktxxl.de\/markt\/","logo":{"@type":"ImageObject","inLanguage":"de","@id":"https:\/\/marktxxl.de\/markt\/#\/schema\/logo\/image\/","url":"https:\/\/marktxxl.de\/markt\/wp-content\/uploads\/sites\/3\/2020\/12\/logo.png","contentUrl":"https:\/\/marktxxl.de\/markt\/wp-content\/uploads\/sites\/3\/2020\/12\/logo.png","width":200,"height":70,"caption":"Markt-XXL"},"image":{"@id":"https:\/\/marktxxl.de\/markt\/#\/schema\/logo\/image\/"}}]}},"_links":{"self":[{"href":"https:\/\/marktxxl.de\/markt\/wp-json\/wp\/v2\/product\/101779","targetHints":{"allow":["GET"]}}],"collection":[{"href":"https:\/\/marktxxl.de\/markt\/wp-json\/wp\/v2\/product"}],"about":[{"href":"https:\/\/marktxxl.de\/markt\/wp-json\/wp\/v2\/types\/product"}],"replies":[{"embeddable":true,"href":"https:\/\/marktxxl.de\/markt\/wp-json\/wp\/v2\/comments?post=101779"}],"wp:featuredmedia":[{"embeddable":true,"href":"https:\/\/marktxxl.de\/markt\/wp-json\/wp\/v2\/media\/101780"}],"wp:attachment":[{"href":"https:\/\/marktxxl.de\/markt\/wp-json\/wp\/v2\/media?parent=101779"}],"wp:term":[{"taxonomy":"product_brand","embeddable":true,"href":"https:\/\/marktxxl.de\/markt\/wp-json\/wp\/v2\/product_brand?post=101779"},{"taxonomy":"product_cat","embeddable":true,"href":"https:\/\/marktxxl.de\/markt\/wp-json\/wp\/v2\/product_cat?post=101779"},{"taxonomy":"product_tag","embeddable":true,"href":"https:\/\/marktxxl.de\/markt\/wp-json\/wp\/v2\/product_tag?post=101779"}],"curies":[{"name":"wp","href":"https:\/\/api.w.org\/{rel}","templated":true}]}}