{"id":100636,"date":"2022-01-27T16:36:47","date_gmt":"2022-01-27T15:36:47","guid":{"rendered":"https:\/\/marktxxl.de\/markt\/produkt\/hanse-pro-uranin-100-g-i-markierungsfarbstoff-i-leckortung-i-leckageortung-i-dichtheitspruefung-i-wasserfaerbemittel-i-faerbemittel-i-pulver-i-fluorescein-i-lecksuchfarbe\/"},"modified":"2023-04-11T03:23:20","modified_gmt":"2023-04-11T01:23:20","slug":"hanse-pro-uranin-100-g-i-markierungsfarbstoff-i-leckortung-i-leckageortung-i-dichtheitspruefung-i-wasserfaerbemittel-i-faerbemittel-i-pulver-i-fluorescein-i-lecksuchfarbe","status":"publish","type":"product","link":"https:\/\/marktxxl.de\/markt\/produkt\/hanse-pro-uranin-100-g-i-markierungsfarbstoff-i-leckortung-i-leckageortung-i-dichtheitspruefung-i-wasserfaerbemittel-i-faerbemittel-i-pulver-i-fluorescein-i-lecksuchfarbe\/","title":{"rendered":"Hanse Pro Uranin, 1 x 100 g I Markierungsfarbstoff I Leckortung I Leckageortung I Dichtheitspr\u00fcfung I Wasserf\u00e4rbemittel\u2026"},"content":{"rendered":"<p>\u2713 EFFIZIENTER MARKIERUNGSFARBSTOFF: Uranin wid in Wasser gel\u00f6st und ist ein sehr stark fluoreszierender Farbstoff. Auch mit blo\u00dfem Auge ist Uranin im Wasser sehr gut sichtbar. Das Uranin-Pulver und auch hochkonzentrierte L\u00f6sungen sind dunkelrot. Die gelbgr\u00fcne bis gr\u00fcne Fluoreszierung entsteht bei Verd\u00fcnnung. Durch die intensive Farbe von Uranin werden kleinste Mengen von austretendem Wasser einfach sichtbar.<br \/>\n\u2713 UNIVERSELL EINSETZBAR: Uranin ist f\u00fcr die Lecksuche bei Durchsickern von Wasser, bei undichten Abwasserleitungen und bei feuchten Kellern bestens geeignet. Uranin kann auch zur Dichtheitspr\u00fcfung bei Flachd\u00e4chern sowie bei W\u00e4nden und Rohren in K\u00fchl- und Heizungsanlagen genutzt werden. Das Str\u00f6mungsverhalten in Schwimmb\u00e4dern kann ebenso dargestellt werden.<br \/>\n\u2713 EINFACHE ANWENDUNG: Uranin ist in Wasser leicht l\u00f6slich und best\u00e4ndig. Empfohlen wird eine Konzentration von 1 \u2013 20 g Uranin auf 1000 Liter Wasser.<br \/>\n\u2713 G\u00dcNSTIG: In g\u00fcnstigen Vorteils-Sets erh\u00e4ltlich, jeweils abgef\u00fcllt in praktischen 100g &#8211; Flaschen.<br \/>\n\u2713 SEHR ERGIEBIG: Schon 1 &#8211; 20g Uranin reichen f\u00fcr 1000 Liter Wasser.<br \/>\n<div class=\"main-cross-sell\" data-asin=\"B08V9JPVDV\">\n\n\t<div class=\"WooZone-cross-sell-loader\">\n\t\t<div>\n\t\t\t<div id=\"floatingBarsG\">\n\t\t\t\t<div class=\"blockG\" id=\"rotateG_01\"><\/div>\n\t\t\t\t<div class=\"blockG\" id=\"rotateG_02\"><\/div>\n\t\t\t\t<div class=\"blockG\" id=\"rotateG_03\"><\/div>\n\t\t\t\t<div class=\"blockG\" id=\"rotateG_04\"><\/div>\n\t\t\t\t<div class=\"blockG\" id=\"rotateG_05\"><\/div>\n\t\t\t\t<div class=\"blockG\" id=\"rotateG_06\"><\/div>\n\t\t\t\t<div class=\"blockG\" id=\"rotateG_07\"><\/div>\n\t\t\t\t<div class=\"blockG\" id=\"rotateG_08\"><\/div>\n\t\t\t<\/div>\n\t\t\t<div class=\"WooZone-cross-sell-loader-text\"><\/div>\n\t\t<\/div>\n\t<\/div>\n\n\t\t\n<\/div>\n<div style=\"clear:both;\"><\/div><\/p>\n","protected":false},"excerpt":{"rendered":"<p>\u2713 EFFIZIENTER MARKIERUNGSFARBSTOFF: Uranin wid in Wasser gel\u00f6st und ist ein sehr stark fluoreszierender Farbstoff. Auch mit blo\u00dfem Auge ist Uranin im Wasser sehr gut sichtbar. Das Uranin-Pulver und auch hochkonzentrierte L\u00f6sungen sind dunkelrot. Die gelbgr\u00fcne bis gr\u00fcne Fluoreszierung entsteht bei Verd\u00fcnnung. Durch die intensive Farbe von Uranin werden kleinste Mengen von austretendem Wasser einfach sichtbar.<br \/>\n\u2713 UNIVERSELL EINSETZBAR: Uranin ist f\u00fcr die Lecksuche bei Durchsickern von Wasser, bei undichten Abwasserleitungen und bei feuchten Kellern bestens geeignet. Uranin kann auch zur Dichtheitspr\u00fcfung bei Flachd\u00e4chern sowie bei W\u00e4nden und Rohren in K\u00fchl- und Heizungsanlagen genutzt werden. Das Str\u00f6mungsverhalten in Schwimmb\u00e4dern kann ebenso dargestellt werden.<br \/>\n\u2713 EINFACHE ANWENDUNG: Uranin ist in Wasser leicht l\u00f6slich und best\u00e4ndig. Empfohlen wird eine Konzentration von 1 \u2013 20 g Uranin auf 1000 Liter Wasser.<\/p>\n","protected":false},"featured_media":100637,"comment_status":"open","ping_status":"closed","template":"","meta":[],"product_brand":[],"product_cat":[1983,11319],"product_tag":[],"class_list":{"0":"post-100636","1":"product","2":"type-product","3":"status-publish","4":"has-post-thumbnail","6":"product_cat-baumarkt","7":"product_cat-sanitaer","8":"pa_brand-hanse-pro","9":"pa_manufacturer-hanse-pro","11":"first","12":"instock","13":"shipping-taxable","14":"purchasable","15":"product-type-simple","16":"customify-col","17":"product-has-gallery"},"yoast_head":"<!-- This site is optimized with the Yoast SEO plugin v27.4 - https:\/\/yoast.com\/product\/yoast-seo-wordpress\/ -->\n<title>Hanse Pro Uranin, 1 x 100 g I Markierungsfarbstoff I Leckortung I Leckageortung I Dichtheitspr\u00fcfung I Wasserf\u00e4rbemittel\u2026 - Markt-XXL<\/title>\n<meta name=\"description\" content=\"Markt-XXL Hanse Pro Uranin, 1 x 100 g I Markierungsfarbstoff I Leckortung I Leckageortung I Dichtheitspr\u00fcfung I Wasserf\u00e4rbemittel\u2026\" \/>\n<meta name=\"robots\" content=\"index, follow, max-snippet:-1, max-image-preview:large, max-video-preview:-1\" \/>\n<link rel=\"canonical\" href=\"https:\/\/marktxxl.de\/markt\/produkt\/hanse-pro-uranin-100-g-i-markierungsfarbstoff-i-leckortung-i-leckageortung-i-dichtheitspruefung-i-wasserfaerbemittel-i-faerbemittel-i-pulver-i-fluorescein-i-lecksuchfarbe\/\" \/>\n<meta property=\"og:locale\" content=\"de_DE\" \/>\n<meta property=\"og:type\" content=\"article\" \/>\n<meta property=\"og:title\" content=\"Hanse Pro Uranin, 1 x 100 g I Markierungsfarbstoff I Leckortung I Leckageortung I Dichtheitspr\u00fcfung I Wasserf\u00e4rbemittel\u2026 - Markt-XXL\" \/>\n<meta property=\"og:description\" content=\"Markt-XXL Hanse Pro Uranin, 1 x 100 g I Markierungsfarbstoff I Leckortung I Leckageortung I Dichtheitspr\u00fcfung I Wasserf\u00e4rbemittel\u2026\" \/>\n<meta property=\"og:url\" content=\"https:\/\/marktxxl.de\/markt\/produkt\/hanse-pro-uranin-100-g-i-markierungsfarbstoff-i-leckortung-i-leckageortung-i-dichtheitspruefung-i-wasserfaerbemittel-i-faerbemittel-i-pulver-i-fluorescein-i-lecksuchfarbe\/\" \/>\n<meta property=\"og:site_name\" content=\"Markt-XXL\" \/>\n<meta property=\"article:modified_time\" content=\"2023-04-11T01:23:20+00:00\" \/>\n<meta property=\"og:image\" content=\"https:\/\/m.media-amazon.com\/images\/I\/31Y46GaP7YL._SL500_.jpg\" \/>\n\t<meta property=\"og:image:width\" content=\"500\" \/>\n\t<meta property=\"og:image:height\" content=\"500\" \/>\n\t<meta property=\"og:image:type\" content=\"image\/jpeg\" \/>\n<meta name=\"twitter:card\" content=\"summary_large_image\" \/>\n<meta name=\"twitter:label1\" content=\"Gesch\u00e4tzte Lesezeit\" \/>\n\t<meta name=\"twitter:data1\" content=\"1\u00a0Minute\" \/>\n<script type=\"application\/ld+json\" class=\"yoast-schema-graph\">{\"@context\":\"https:\\\/\\\/schema.org\",\"@graph\":[{\"@type\":\"WebPage\",\"@id\":\"https:\\\/\\\/marktxxl.de\\\/markt\\\/produkt\\\/hanse-pro-uranin-100-g-i-markierungsfarbstoff-i-leckortung-i-leckageortung-i-dichtheitspruefung-i-wasserfaerbemittel-i-faerbemittel-i-pulver-i-fluorescein-i-lecksuchfarbe\\\/\",\"url\":\"https:\\\/\\\/marktxxl.de\\\/markt\\\/produkt\\\/hanse-pro-uranin-100-g-i-markierungsfarbstoff-i-leckortung-i-leckageortung-i-dichtheitspruefung-i-wasserfaerbemittel-i-faerbemittel-i-pulver-i-fluorescein-i-lecksuchfarbe\\\/\",\"name\":\"Hanse Pro Uranin, 1 x 100 g I Markierungsfarbstoff I Leckortung I Leckageortung I Dichtheitspr\u00fcfung I Wasserf\u00e4rbemittel\u2026 - Markt-XXL\",\"isPartOf\":{\"@id\":\"https:\\\/\\\/marktxxl.de\\\/markt\\\/#website\"},\"primaryImageOfPage\":{\"@id\":\"https:\\\/\\\/marktxxl.de\\\/markt\\\/produkt\\\/hanse-pro-uranin-100-g-i-markierungsfarbstoff-i-leckortung-i-leckageortung-i-dichtheitspruefung-i-wasserfaerbemittel-i-faerbemittel-i-pulver-i-fluorescein-i-lecksuchfarbe\\\/#primaryimage\"},\"image\":{\"@id\":\"https:\\\/\\\/marktxxl.de\\\/markt\\\/produkt\\\/hanse-pro-uranin-100-g-i-markierungsfarbstoff-i-leckortung-i-leckageortung-i-dichtheitspruefung-i-wasserfaerbemittel-i-faerbemittel-i-pulver-i-fluorescein-i-lecksuchfarbe\\\/#primaryimage\"},\"thumbnailUrl\":\"https:\\\/\\\/m.media-amazon.com\\\/images\\\/I\\\/31Y46GaP7YL._SL500_.jpg\",\"datePublished\":\"2022-01-27T15:36:47+00:00\",\"dateModified\":\"2023-04-11T01:23:20+00:00\",\"description\":\"Markt-XXL Hanse Pro Uranin, 1 x 100 g I Markierungsfarbstoff I Leckortung I Leckageortung I Dichtheitspr\u00fcfung I Wasserf\u00e4rbemittel\u2026\",\"breadcrumb\":{\"@id\":\"https:\\\/\\\/marktxxl.de\\\/markt\\\/produkt\\\/hanse-pro-uranin-100-g-i-markierungsfarbstoff-i-leckortung-i-leckageortung-i-dichtheitspruefung-i-wasserfaerbemittel-i-faerbemittel-i-pulver-i-fluorescein-i-lecksuchfarbe\\\/#breadcrumb\"},\"inLanguage\":\"de\",\"potentialAction\":[{\"@type\":\"ReadAction\",\"target\":[\"https:\\\/\\\/marktxxl.de\\\/markt\\\/produkt\\\/hanse-pro-uranin-100-g-i-markierungsfarbstoff-i-leckortung-i-leckageortung-i-dichtheitspruefung-i-wasserfaerbemittel-i-faerbemittel-i-pulver-i-fluorescein-i-lecksuchfarbe\\\/\"]}]},{\"@type\":\"ImageObject\",\"inLanguage\":\"de\",\"@id\":\"https:\\\/\\\/marktxxl.de\\\/markt\\\/produkt\\\/hanse-pro-uranin-100-g-i-markierungsfarbstoff-i-leckortung-i-leckageortung-i-dichtheitspruefung-i-wasserfaerbemittel-i-faerbemittel-i-pulver-i-fluorescein-i-lecksuchfarbe\\\/#primaryimage\",\"url\":\"https:\\\/\\\/m.media-amazon.com\\\/images\\\/I\\\/31Y46GaP7YL._SL500_.jpg\",\"contentUrl\":\"https:\\\/\\\/m.media-amazon.com\\\/images\\\/I\\\/31Y46GaP7YL._SL500_.jpg\",\"width\":500,\"height\":500},{\"@type\":\"BreadcrumbList\",\"@id\":\"https:\\\/\\\/marktxxl.de\\\/markt\\\/produkt\\\/hanse-pro-uranin-100-g-i-markierungsfarbstoff-i-leckortung-i-leckageortung-i-dichtheitspruefung-i-wasserfaerbemittel-i-faerbemittel-i-pulver-i-fluorescein-i-lecksuchfarbe\\\/#breadcrumb\",\"itemListElement\":[{\"@type\":\"ListItem\",\"position\":1,\"name\":\"Startseite\",\"item\":\"https:\\\/\\\/marktxxl.de\\\/markt\\\/\"},{\"@type\":\"ListItem\",\"position\":2,\"name\":\"Markt\",\"item\":\"https:\\\/\\\/marktxxl.de\\\/markt\\\/\"},{\"@type\":\"ListItem\",\"position\":3,\"name\":\"Hanse Pro Uranin, 1 x 100 g I Markierungsfarbstoff I Leckortung I Leckageortung I Dichtheitspr\u00fcfung I Wasserf\u00e4rbemittel\u2026\"}]},{\"@type\":\"WebSite\",\"@id\":\"https:\\\/\\\/marktxxl.de\\\/markt\\\/#website\",\"url\":\"https:\\\/\\\/marktxxl.de\\\/markt\\\/\",\"name\":\"Markt-XXL\",\"description\":\"Ihr Markt Online\",\"publisher\":{\"@id\":\"https:\\\/\\\/marktxxl.de\\\/markt\\\/#organization\"},\"potentialAction\":[{\"@type\":\"SearchAction\",\"target\":{\"@type\":\"EntryPoint\",\"urlTemplate\":\"https:\\\/\\\/marktxxl.de\\\/markt\\\/?s={search_term_string}\"},\"query-input\":{\"@type\":\"PropertyValueSpecification\",\"valueRequired\":true,\"valueName\":\"search_term_string\"}}],\"inLanguage\":\"de\"},{\"@type\":\"Organization\",\"@id\":\"https:\\\/\\\/marktxxl.de\\\/markt\\\/#organization\",\"name\":\"Markt-XXL\",\"url\":\"https:\\\/\\\/marktxxl.de\\\/markt\\\/\",\"logo\":{\"@type\":\"ImageObject\",\"inLanguage\":\"de\",\"@id\":\"https:\\\/\\\/marktxxl.de\\\/markt\\\/#\\\/schema\\\/logo\\\/image\\\/\",\"url\":\"https:\\\/\\\/marktxxl.de\\\/markt\\\/wp-content\\\/uploads\\\/sites\\\/3\\\/2020\\\/12\\\/logo.png\",\"contentUrl\":\"https:\\\/\\\/marktxxl.de\\\/markt\\\/wp-content\\\/uploads\\\/sites\\\/3\\\/2020\\\/12\\\/logo.png\",\"width\":200,\"height\":70,\"caption\":\"Markt-XXL\"},\"image\":{\"@id\":\"https:\\\/\\\/marktxxl.de\\\/markt\\\/#\\\/schema\\\/logo\\\/image\\\/\"}}]}<\/script>\n<!-- \/ Yoast SEO plugin. -->","yoast_head_json":{"title":"Hanse Pro Uranin, 1 x 100 g I Markierungsfarbstoff I Leckortung I Leckageortung I Dichtheitspr\u00fcfung I Wasserf\u00e4rbemittel\u2026 - Markt-XXL","description":"Markt-XXL Hanse Pro Uranin, 1 x 100 g I Markierungsfarbstoff I Leckortung I Leckageortung I Dichtheitspr\u00fcfung I Wasserf\u00e4rbemittel\u2026","robots":{"index":"index","follow":"follow","max-snippet":"max-snippet:-1","max-image-preview":"max-image-preview:large","max-video-preview":"max-video-preview:-1"},"canonical":"https:\/\/marktxxl.de\/markt\/produkt\/hanse-pro-uranin-100-g-i-markierungsfarbstoff-i-leckortung-i-leckageortung-i-dichtheitspruefung-i-wasserfaerbemittel-i-faerbemittel-i-pulver-i-fluorescein-i-lecksuchfarbe\/","og_locale":"de_DE","og_type":"article","og_title":"Hanse Pro Uranin, 1 x 100 g I Markierungsfarbstoff I Leckortung I Leckageortung I Dichtheitspr\u00fcfung I Wasserf\u00e4rbemittel\u2026 - Markt-XXL","og_description":"Markt-XXL Hanse Pro Uranin, 1 x 100 g I Markierungsfarbstoff I Leckortung I Leckageortung I Dichtheitspr\u00fcfung I Wasserf\u00e4rbemittel\u2026","og_url":"https:\/\/marktxxl.de\/markt\/produkt\/hanse-pro-uranin-100-g-i-markierungsfarbstoff-i-leckortung-i-leckageortung-i-dichtheitspruefung-i-wasserfaerbemittel-i-faerbemittel-i-pulver-i-fluorescein-i-lecksuchfarbe\/","og_site_name":"Markt-XXL","article_modified_time":"2023-04-11T01:23:20+00:00","og_image":[{"width":500,"height":500,"url":"https:\/\/m.media-amazon.com\/images\/I\/31Y46GaP7YL._SL500_.jpg","type":"image\/jpeg"}],"twitter_card":"summary_large_image","twitter_misc":{"Gesch\u00e4tzte Lesezeit":"1\u00a0Minute"},"schema":{"@context":"https:\/\/schema.org","@graph":[{"@type":"WebPage","@id":"https:\/\/marktxxl.de\/markt\/produkt\/hanse-pro-uranin-100-g-i-markierungsfarbstoff-i-leckortung-i-leckageortung-i-dichtheitspruefung-i-wasserfaerbemittel-i-faerbemittel-i-pulver-i-fluorescein-i-lecksuchfarbe\/","url":"https:\/\/marktxxl.de\/markt\/produkt\/hanse-pro-uranin-100-g-i-markierungsfarbstoff-i-leckortung-i-leckageortung-i-dichtheitspruefung-i-wasserfaerbemittel-i-faerbemittel-i-pulver-i-fluorescein-i-lecksuchfarbe\/","name":"Hanse Pro Uranin, 1 x 100 g I Markierungsfarbstoff I Leckortung I Leckageortung I Dichtheitspr\u00fcfung I Wasserf\u00e4rbemittel\u2026 - Markt-XXL","isPartOf":{"@id":"https:\/\/marktxxl.de\/markt\/#website"},"primaryImageOfPage":{"@id":"https:\/\/marktxxl.de\/markt\/produkt\/hanse-pro-uranin-100-g-i-markierungsfarbstoff-i-leckortung-i-leckageortung-i-dichtheitspruefung-i-wasserfaerbemittel-i-faerbemittel-i-pulver-i-fluorescein-i-lecksuchfarbe\/#primaryimage"},"image":{"@id":"https:\/\/marktxxl.de\/markt\/produkt\/hanse-pro-uranin-100-g-i-markierungsfarbstoff-i-leckortung-i-leckageortung-i-dichtheitspruefung-i-wasserfaerbemittel-i-faerbemittel-i-pulver-i-fluorescein-i-lecksuchfarbe\/#primaryimage"},"thumbnailUrl":"https:\/\/m.media-amazon.com\/images\/I\/31Y46GaP7YL._SL500_.jpg","datePublished":"2022-01-27T15:36:47+00:00","dateModified":"2023-04-11T01:23:20+00:00","description":"Markt-XXL Hanse Pro Uranin, 1 x 100 g I Markierungsfarbstoff I Leckortung I Leckageortung I Dichtheitspr\u00fcfung I Wasserf\u00e4rbemittel\u2026","breadcrumb":{"@id":"https:\/\/marktxxl.de\/markt\/produkt\/hanse-pro-uranin-100-g-i-markierungsfarbstoff-i-leckortung-i-leckageortung-i-dichtheitspruefung-i-wasserfaerbemittel-i-faerbemittel-i-pulver-i-fluorescein-i-lecksuchfarbe\/#breadcrumb"},"inLanguage":"de","potentialAction":[{"@type":"ReadAction","target":["https:\/\/marktxxl.de\/markt\/produkt\/hanse-pro-uranin-100-g-i-markierungsfarbstoff-i-leckortung-i-leckageortung-i-dichtheitspruefung-i-wasserfaerbemittel-i-faerbemittel-i-pulver-i-fluorescein-i-lecksuchfarbe\/"]}]},{"@type":"ImageObject","inLanguage":"de","@id":"https:\/\/marktxxl.de\/markt\/produkt\/hanse-pro-uranin-100-g-i-markierungsfarbstoff-i-leckortung-i-leckageortung-i-dichtheitspruefung-i-wasserfaerbemittel-i-faerbemittel-i-pulver-i-fluorescein-i-lecksuchfarbe\/#primaryimage","url":"https:\/\/m.media-amazon.com\/images\/I\/31Y46GaP7YL._SL500_.jpg","contentUrl":"https:\/\/m.media-amazon.com\/images\/I\/31Y46GaP7YL._SL500_.jpg","width":500,"height":500},{"@type":"BreadcrumbList","@id":"https:\/\/marktxxl.de\/markt\/produkt\/hanse-pro-uranin-100-g-i-markierungsfarbstoff-i-leckortung-i-leckageortung-i-dichtheitspruefung-i-wasserfaerbemittel-i-faerbemittel-i-pulver-i-fluorescein-i-lecksuchfarbe\/#breadcrumb","itemListElement":[{"@type":"ListItem","position":1,"name":"Startseite","item":"https:\/\/marktxxl.de\/markt\/"},{"@type":"ListItem","position":2,"name":"Markt","item":"https:\/\/marktxxl.de\/markt\/"},{"@type":"ListItem","position":3,"name":"Hanse Pro Uranin, 1 x 100 g I Markierungsfarbstoff I Leckortung I Leckageortung I Dichtheitspr\u00fcfung I Wasserf\u00e4rbemittel\u2026"}]},{"@type":"WebSite","@id":"https:\/\/marktxxl.de\/markt\/#website","url":"https:\/\/marktxxl.de\/markt\/","name":"Markt-XXL","description":"Ihr Markt Online","publisher":{"@id":"https:\/\/marktxxl.de\/markt\/#organization"},"potentialAction":[{"@type":"SearchAction","target":{"@type":"EntryPoint","urlTemplate":"https:\/\/marktxxl.de\/markt\/?s={search_term_string}"},"query-input":{"@type":"PropertyValueSpecification","valueRequired":true,"valueName":"search_term_string"}}],"inLanguage":"de"},{"@type":"Organization","@id":"https:\/\/marktxxl.de\/markt\/#organization","name":"Markt-XXL","url":"https:\/\/marktxxl.de\/markt\/","logo":{"@type":"ImageObject","inLanguage":"de","@id":"https:\/\/marktxxl.de\/markt\/#\/schema\/logo\/image\/","url":"https:\/\/marktxxl.de\/markt\/wp-content\/uploads\/sites\/3\/2020\/12\/logo.png","contentUrl":"https:\/\/marktxxl.de\/markt\/wp-content\/uploads\/sites\/3\/2020\/12\/logo.png","width":200,"height":70,"caption":"Markt-XXL"},"image":{"@id":"https:\/\/marktxxl.de\/markt\/#\/schema\/logo\/image\/"}}]}},"_links":{"self":[{"href":"https:\/\/marktxxl.de\/markt\/wp-json\/wp\/v2\/product\/100636","targetHints":{"allow":["GET"]}}],"collection":[{"href":"https:\/\/marktxxl.de\/markt\/wp-json\/wp\/v2\/product"}],"about":[{"href":"https:\/\/marktxxl.de\/markt\/wp-json\/wp\/v2\/types\/product"}],"replies":[{"embeddable":true,"href":"https:\/\/marktxxl.de\/markt\/wp-json\/wp\/v2\/comments?post=100636"}],"wp:featuredmedia":[{"embeddable":true,"href":"https:\/\/marktxxl.de\/markt\/wp-json\/wp\/v2\/media\/100637"}],"wp:attachment":[{"href":"https:\/\/marktxxl.de\/markt\/wp-json\/wp\/v2\/media?parent=100636"}],"wp:term":[{"taxonomy":"product_brand","embeddable":true,"href":"https:\/\/marktxxl.de\/markt\/wp-json\/wp\/v2\/product_brand?post=100636"},{"taxonomy":"product_cat","embeddable":true,"href":"https:\/\/marktxxl.de\/markt\/wp-json\/wp\/v2\/product_cat?post=100636"},{"taxonomy":"product_tag","embeddable":true,"href":"https:\/\/marktxxl.de\/markt\/wp-json\/wp\/v2\/product_tag?post=100636"}],"curies":[{"name":"wp","href":"https:\/\/api.w.org\/{rel}","templated":true}]}}