{"id":100445,"date":"2022-01-27T16:25:54","date_gmt":"2022-01-27T15:25:54","guid":{"rendered":"https:\/\/marktxxl.de\/markt\/produkt\/keeeper-stars-tritthocker-ab-ca-3-bis-ca-14-jahren-anti-rutsch-funktion-tomek-weiss\/"},"modified":"2023-04-11T03:23:17","modified_gmt":"2023-04-11T01:23:17","slug":"keeeper-stars-tritthocker-ab-ca-3-bis-ca-14-jahren-anti-rutsch-funktion-tomek-weiss","status":"publish","type":"product","link":"https:\/\/marktxxl.de\/markt\/produkt\/keeeper-stars-tritthocker-ab-ca-3-bis-ca-14-jahren-anti-rutsch-funktion-tomek-weiss\/","title":{"rendered":"keeeper Stars Tritthocker, Ab ca. 3 bis ca. 14 Jahren, Anti-Rutsch-Funktion, Tomek, Wei\u00df"},"content":{"rendered":"<p>Einstufiger Stars Tritthocker f\u00fcr Kinder im Alter von ca. 3 bis ca. 14 Jahre, F\u00fcr sicheres Hochsteigen und Sitzen \u2013 Ideal zum Erreichen des Waschbeckens oder der Toilette<br \/>\nKindersicher: Kein Kippen und Verrutschen dank Anti-Rutsch-System mit gummierten F\u00fc\u00dfen, Stabiles und sicheres Stehen auf der Oberfl\u00e4che durch Gummi-Noppen<br \/>\nFest im Material integriertes Stars Dekor, Passend zu anderen keeeper Produkten der Serie Stars, Einfache Reinigung: Abwischen mit feuchtem Tuch oder Schwamm<br \/>\nHergestellt in Europa, Hochwertiger, stabiler Kunststoff (PP\/TPE), Frei von BPA und Weichmachern, Keine Abgabe von Schadstoffen, Belastbar bis max. 80 kg, Kinderleicht zu tragen dank geringem Gewicht<br \/>\nLieferumfang: 1 Tritthocker Tomek, Einstufig, Stars Dekor, 18642, Ma\u00dfe (LxBxH): 40,5 x 28,5 x 14 cm, Stufenma\u00dfe: 32 x 20 x 14 cm, Gewicht: 514 g, Farbe: Wei\u00df<br \/>\n<div class=\"main-cross-sell\" data-asin=\"B07HS4YBLB\">\n\n\t<div class=\"WooZone-cross-sell-loader\">\n\t\t<div>\n\t\t\t<div id=\"floatingBarsG\">\n\t\t\t\t<div class=\"blockG\" id=\"rotateG_01\"><\/div>\n\t\t\t\t<div class=\"blockG\" id=\"rotateG_02\"><\/div>\n\t\t\t\t<div class=\"blockG\" id=\"rotateG_03\"><\/div>\n\t\t\t\t<div class=\"blockG\" id=\"rotateG_04\"><\/div>\n\t\t\t\t<div class=\"blockG\" id=\"rotateG_05\"><\/div>\n\t\t\t\t<div class=\"blockG\" id=\"rotateG_06\"><\/div>\n\t\t\t\t<div class=\"blockG\" id=\"rotateG_07\"><\/div>\n\t\t\t\t<div class=\"blockG\" id=\"rotateG_08\"><\/div>\n\t\t\t<\/div>\n\t\t\t<div class=\"WooZone-cross-sell-loader-text\"><\/div>\n\t\t<\/div>\n\t<\/div>\n\n\t\t\n<\/div>\n<div style=\"clear:both;\"><\/div><\/p>\n","protected":false},"excerpt":{"rendered":"<p>Einstufiger Stars Tritthocker f\u00fcr Kinder im Alter von ca. 3 bis ca. 14 Jahre, F\u00fcr sicheres Hochsteigen und Sitzen \u2013 Ideal zum Erreichen des Waschbeckens oder der Toilette<br \/>\nKindersicher: Kein Kippen und Verrutschen dank Anti-Rutsch-System mit gummierten F\u00fc\u00dfen, Stabiles und sicheres Stehen auf der Oberfl\u00e4che durch Gummi-Noppen<br \/>\nFest im Material integriertes Stars Dekor, Passend zu anderen keeeper Produkten der Serie Stars, Einfache Reinigung: Abwischen mit feuchtem Tuch oder Schwamm<\/p>\n","protected":false},"featured_media":100446,"comment_status":"open","ping_status":"closed","template":"","meta":[],"product_brand":[],"product_cat":[21,9437],"product_tag":[],"class_list":{"0":"post-100445","1":"product","2":"type-product","3":"status-publish","4":"has-post-thumbnail","6":"product_cat-baby","7":"product_cat-toepfchen-trittschemel-baby","8":"pa_binding-babyartikel","9":"pa_brand-busch-jaeger-3","10":"pa_brand-keeeper","11":"pa_height-5-511811018-zoll","12":"pa_length-15-9448818735-zoll","13":"pa_manufacturer-keeeper","14":"pa_model-30934","15":"pa_size-32x20x14-cm-1er-pack","16":"pa_weight-1-13317602668-pfund","17":"pa_width-11-2204724295-zoll","19":"first","20":"instock","21":"shipping-taxable","22":"purchasable","23":"product-type-simple","24":"customify-col","25":"product-has-gallery"},"yoast_head":"<!-- This site is optimized with the Yoast SEO plugin v27.3 - https:\/\/yoast.com\/product\/yoast-seo-wordpress\/ -->\n<title>keeeper Stars Tritthocker, Ab ca. 3 bis ca. 14 Jahren, Anti-Rutsch-Funktion, Tomek, Wei\u00df - Markt-XXL<\/title>\n<meta name=\"description\" content=\"Markt-XXL keeeper Stars Tritthocker, Ab ca. 3 bis ca. 14 Jahren, Anti-Rutsch-Funktion, Tomek, Wei\u00df\" \/>\n<meta name=\"robots\" content=\"index, follow, max-snippet:-1, max-image-preview:large, max-video-preview:-1\" \/>\n<link rel=\"canonical\" href=\"https:\/\/marktxxl.de\/markt\/produkt\/keeeper-stars-tritthocker-ab-ca-3-bis-ca-14-jahren-anti-rutsch-funktion-tomek-weiss\/\" \/>\n<meta property=\"og:locale\" content=\"de_DE\" \/>\n<meta property=\"og:type\" content=\"article\" \/>\n<meta property=\"og:title\" content=\"keeeper Stars Tritthocker, Ab ca. 3 bis ca. 14 Jahren, Anti-Rutsch-Funktion, Tomek, Wei\u00df - Markt-XXL\" \/>\n<meta property=\"og:description\" content=\"Markt-XXL keeeper Stars Tritthocker, Ab ca. 3 bis ca. 14 Jahren, Anti-Rutsch-Funktion, Tomek, Wei\u00df\" \/>\n<meta property=\"og:url\" content=\"https:\/\/marktxxl.de\/markt\/produkt\/keeeper-stars-tritthocker-ab-ca-3-bis-ca-14-jahren-anti-rutsch-funktion-tomek-weiss\/\" \/>\n<meta property=\"og:site_name\" content=\"Markt-XXL\" \/>\n<meta property=\"article:modified_time\" content=\"2023-04-11T01:23:17+00:00\" \/>\n<meta property=\"og:image\" content=\"https:\/\/m.media-amazon.com\/images\/I\/31kGhoOhYmL._SL500_.jpg\" \/>\n\t<meta property=\"og:image:width\" content=\"500\" \/>\n\t<meta property=\"og:image:height\" content=\"500\" \/>\n\t<meta property=\"og:image:type\" content=\"image\/jpeg\" \/>\n<meta name=\"twitter:card\" content=\"summary_large_image\" \/>\n<meta name=\"twitter:label1\" content=\"Gesch\u00e4tzte Lesezeit\" \/>\n\t<meta name=\"twitter:data1\" content=\"1\u00a0Minute\" \/>\n<script type=\"application\/ld+json\" class=\"yoast-schema-graph\">{\"@context\":\"https:\\\/\\\/schema.org\",\"@graph\":[{\"@type\":\"WebPage\",\"@id\":\"https:\\\/\\\/marktxxl.de\\\/markt\\\/produkt\\\/keeeper-stars-tritthocker-ab-ca-3-bis-ca-14-jahren-anti-rutsch-funktion-tomek-weiss\\\/\",\"url\":\"https:\\\/\\\/marktxxl.de\\\/markt\\\/produkt\\\/keeeper-stars-tritthocker-ab-ca-3-bis-ca-14-jahren-anti-rutsch-funktion-tomek-weiss\\\/\",\"name\":\"keeeper Stars Tritthocker, Ab ca. 3 bis ca. 14 Jahren, Anti-Rutsch-Funktion, Tomek, Wei\u00df - Markt-XXL\",\"isPartOf\":{\"@id\":\"https:\\\/\\\/marktxxl.de\\\/markt\\\/#website\"},\"primaryImageOfPage\":{\"@id\":\"https:\\\/\\\/marktxxl.de\\\/markt\\\/produkt\\\/keeeper-stars-tritthocker-ab-ca-3-bis-ca-14-jahren-anti-rutsch-funktion-tomek-weiss\\\/#primaryimage\"},\"image\":{\"@id\":\"https:\\\/\\\/marktxxl.de\\\/markt\\\/produkt\\\/keeeper-stars-tritthocker-ab-ca-3-bis-ca-14-jahren-anti-rutsch-funktion-tomek-weiss\\\/#primaryimage\"},\"thumbnailUrl\":\"https:\\\/\\\/m.media-amazon.com\\\/images\\\/I\\\/31kGhoOhYmL._SL500_.jpg\",\"datePublished\":\"2022-01-27T15:25:54+00:00\",\"dateModified\":\"2023-04-11T01:23:17+00:00\",\"description\":\"Markt-XXL keeeper Stars Tritthocker, Ab ca. 3 bis ca. 14 Jahren, Anti-Rutsch-Funktion, Tomek, Wei\u00df\",\"breadcrumb\":{\"@id\":\"https:\\\/\\\/marktxxl.de\\\/markt\\\/produkt\\\/keeeper-stars-tritthocker-ab-ca-3-bis-ca-14-jahren-anti-rutsch-funktion-tomek-weiss\\\/#breadcrumb\"},\"inLanguage\":\"de\",\"potentialAction\":[{\"@type\":\"ReadAction\",\"target\":[\"https:\\\/\\\/marktxxl.de\\\/markt\\\/produkt\\\/keeeper-stars-tritthocker-ab-ca-3-bis-ca-14-jahren-anti-rutsch-funktion-tomek-weiss\\\/\"]}]},{\"@type\":\"ImageObject\",\"inLanguage\":\"de\",\"@id\":\"https:\\\/\\\/marktxxl.de\\\/markt\\\/produkt\\\/keeeper-stars-tritthocker-ab-ca-3-bis-ca-14-jahren-anti-rutsch-funktion-tomek-weiss\\\/#primaryimage\",\"url\":\"https:\\\/\\\/m.media-amazon.com\\\/images\\\/I\\\/31kGhoOhYmL._SL500_.jpg\",\"contentUrl\":\"https:\\\/\\\/m.media-amazon.com\\\/images\\\/I\\\/31kGhoOhYmL._SL500_.jpg\",\"width\":500,\"height\":500},{\"@type\":\"BreadcrumbList\",\"@id\":\"https:\\\/\\\/marktxxl.de\\\/markt\\\/produkt\\\/keeeper-stars-tritthocker-ab-ca-3-bis-ca-14-jahren-anti-rutsch-funktion-tomek-weiss\\\/#breadcrumb\",\"itemListElement\":[{\"@type\":\"ListItem\",\"position\":1,\"name\":\"Startseite\",\"item\":\"https:\\\/\\\/marktxxl.de\\\/markt\\\/\"},{\"@type\":\"ListItem\",\"position\":2,\"name\":\"Markt\",\"item\":\"https:\\\/\\\/marktxxl.de\\\/markt\\\/\"},{\"@type\":\"ListItem\",\"position\":3,\"name\":\"keeeper Stars Tritthocker, Ab ca. 3 bis ca. 14 Jahren, Anti-Rutsch-Funktion, Tomek, Wei\u00df\"}]},{\"@type\":\"WebSite\",\"@id\":\"https:\\\/\\\/marktxxl.de\\\/markt\\\/#website\",\"url\":\"https:\\\/\\\/marktxxl.de\\\/markt\\\/\",\"name\":\"Markt-XXL\",\"description\":\"Ihr Markt Online\",\"publisher\":{\"@id\":\"https:\\\/\\\/marktxxl.de\\\/markt\\\/#organization\"},\"potentialAction\":[{\"@type\":\"SearchAction\",\"target\":{\"@type\":\"EntryPoint\",\"urlTemplate\":\"https:\\\/\\\/marktxxl.de\\\/markt\\\/?s={search_term_string}\"},\"query-input\":{\"@type\":\"PropertyValueSpecification\",\"valueRequired\":true,\"valueName\":\"search_term_string\"}}],\"inLanguage\":\"de\"},{\"@type\":\"Organization\",\"@id\":\"https:\\\/\\\/marktxxl.de\\\/markt\\\/#organization\",\"name\":\"Markt-XXL\",\"url\":\"https:\\\/\\\/marktxxl.de\\\/markt\\\/\",\"logo\":{\"@type\":\"ImageObject\",\"inLanguage\":\"de\",\"@id\":\"https:\\\/\\\/marktxxl.de\\\/markt\\\/#\\\/schema\\\/logo\\\/image\\\/\",\"url\":\"https:\\\/\\\/marktxxl.de\\\/markt\\\/wp-content\\\/uploads\\\/sites\\\/3\\\/2020\\\/12\\\/logo.png\",\"contentUrl\":\"https:\\\/\\\/marktxxl.de\\\/markt\\\/wp-content\\\/uploads\\\/sites\\\/3\\\/2020\\\/12\\\/logo.png\",\"width\":200,\"height\":70,\"caption\":\"Markt-XXL\"},\"image\":{\"@id\":\"https:\\\/\\\/marktxxl.de\\\/markt\\\/#\\\/schema\\\/logo\\\/image\\\/\"}}]}<\/script>\n<!-- \/ Yoast SEO plugin. -->","yoast_head_json":{"title":"keeeper Stars Tritthocker, Ab ca. 3 bis ca. 14 Jahren, Anti-Rutsch-Funktion, Tomek, Wei\u00df - Markt-XXL","description":"Markt-XXL keeeper Stars Tritthocker, Ab ca. 3 bis ca. 14 Jahren, Anti-Rutsch-Funktion, Tomek, Wei\u00df","robots":{"index":"index","follow":"follow","max-snippet":"max-snippet:-1","max-image-preview":"max-image-preview:large","max-video-preview":"max-video-preview:-1"},"canonical":"https:\/\/marktxxl.de\/markt\/produkt\/keeeper-stars-tritthocker-ab-ca-3-bis-ca-14-jahren-anti-rutsch-funktion-tomek-weiss\/","og_locale":"de_DE","og_type":"article","og_title":"keeeper Stars Tritthocker, Ab ca. 3 bis ca. 14 Jahren, Anti-Rutsch-Funktion, Tomek, Wei\u00df - Markt-XXL","og_description":"Markt-XXL keeeper Stars Tritthocker, Ab ca. 3 bis ca. 14 Jahren, Anti-Rutsch-Funktion, Tomek, Wei\u00df","og_url":"https:\/\/marktxxl.de\/markt\/produkt\/keeeper-stars-tritthocker-ab-ca-3-bis-ca-14-jahren-anti-rutsch-funktion-tomek-weiss\/","og_site_name":"Markt-XXL","article_modified_time":"2023-04-11T01:23:17+00:00","og_image":[{"width":500,"height":500,"url":"https:\/\/m.media-amazon.com\/images\/I\/31kGhoOhYmL._SL500_.jpg","type":"image\/jpeg"}],"twitter_card":"summary_large_image","twitter_misc":{"Gesch\u00e4tzte Lesezeit":"1\u00a0Minute"},"schema":{"@context":"https:\/\/schema.org","@graph":[{"@type":"WebPage","@id":"https:\/\/marktxxl.de\/markt\/produkt\/keeeper-stars-tritthocker-ab-ca-3-bis-ca-14-jahren-anti-rutsch-funktion-tomek-weiss\/","url":"https:\/\/marktxxl.de\/markt\/produkt\/keeeper-stars-tritthocker-ab-ca-3-bis-ca-14-jahren-anti-rutsch-funktion-tomek-weiss\/","name":"keeeper Stars Tritthocker, Ab ca. 3 bis ca. 14 Jahren, Anti-Rutsch-Funktion, Tomek, Wei\u00df - Markt-XXL","isPartOf":{"@id":"https:\/\/marktxxl.de\/markt\/#website"},"primaryImageOfPage":{"@id":"https:\/\/marktxxl.de\/markt\/produkt\/keeeper-stars-tritthocker-ab-ca-3-bis-ca-14-jahren-anti-rutsch-funktion-tomek-weiss\/#primaryimage"},"image":{"@id":"https:\/\/marktxxl.de\/markt\/produkt\/keeeper-stars-tritthocker-ab-ca-3-bis-ca-14-jahren-anti-rutsch-funktion-tomek-weiss\/#primaryimage"},"thumbnailUrl":"https:\/\/m.media-amazon.com\/images\/I\/31kGhoOhYmL._SL500_.jpg","datePublished":"2022-01-27T15:25:54+00:00","dateModified":"2023-04-11T01:23:17+00:00","description":"Markt-XXL keeeper Stars Tritthocker, Ab ca. 3 bis ca. 14 Jahren, Anti-Rutsch-Funktion, Tomek, Wei\u00df","breadcrumb":{"@id":"https:\/\/marktxxl.de\/markt\/produkt\/keeeper-stars-tritthocker-ab-ca-3-bis-ca-14-jahren-anti-rutsch-funktion-tomek-weiss\/#breadcrumb"},"inLanguage":"de","potentialAction":[{"@type":"ReadAction","target":["https:\/\/marktxxl.de\/markt\/produkt\/keeeper-stars-tritthocker-ab-ca-3-bis-ca-14-jahren-anti-rutsch-funktion-tomek-weiss\/"]}]},{"@type":"ImageObject","inLanguage":"de","@id":"https:\/\/marktxxl.de\/markt\/produkt\/keeeper-stars-tritthocker-ab-ca-3-bis-ca-14-jahren-anti-rutsch-funktion-tomek-weiss\/#primaryimage","url":"https:\/\/m.media-amazon.com\/images\/I\/31kGhoOhYmL._SL500_.jpg","contentUrl":"https:\/\/m.media-amazon.com\/images\/I\/31kGhoOhYmL._SL500_.jpg","width":500,"height":500},{"@type":"BreadcrumbList","@id":"https:\/\/marktxxl.de\/markt\/produkt\/keeeper-stars-tritthocker-ab-ca-3-bis-ca-14-jahren-anti-rutsch-funktion-tomek-weiss\/#breadcrumb","itemListElement":[{"@type":"ListItem","position":1,"name":"Startseite","item":"https:\/\/marktxxl.de\/markt\/"},{"@type":"ListItem","position":2,"name":"Markt","item":"https:\/\/marktxxl.de\/markt\/"},{"@type":"ListItem","position":3,"name":"keeeper Stars Tritthocker, Ab ca. 3 bis ca. 14 Jahren, Anti-Rutsch-Funktion, Tomek, Wei\u00df"}]},{"@type":"WebSite","@id":"https:\/\/marktxxl.de\/markt\/#website","url":"https:\/\/marktxxl.de\/markt\/","name":"Markt-XXL","description":"Ihr Markt Online","publisher":{"@id":"https:\/\/marktxxl.de\/markt\/#organization"},"potentialAction":[{"@type":"SearchAction","target":{"@type":"EntryPoint","urlTemplate":"https:\/\/marktxxl.de\/markt\/?s={search_term_string}"},"query-input":{"@type":"PropertyValueSpecification","valueRequired":true,"valueName":"search_term_string"}}],"inLanguage":"de"},{"@type":"Organization","@id":"https:\/\/marktxxl.de\/markt\/#organization","name":"Markt-XXL","url":"https:\/\/marktxxl.de\/markt\/","logo":{"@type":"ImageObject","inLanguage":"de","@id":"https:\/\/marktxxl.de\/markt\/#\/schema\/logo\/image\/","url":"https:\/\/marktxxl.de\/markt\/wp-content\/uploads\/sites\/3\/2020\/12\/logo.png","contentUrl":"https:\/\/marktxxl.de\/markt\/wp-content\/uploads\/sites\/3\/2020\/12\/logo.png","width":200,"height":70,"caption":"Markt-XXL"},"image":{"@id":"https:\/\/marktxxl.de\/markt\/#\/schema\/logo\/image\/"}}]}},"_links":{"self":[{"href":"https:\/\/marktxxl.de\/markt\/wp-json\/wp\/v2\/product\/100445","targetHints":{"allow":["GET"]}}],"collection":[{"href":"https:\/\/marktxxl.de\/markt\/wp-json\/wp\/v2\/product"}],"about":[{"href":"https:\/\/marktxxl.de\/markt\/wp-json\/wp\/v2\/types\/product"}],"replies":[{"embeddable":true,"href":"https:\/\/marktxxl.de\/markt\/wp-json\/wp\/v2\/comments?post=100445"}],"wp:featuredmedia":[{"embeddable":true,"href":"https:\/\/marktxxl.de\/markt\/wp-json\/wp\/v2\/media\/100446"}],"wp:attachment":[{"href":"https:\/\/marktxxl.de\/markt\/wp-json\/wp\/v2\/media?parent=100445"}],"wp:term":[{"taxonomy":"product_brand","embeddable":true,"href":"https:\/\/marktxxl.de\/markt\/wp-json\/wp\/v2\/product_brand?post=100445"},{"taxonomy":"product_cat","embeddable":true,"href":"https:\/\/marktxxl.de\/markt\/wp-json\/wp\/v2\/product_cat?post=100445"},{"taxonomy":"product_tag","embeddable":true,"href":"https:\/\/marktxxl.de\/markt\/wp-json\/wp\/v2\/product_tag?post=100445"}],"curies":[{"name":"wp","href":"https:\/\/api.w.org\/{rel}","templated":true}]}}