{"id":100088,"date":"2022-01-27T16:13:14","date_gmt":"2022-01-27T15:13:14","guid":{"rendered":"https:\/\/marktxxl.de\/markt\/produkt\/gaming-mauspad-rgb-mousepad-xxl-gaming-mouse-pad-gross-14-beleuchtungs-modi-7-led-farben-2-helligkeitsstufen-800x300x4mmlanglebigrutschfestwasserdicht-fuer-computer-pc-professionelle-gamer-schwarz\/"},"modified":"2023-04-11T03:23:13","modified_gmt":"2023-04-11T01:23:13","slug":"gaming-mauspad-rgb-mousepad-xxl-gaming-mouse-pad-gross-14-beleuchtungs-modi-7-led-farben-2-helligkeitsstufen-800x300x4mmlanglebigrutschfestwasserdicht-fuer-computer-pc-professionelle-gamer-schwarz","status":"publish","type":"product","link":"https:\/\/marktxxl.de\/markt\/produkt\/gaming-mauspad-rgb-mousepad-xxl-gaming-mouse-pad-gross-14-beleuchtungs-modi-7-led-farben-2-helligkeitsstufen-800x300x4mmlanglebigrutschfestwasserdicht-fuer-computer-pc-professionelle-gamer-schwarz\/","title":{"rendered":"Gaming Mauspad RGB Mousepad XXL Gaming Mouse Pad Gro\u00df 14 Beleuchtungs Modi 7 LED Farben 2 Helligkeitsstufen 800x300x4mm\u2026"},"content":{"rendered":"<p>14 Beleuchtungsmodi&#8211; 7 LED-Farben+6 Beleuchtungsmodi+2 Helligkeitsstufen:VORSCH RGB xxl Gaming Mauspad verf\u00fcgt \u00fcber 14 Beleuchtungsmodi, darunter 7 statische monochrome LED-Beleuchtungsmodi (Rot,Blau,Gr\u00fcn,Lila,Cyan,Gelb und Wei\u00df);6 dynamische Beleuchtungsmodi, darunter 2 dynamische Modi, 2 Atemmodi, 2 Regenbogenmodi und Bremslichter. Das RGB gro\u00df Mousepad Gaming verf\u00fcgt au\u00dferdem \u00fcber 2 Helligkeitseinstellungen. Die brillante RGB-Beleuchtung bietet ein Fest an Bildern und Effekten.<br \/>\nEin-Knopf-Schalter-Controller und Speicherfunktion:Das RGB Mauspad Gaming verwendet einen Ein-Knopf-Switch-Controller.Ein-Knopf,um die Farb- und Lichtmodusumschaltung zu realisieren.Dr\u00fccken Sie den Schalter einmal,um den Beleuchtungsmodus zu \u00e4ndern,doppelklicken Sie,um die Helligkeit des Lichts zu \u00e4ndern, halten Sie ihn zum Ein- und Ausschalten 3 Sekunden lang gedr\u00fcckt. Das VORSCH RGB Mousepad verf\u00fcgt \u00fcber eine Speicherfunktion und startet automatisch im letzter Einstellmodus beim Einschalten.<br \/>\nVerbesserte Integrierte Kabelschnalle und Gro\u00dfe Gr\u00f6\u00dfe:Das VORSCH RBG Gaming Mauspad hat eine gro\u00dfe Gr\u00f6\u00dfe von 800 x 300 x 4 mm, die den Desktop perfekt abdecken und Ihren Computer und Ihre Tastatur befestigen kann. Das Mousepad Gaming Mouse Pad Mat XXL bietet Ihrer Maus ein hohes Ma\u00df an Bewegungsfreiheit. Die verbesserte integrierte Kabelschnalle kann das Ziehen des RGB Gro\u00df Gaming Mauspads minimieren und die USB-C-Schnittstelle erm\u00f6glicht eine stabilere Beleuchtung und Steuerung ohne Erw\u00e4rmung.<br \/>\nWasserdichte,Atmungsaktive und Glatte Oberfl\u00e4che bietet Eine Pr\u00e4zise Mauspositionierung:Die 3 Schichten des Gaming Mousepad RGB bestehen aus sicheren, wasserdichten, atmungsaktiven und umweltfreundlichen Materialien.Es sorgt f\u00fcr die reibungsloseste Mausbewegung und die beste Reaktionszeit.Das VORSCH LED Mauspad Gaming xxl garantiert die zarte Bewegung des Maus,verbessert die hocheffiziente Leistung und verbessert Geschwindigkeit und Kontrolle.Die wasserdichte Beschichtung verhindert Sch\u00e4den.<br \/>\nRutschfeste Gummibasis H\u00e4lt die Maus Fest:Die Unterseite des RGB Gaming Mauspads besteht aus weichem,rutschfestem Gummi,der die Reibung effektiv erh\u00f6hen und ein Verrutschen oder Kippen des RGB-Gaming-Mauspads verhindern kann, sodass das Gaming Mouse Pad fest auf dem Desktop fixiert werden kann und ein stabiles Gaming gew\u00e4hrleistet ist Erfahrung.Daher k\u00f6nnen Sie die ultimative Pr\u00e4zision im leidenschaftlichsten Spiel genie\u00dfen.1,8 m langes strapazierf\u00e4higes Nylon-Geflechtkabel f\u00fcr besseren Schutz.<br \/>\n<div class=\"main-cross-sell\" data-asin=\"B0999B36CP\">\n\n\t<div class=\"WooZone-cross-sell-loader\">\n\t\t<div>\n\t\t\t<div id=\"floatingBarsG\">\n\t\t\t\t<div class=\"blockG\" id=\"rotateG_01\"><\/div>\n\t\t\t\t<div class=\"blockG\" id=\"rotateG_02\"><\/div>\n\t\t\t\t<div class=\"blockG\" id=\"rotateG_03\"><\/div>\n\t\t\t\t<div class=\"blockG\" id=\"rotateG_04\"><\/div>\n\t\t\t\t<div class=\"blockG\" id=\"rotateG_05\"><\/div>\n\t\t\t\t<div class=\"blockG\" id=\"rotateG_06\"><\/div>\n\t\t\t\t<div class=\"blockG\" id=\"rotateG_07\"><\/div>\n\t\t\t\t<div class=\"blockG\" id=\"rotateG_08\"><\/div>\n\t\t\t<\/div>\n\t\t\t<div class=\"WooZone-cross-sell-loader-text\"><\/div>\n\t\t<\/div>\n\t<\/div>\n\n\t\t\n<\/div>\n<div style=\"clear:both;\"><\/div><\/p>\n","protected":false},"excerpt":{"rendered":"<p>14 Beleuchtungsmodi&#8211; 7 LED-Farben+6 Beleuchtungsmodi+2 Helligkeitsstufen:VORSCH RGB xxl Gaming Mauspad verf\u00fcgt \u00fcber 14 Beleuchtungsmodi, darunter 7 statische monochrome LED-Beleuchtungsmodi (Rot,Blau,Gr\u00fcn,Lila,Cyan,Gelb und Wei\u00df);6 dynamische Beleuchtungsmodi, darunter 2 dynamische Modi, 2 Atemmodi, 2 Regenbogenmodi und Bremslichter. Das RGB gro\u00df Mousepad Gaming verf\u00fcgt au\u00dferdem \u00fcber 2 Helligkeitseinstellungen. Die brillante RGB-Beleuchtung bietet ein Fest an Bildern und Effekten.<br \/>\nEin-Knopf-Schalter-Controller und Speicherfunktion:Das RGB Mauspad Gaming verwendet einen Ein-Knopf-Switch-Controller.Ein-Knopf,um die Farb- und Lichtmodusumschaltung zu realisieren.Dr\u00fccken Sie den Schalter einmal,um den Beleuchtungsmodus zu \u00e4ndern,doppelklicken Sie,um die Helligkeit des Lichts zu \u00e4ndern, halten Sie ihn zum Ein- und Ausschalten 3 Sekunden lang gedr\u00fcckt. Das VORSCH RGB Mousepad verf\u00fcgt \u00fcber eine Speicherfunktion und startet automatisch im letzter Einstellmodus beim Einschalten.<br \/>\nVerbesserte Integrierte Kabelschnalle und Gro\u00dfe Gr\u00f6\u00dfe:Das VORSCH RBG Gaming Mauspad hat eine gro\u00dfe Gr\u00f6\u00dfe von 800 x 300 x 4 mm, die den Desktop perfekt abdecken und Ihren Computer und Ihre Tastatur befestigen kann. Das Mousepad Gaming Mouse Pad Mat XXL bietet Ihrer Maus ein hohes Ma\u00df an Bewegungsfreiheit. Die verbesserte integrierte Kabelschnalle kann das Ziehen des RGB Gro\u00df Gaming Mauspads minimieren und die USB-C-Schnittstelle erm\u00f6glicht eine stabilere Beleuchtung und Steuerung ohne Erw\u00e4rmung.<\/p>\n","protected":false},"featured_media":100089,"comment_status":"open","ping_status":"closed","template":"","meta":[],"product_brand":[],"product_cat":[504,8284],"product_tag":[],"class_list":{"0":"post-100088","1":"product","2":"type-product","3":"status-publish","4":"has-post-thumbnail","6":"product_cat-buerobedarf-schreibwaren","7":"product_cat-bueromaterial","8":"pa_brand-vorsch","9":"pa_color-schwarz1","10":"pa_manufacturer-vorsch","11":"pa_size-xxl","13":"first","14":"instock","15":"shipping-taxable","16":"purchasable","17":"product-type-simple","18":"customify-col","19":"product-has-gallery"},"yoast_head":"<!-- This site is optimized with the Yoast SEO plugin v27.4 - https:\/\/yoast.com\/product\/yoast-seo-wordpress\/ -->\n<title>Gaming Mauspad RGB Mousepad XXL Gaming Mouse Pad Gro\u00df 14 Beleuchtungs Modi 7 LED Farben 2 Helligkeitsstufen 800x300x4mm\u2026 - Markt-XXL<\/title>\n<meta name=\"description\" content=\"Markt-XXL Gaming Mauspad RGB Mousepad XXL Gaming Mouse Pad Gro\u00df 14 Beleuchtungs Modi 7 LED Farben 2 Helligkeitsstufen 800x300x4mm\u2026\" \/>\n<meta name=\"robots\" content=\"index, follow, max-snippet:-1, max-image-preview:large, max-video-preview:-1\" \/>\n<link rel=\"canonical\" href=\"https:\/\/marktxxl.de\/markt\/produkt\/gaming-mauspad-rgb-mousepad-xxl-gaming-mouse-pad-gross-14-beleuchtungs-modi-7-led-farben-2-helligkeitsstufen-800x300x4mmlanglebigrutschfestwasserdicht-fuer-computer-pc-professionelle-gamer-schwarz\/\" \/>\n<meta property=\"og:locale\" content=\"de_DE\" \/>\n<meta property=\"og:type\" content=\"article\" \/>\n<meta property=\"og:title\" content=\"Gaming Mauspad RGB Mousepad XXL Gaming Mouse Pad Gro\u00df 14 Beleuchtungs Modi 7 LED Farben 2 Helligkeitsstufen 800x300x4mm\u2026 - Markt-XXL\" \/>\n<meta property=\"og:description\" content=\"Markt-XXL Gaming Mauspad RGB Mousepad XXL Gaming Mouse Pad Gro\u00df 14 Beleuchtungs Modi 7 LED Farben 2 Helligkeitsstufen 800x300x4mm\u2026\" \/>\n<meta property=\"og:url\" content=\"https:\/\/marktxxl.de\/markt\/produkt\/gaming-mauspad-rgb-mousepad-xxl-gaming-mouse-pad-gross-14-beleuchtungs-modi-7-led-farben-2-helligkeitsstufen-800x300x4mmlanglebigrutschfestwasserdicht-fuer-computer-pc-professionelle-gamer-schwarz\/\" \/>\n<meta property=\"og:site_name\" content=\"Markt-XXL\" \/>\n<meta property=\"article:modified_time\" content=\"2023-04-11T01:23:13+00:00\" \/>\n<meta property=\"og:image\" content=\"https:\/\/m.media-amazon.com\/images\/I\/314CI9f7qPL._SL500_.jpg\" \/>\n\t<meta property=\"og:image:width\" content=\"500\" \/>\n\t<meta property=\"og:image:height\" content=\"500\" \/>\n\t<meta property=\"og:image:type\" content=\"image\/jpeg\" \/>\n<meta name=\"twitter:card\" content=\"summary_large_image\" \/>\n<meta name=\"twitter:label1\" content=\"Gesch\u00e4tzte Lesezeit\" \/>\n\t<meta name=\"twitter:data1\" content=\"2\u00a0Minuten\" \/>\n<script type=\"application\/ld+json\" class=\"yoast-schema-graph\">{\"@context\":\"https:\\\/\\\/schema.org\",\"@graph\":[{\"@type\":\"WebPage\",\"@id\":\"https:\\\/\\\/marktxxl.de\\\/markt\\\/produkt\\\/gaming-mauspad-rgb-mousepad-xxl-gaming-mouse-pad-gross-14-beleuchtungs-modi-7-led-farben-2-helligkeitsstufen-800x300x4mmlanglebigrutschfestwasserdicht-fuer-computer-pc-professionelle-gamer-schwarz\\\/\",\"url\":\"https:\\\/\\\/marktxxl.de\\\/markt\\\/produkt\\\/gaming-mauspad-rgb-mousepad-xxl-gaming-mouse-pad-gross-14-beleuchtungs-modi-7-led-farben-2-helligkeitsstufen-800x300x4mmlanglebigrutschfestwasserdicht-fuer-computer-pc-professionelle-gamer-schwarz\\\/\",\"name\":\"Gaming Mauspad RGB Mousepad XXL Gaming Mouse Pad Gro\u00df 14 Beleuchtungs Modi 7 LED Farben 2 Helligkeitsstufen 800x300x4mm\u2026 - Markt-XXL\",\"isPartOf\":{\"@id\":\"https:\\\/\\\/marktxxl.de\\\/markt\\\/#website\"},\"primaryImageOfPage\":{\"@id\":\"https:\\\/\\\/marktxxl.de\\\/markt\\\/produkt\\\/gaming-mauspad-rgb-mousepad-xxl-gaming-mouse-pad-gross-14-beleuchtungs-modi-7-led-farben-2-helligkeitsstufen-800x300x4mmlanglebigrutschfestwasserdicht-fuer-computer-pc-professionelle-gamer-schwarz\\\/#primaryimage\"},\"image\":{\"@id\":\"https:\\\/\\\/marktxxl.de\\\/markt\\\/produkt\\\/gaming-mauspad-rgb-mousepad-xxl-gaming-mouse-pad-gross-14-beleuchtungs-modi-7-led-farben-2-helligkeitsstufen-800x300x4mmlanglebigrutschfestwasserdicht-fuer-computer-pc-professionelle-gamer-schwarz\\\/#primaryimage\"},\"thumbnailUrl\":\"https:\\\/\\\/m.media-amazon.com\\\/images\\\/I\\\/314CI9f7qPL._SL500_.jpg\",\"datePublished\":\"2022-01-27T15:13:14+00:00\",\"dateModified\":\"2023-04-11T01:23:13+00:00\",\"description\":\"Markt-XXL Gaming Mauspad RGB Mousepad XXL Gaming Mouse Pad Gro\u00df 14 Beleuchtungs Modi 7 LED Farben 2 Helligkeitsstufen 800x300x4mm\u2026\",\"breadcrumb\":{\"@id\":\"https:\\\/\\\/marktxxl.de\\\/markt\\\/produkt\\\/gaming-mauspad-rgb-mousepad-xxl-gaming-mouse-pad-gross-14-beleuchtungs-modi-7-led-farben-2-helligkeitsstufen-800x300x4mmlanglebigrutschfestwasserdicht-fuer-computer-pc-professionelle-gamer-schwarz\\\/#breadcrumb\"},\"inLanguage\":\"de\",\"potentialAction\":[{\"@type\":\"ReadAction\",\"target\":[\"https:\\\/\\\/marktxxl.de\\\/markt\\\/produkt\\\/gaming-mauspad-rgb-mousepad-xxl-gaming-mouse-pad-gross-14-beleuchtungs-modi-7-led-farben-2-helligkeitsstufen-800x300x4mmlanglebigrutschfestwasserdicht-fuer-computer-pc-professionelle-gamer-schwarz\\\/\"]}]},{\"@type\":\"ImageObject\",\"inLanguage\":\"de\",\"@id\":\"https:\\\/\\\/marktxxl.de\\\/markt\\\/produkt\\\/gaming-mauspad-rgb-mousepad-xxl-gaming-mouse-pad-gross-14-beleuchtungs-modi-7-led-farben-2-helligkeitsstufen-800x300x4mmlanglebigrutschfestwasserdicht-fuer-computer-pc-professionelle-gamer-schwarz\\\/#primaryimage\",\"url\":\"https:\\\/\\\/m.media-amazon.com\\\/images\\\/I\\\/314CI9f7qPL._SL500_.jpg\",\"contentUrl\":\"https:\\\/\\\/m.media-amazon.com\\\/images\\\/I\\\/314CI9f7qPL._SL500_.jpg\",\"width\":500,\"height\":500},{\"@type\":\"BreadcrumbList\",\"@id\":\"https:\\\/\\\/marktxxl.de\\\/markt\\\/produkt\\\/gaming-mauspad-rgb-mousepad-xxl-gaming-mouse-pad-gross-14-beleuchtungs-modi-7-led-farben-2-helligkeitsstufen-800x300x4mmlanglebigrutschfestwasserdicht-fuer-computer-pc-professionelle-gamer-schwarz\\\/#breadcrumb\",\"itemListElement\":[{\"@type\":\"ListItem\",\"position\":1,\"name\":\"Startseite\",\"item\":\"https:\\\/\\\/marktxxl.de\\\/markt\\\/\"},{\"@type\":\"ListItem\",\"position\":2,\"name\":\"Markt\",\"item\":\"https:\\\/\\\/marktxxl.de\\\/markt\\\/\"},{\"@type\":\"ListItem\",\"position\":3,\"name\":\"Gaming Mauspad RGB Mousepad XXL Gaming Mouse Pad Gro\u00df 14 Beleuchtungs Modi 7 LED Farben 2 Helligkeitsstufen 800x300x4mm\u2026\"}]},{\"@type\":\"WebSite\",\"@id\":\"https:\\\/\\\/marktxxl.de\\\/markt\\\/#website\",\"url\":\"https:\\\/\\\/marktxxl.de\\\/markt\\\/\",\"name\":\"Markt-XXL\",\"description\":\"Ihr Markt Online\",\"publisher\":{\"@id\":\"https:\\\/\\\/marktxxl.de\\\/markt\\\/#organization\"},\"potentialAction\":[{\"@type\":\"SearchAction\",\"target\":{\"@type\":\"EntryPoint\",\"urlTemplate\":\"https:\\\/\\\/marktxxl.de\\\/markt\\\/?s={search_term_string}\"},\"query-input\":{\"@type\":\"PropertyValueSpecification\",\"valueRequired\":true,\"valueName\":\"search_term_string\"}}],\"inLanguage\":\"de\"},{\"@type\":\"Organization\",\"@id\":\"https:\\\/\\\/marktxxl.de\\\/markt\\\/#organization\",\"name\":\"Markt-XXL\",\"url\":\"https:\\\/\\\/marktxxl.de\\\/markt\\\/\",\"logo\":{\"@type\":\"ImageObject\",\"inLanguage\":\"de\",\"@id\":\"https:\\\/\\\/marktxxl.de\\\/markt\\\/#\\\/schema\\\/logo\\\/image\\\/\",\"url\":\"https:\\\/\\\/marktxxl.de\\\/markt\\\/wp-content\\\/uploads\\\/sites\\\/3\\\/2020\\\/12\\\/logo.png\",\"contentUrl\":\"https:\\\/\\\/marktxxl.de\\\/markt\\\/wp-content\\\/uploads\\\/sites\\\/3\\\/2020\\\/12\\\/logo.png\",\"width\":200,\"height\":70,\"caption\":\"Markt-XXL\"},\"image\":{\"@id\":\"https:\\\/\\\/marktxxl.de\\\/markt\\\/#\\\/schema\\\/logo\\\/image\\\/\"}}]}<\/script>\n<!-- \/ Yoast SEO plugin. -->","yoast_head_json":{"title":"Gaming Mauspad RGB Mousepad XXL Gaming Mouse Pad Gro\u00df 14 Beleuchtungs Modi 7 LED Farben 2 Helligkeitsstufen 800x300x4mm\u2026 - Markt-XXL","description":"Markt-XXL Gaming Mauspad RGB Mousepad XXL Gaming Mouse Pad Gro\u00df 14 Beleuchtungs Modi 7 LED Farben 2 Helligkeitsstufen 800x300x4mm\u2026","robots":{"index":"index","follow":"follow","max-snippet":"max-snippet:-1","max-image-preview":"max-image-preview:large","max-video-preview":"max-video-preview:-1"},"canonical":"https:\/\/marktxxl.de\/markt\/produkt\/gaming-mauspad-rgb-mousepad-xxl-gaming-mouse-pad-gross-14-beleuchtungs-modi-7-led-farben-2-helligkeitsstufen-800x300x4mmlanglebigrutschfestwasserdicht-fuer-computer-pc-professionelle-gamer-schwarz\/","og_locale":"de_DE","og_type":"article","og_title":"Gaming Mauspad RGB Mousepad XXL Gaming Mouse Pad Gro\u00df 14 Beleuchtungs Modi 7 LED Farben 2 Helligkeitsstufen 800x300x4mm\u2026 - Markt-XXL","og_description":"Markt-XXL Gaming Mauspad RGB Mousepad XXL Gaming Mouse Pad Gro\u00df 14 Beleuchtungs Modi 7 LED Farben 2 Helligkeitsstufen 800x300x4mm\u2026","og_url":"https:\/\/marktxxl.de\/markt\/produkt\/gaming-mauspad-rgb-mousepad-xxl-gaming-mouse-pad-gross-14-beleuchtungs-modi-7-led-farben-2-helligkeitsstufen-800x300x4mmlanglebigrutschfestwasserdicht-fuer-computer-pc-professionelle-gamer-schwarz\/","og_site_name":"Markt-XXL","article_modified_time":"2023-04-11T01:23:13+00:00","og_image":[{"width":500,"height":500,"url":"https:\/\/m.media-amazon.com\/images\/I\/314CI9f7qPL._SL500_.jpg","type":"image\/jpeg"}],"twitter_card":"summary_large_image","twitter_misc":{"Gesch\u00e4tzte Lesezeit":"2\u00a0Minuten"},"schema":{"@context":"https:\/\/schema.org","@graph":[{"@type":"WebPage","@id":"https:\/\/marktxxl.de\/markt\/produkt\/gaming-mauspad-rgb-mousepad-xxl-gaming-mouse-pad-gross-14-beleuchtungs-modi-7-led-farben-2-helligkeitsstufen-800x300x4mmlanglebigrutschfestwasserdicht-fuer-computer-pc-professionelle-gamer-schwarz\/","url":"https:\/\/marktxxl.de\/markt\/produkt\/gaming-mauspad-rgb-mousepad-xxl-gaming-mouse-pad-gross-14-beleuchtungs-modi-7-led-farben-2-helligkeitsstufen-800x300x4mmlanglebigrutschfestwasserdicht-fuer-computer-pc-professionelle-gamer-schwarz\/","name":"Gaming Mauspad RGB Mousepad XXL Gaming Mouse Pad Gro\u00df 14 Beleuchtungs Modi 7 LED Farben 2 Helligkeitsstufen 800x300x4mm\u2026 - Markt-XXL","isPartOf":{"@id":"https:\/\/marktxxl.de\/markt\/#website"},"primaryImageOfPage":{"@id":"https:\/\/marktxxl.de\/markt\/produkt\/gaming-mauspad-rgb-mousepad-xxl-gaming-mouse-pad-gross-14-beleuchtungs-modi-7-led-farben-2-helligkeitsstufen-800x300x4mmlanglebigrutschfestwasserdicht-fuer-computer-pc-professionelle-gamer-schwarz\/#primaryimage"},"image":{"@id":"https:\/\/marktxxl.de\/markt\/produkt\/gaming-mauspad-rgb-mousepad-xxl-gaming-mouse-pad-gross-14-beleuchtungs-modi-7-led-farben-2-helligkeitsstufen-800x300x4mmlanglebigrutschfestwasserdicht-fuer-computer-pc-professionelle-gamer-schwarz\/#primaryimage"},"thumbnailUrl":"https:\/\/m.media-amazon.com\/images\/I\/314CI9f7qPL._SL500_.jpg","datePublished":"2022-01-27T15:13:14+00:00","dateModified":"2023-04-11T01:23:13+00:00","description":"Markt-XXL Gaming Mauspad RGB Mousepad XXL Gaming Mouse Pad Gro\u00df 14 Beleuchtungs Modi 7 LED Farben 2 Helligkeitsstufen 800x300x4mm\u2026","breadcrumb":{"@id":"https:\/\/marktxxl.de\/markt\/produkt\/gaming-mauspad-rgb-mousepad-xxl-gaming-mouse-pad-gross-14-beleuchtungs-modi-7-led-farben-2-helligkeitsstufen-800x300x4mmlanglebigrutschfestwasserdicht-fuer-computer-pc-professionelle-gamer-schwarz\/#breadcrumb"},"inLanguage":"de","potentialAction":[{"@type":"ReadAction","target":["https:\/\/marktxxl.de\/markt\/produkt\/gaming-mauspad-rgb-mousepad-xxl-gaming-mouse-pad-gross-14-beleuchtungs-modi-7-led-farben-2-helligkeitsstufen-800x300x4mmlanglebigrutschfestwasserdicht-fuer-computer-pc-professionelle-gamer-schwarz\/"]}]},{"@type":"ImageObject","inLanguage":"de","@id":"https:\/\/marktxxl.de\/markt\/produkt\/gaming-mauspad-rgb-mousepad-xxl-gaming-mouse-pad-gross-14-beleuchtungs-modi-7-led-farben-2-helligkeitsstufen-800x300x4mmlanglebigrutschfestwasserdicht-fuer-computer-pc-professionelle-gamer-schwarz\/#primaryimage","url":"https:\/\/m.media-amazon.com\/images\/I\/314CI9f7qPL._SL500_.jpg","contentUrl":"https:\/\/m.media-amazon.com\/images\/I\/314CI9f7qPL._SL500_.jpg","width":500,"height":500},{"@type":"BreadcrumbList","@id":"https:\/\/marktxxl.de\/markt\/produkt\/gaming-mauspad-rgb-mousepad-xxl-gaming-mouse-pad-gross-14-beleuchtungs-modi-7-led-farben-2-helligkeitsstufen-800x300x4mmlanglebigrutschfestwasserdicht-fuer-computer-pc-professionelle-gamer-schwarz\/#breadcrumb","itemListElement":[{"@type":"ListItem","position":1,"name":"Startseite","item":"https:\/\/marktxxl.de\/markt\/"},{"@type":"ListItem","position":2,"name":"Markt","item":"https:\/\/marktxxl.de\/markt\/"},{"@type":"ListItem","position":3,"name":"Gaming Mauspad RGB Mousepad XXL Gaming Mouse Pad Gro\u00df 14 Beleuchtungs Modi 7 LED Farben 2 Helligkeitsstufen 800x300x4mm\u2026"}]},{"@type":"WebSite","@id":"https:\/\/marktxxl.de\/markt\/#website","url":"https:\/\/marktxxl.de\/markt\/","name":"Markt-XXL","description":"Ihr Markt Online","publisher":{"@id":"https:\/\/marktxxl.de\/markt\/#organization"},"potentialAction":[{"@type":"SearchAction","target":{"@type":"EntryPoint","urlTemplate":"https:\/\/marktxxl.de\/markt\/?s={search_term_string}"},"query-input":{"@type":"PropertyValueSpecification","valueRequired":true,"valueName":"search_term_string"}}],"inLanguage":"de"},{"@type":"Organization","@id":"https:\/\/marktxxl.de\/markt\/#organization","name":"Markt-XXL","url":"https:\/\/marktxxl.de\/markt\/","logo":{"@type":"ImageObject","inLanguage":"de","@id":"https:\/\/marktxxl.de\/markt\/#\/schema\/logo\/image\/","url":"https:\/\/marktxxl.de\/markt\/wp-content\/uploads\/sites\/3\/2020\/12\/logo.png","contentUrl":"https:\/\/marktxxl.de\/markt\/wp-content\/uploads\/sites\/3\/2020\/12\/logo.png","width":200,"height":70,"caption":"Markt-XXL"},"image":{"@id":"https:\/\/marktxxl.de\/markt\/#\/schema\/logo\/image\/"}}]}},"_links":{"self":[{"href":"https:\/\/marktxxl.de\/markt\/wp-json\/wp\/v2\/product\/100088","targetHints":{"allow":["GET"]}}],"collection":[{"href":"https:\/\/marktxxl.de\/markt\/wp-json\/wp\/v2\/product"}],"about":[{"href":"https:\/\/marktxxl.de\/markt\/wp-json\/wp\/v2\/types\/product"}],"replies":[{"embeddable":true,"href":"https:\/\/marktxxl.de\/markt\/wp-json\/wp\/v2\/comments?post=100088"}],"wp:featuredmedia":[{"embeddable":true,"href":"https:\/\/marktxxl.de\/markt\/wp-json\/wp\/v2\/media\/100089"}],"wp:attachment":[{"href":"https:\/\/marktxxl.de\/markt\/wp-json\/wp\/v2\/media?parent=100088"}],"wp:term":[{"taxonomy":"product_brand","embeddable":true,"href":"https:\/\/marktxxl.de\/markt\/wp-json\/wp\/v2\/product_brand?post=100088"},{"taxonomy":"product_cat","embeddable":true,"href":"https:\/\/marktxxl.de\/markt\/wp-json\/wp\/v2\/product_cat?post=100088"},{"taxonomy":"product_tag","embeddable":true,"href":"https:\/\/marktxxl.de\/markt\/wp-json\/wp\/v2\/product_tag?post=100088"}],"curies":[{"name":"wp","href":"https:\/\/api.w.org\/{rel}","templated":true}]}}