{"id":100080,"date":"2022-01-27T16:13:08","date_gmt":"2022-01-27T15:13:08","guid":{"rendered":"https:\/\/marktxxl.de\/markt\/produkt\/gothicbride-500-stueck-weihnachtsaufkleber-rund-etiketten-merry-christmas-sticker-frohe-weihnachten-aufkleber-geschenkaufkleber-selbstklebend-fuer-weihnachten-umschlag-geschenktueten-papiertueten\/"},"modified":"2023-04-11T03:23:13","modified_gmt":"2023-04-11T01:23:13","slug":"gothicbride-500-stueck-weihnachtsaufkleber-rund-etiketten-merry-christmas-sticker-frohe-weihnachten-aufkleber-geschenkaufkleber-selbstklebend-fuer-weihnachten-umschlag-geschenktueten-papiertueten","status":"publish","type":"product","link":"https:\/\/marktxxl.de\/markt\/produkt\/gothicbride-500-stueck-weihnachtsaufkleber-rund-etiketten-merry-christmas-sticker-frohe-weihnachten-aufkleber-geschenkaufkleber-selbstklebend-fuer-weihnachten-umschlag-geschenktueten-papiertueten\/","title":{"rendered":"GothicBride 500 St\u00fcck Weihnachtsaufkleber Rund Etiketten Merry Christmas Sticker Frohe Weihnachten Aufkleber\u2026"},"content":{"rendered":"<p>\ud83c\udf84\ud83c\udf84 \u3010Verschiedenes Design\u3011 Die Weihnachtsaufkleber haben 4 Stile in verschiedenen Weihnachtselementen, Aufkleber mit 500 Blatt Weihnachtsgeschenketiketten, gedruckt mit Weihnachtsmann, Rentier, Weihnachtsm\u00fctze usw. auf jedem Buchstaben, mit einem edlen und attraktiven Aussehen und attraktiv auf Ihrem Artikelpaket. Weihnachtsaufkleber enthalten verschiedene Arten von Mustern und verschiedene Farben, sch\u00f6n und warm, was ein Favorit von Kindern ist. \ud83c\udf84\ud83c\udf84<br \/>\n\u2744\ufe0f\u2744\ufe0f \u3010Hochwertiges Material\u3011 Die Weihnachtsaufkleber bestehen aus hochwertigem Kraftpapier. Die Aufkleber sind stabil, sehen sehr sch\u00f6n und zart aus. Alle diese Aufkleber verwenden Klebstoff. 100% sicher f\u00fcr 3 Jahre + Kinder. Der Durchmesser betr\u00e4gt jeweils 3,8 cm. \u2744\ufe0f\u2744\ufe0f<br \/>\n\ud83c\udf85\ud83c\udf85 \u3010Breite Anwendung\u3011 Geeignet f\u00fcr Geschenkverpackungen, Basteldekorationen und Versiegelungen. 4 erstaunliche Designs geben Ihnen eine gro\u00dfartige Benutzererfahrung. Eine perfekte Wahl f\u00fcr Kinder zum Spielen und es wird wirklich lustig. Eine kleine Dekoration machte dieses Weihnachten fr\u00f6hlicher. 4 verschiedene Designs von niedlichen Aufklebermustern erh\u00f6hen buchst\u00e4blich die Weihnachtsatmosph\u00e4re f\u00fcr Ihre Familie und Freunde. \ud83c\udf85\ud83c\udf85<br \/>\n\ud83c\udf86\ud83c\udf86 \u3010Weihnachtsgef\u00fchl\u3011 Dieses Jahr ist f\u00fcr niemanden schwer, warum geben wir uns dann nicht etwas Freude? Diese Aufkleber werden eine gute Wahl sein. Wenn Sie ein Geschenk oder einen Brief an Ihre Familie oder Ihren Freund senden m\u00f6chten. Dieser Aufkleber ist eine gute Wahl f\u00fcr Sie. Sie k\u00f6nnen es auch Ihren Kindern geben und sie \u00fcber das traditionelle Festival informieren. \ud83c\udf86\ud83c\udf86<br \/>\n\ud83c\udf81\ud83c\udf81 \u3010100% Garantie\u3011 Wenn Sie Fragen haben, kontaktieren Sie uns bitte. Wir helfen Ihnen jederzeit weiter. Ihre Zufriedenheit ist unser einziges Ziel. \ud83c\udf81\ud83c\udf81<br \/>\n<div class=\"main-cross-sell\" data-asin=\"B08N4R7RBZ\">\n\n\t<div class=\"WooZone-cross-sell-loader\">\n\t\t<div>\n\t\t\t<div id=\"floatingBarsG\">\n\t\t\t\t<div class=\"blockG\" id=\"rotateG_01\"><\/div>\n\t\t\t\t<div class=\"blockG\" id=\"rotateG_02\"><\/div>\n\t\t\t\t<div class=\"blockG\" id=\"rotateG_03\"><\/div>\n\t\t\t\t<div class=\"blockG\" id=\"rotateG_04\"><\/div>\n\t\t\t\t<div class=\"blockG\" id=\"rotateG_05\"><\/div>\n\t\t\t\t<div class=\"blockG\" id=\"rotateG_06\"><\/div>\n\t\t\t\t<div class=\"blockG\" id=\"rotateG_07\"><\/div>\n\t\t\t\t<div class=\"blockG\" id=\"rotateG_08\"><\/div>\n\t\t\t<\/div>\n\t\t\t<div class=\"WooZone-cross-sell-loader-text\"><\/div>\n\t\t<\/div>\n\t<\/div>\n\n\t\t\n<\/div>\n<div style=\"clear:both;\"><\/div><\/p>\n","protected":false},"excerpt":{"rendered":"<p>\ud83c\udf84\ud83c\udf84 \u3010Verschiedenes Design\u3011 Die Weihnachtsaufkleber haben 4 Stile in verschiedenen Weihnachtselementen, Aufkleber mit 500 Blatt Weihnachtsgeschenketiketten, gedruckt mit Weihnachtsmann, Rentier, Weihnachtsm\u00fctze usw. auf jedem Buchstaben, mit einem edlen und attraktiven Aussehen und attraktiv auf Ihrem Artikelpaket. Weihnachtsaufkleber enthalten verschiedene Arten von Mustern und verschiedene Farben, sch\u00f6n und warm, was ein Favorit von Kindern ist. \ud83c\udf84\ud83c\udf84<br \/>\n\u2744\ufe0f\u2744\ufe0f \u3010Hochwertiges Material\u3011 Die Weihnachtsaufkleber bestehen aus hochwertigem Kraftpapier. Die Aufkleber sind stabil, sehen sehr sch\u00f6n und zart aus. Alle diese Aufkleber verwenden Klebstoff. 100% sicher f\u00fcr 3 Jahre + Kinder. Der Durchmesser betr\u00e4gt jeweils 3,8 cm. \u2744\ufe0f\u2744\ufe0f<br \/>\n\ud83c\udf85\ud83c\udf85 \u3010Breite Anwendung\u3011 Geeignet f\u00fcr Geschenkverpackungen, Basteldekorationen und Versiegelungen. 4 erstaunliche Designs geben Ihnen eine gro\u00dfartige Benutzererfahrung. Eine perfekte Wahl f\u00fcr Kinder zum Spielen und es wird wirklich lustig. Eine kleine Dekoration machte dieses Weihnachten fr\u00f6hlicher. 4 verschiedene Designs von niedlichen Aufklebermustern erh\u00f6hen buchst\u00e4blich die Weihnachtsatmosph\u00e4re f\u00fcr Ihre Familie und Freunde. \ud83c\udf85\ud83c\udf85<\/p>\n","protected":false},"featured_media":100081,"comment_status":"open","ping_status":"closed","template":"","meta":[],"product_brand":[],"product_cat":[504,8284],"product_tag":[],"class_list":{"0":"post-100080","1":"product","2":"type-product","3":"status-publish","4":"has-post-thumbnail","6":"product_cat-buerobedarf-schreibwaren","7":"product_cat-bueromaterial","8":"pa_brand-gothicbride","9":"pa_manufacturer-gothicbride-weihnachtsaufkleber","11":"first","12":"instock","13":"shipping-taxable","14":"purchasable","15":"product-type-simple","16":"customify-col","17":"product-has-gallery"},"yoast_head":"<!-- This site is optimized with the Yoast SEO plugin v27.4 - https:\/\/yoast.com\/product\/yoast-seo-wordpress\/ -->\n<title>GothicBride 500 St\u00fcck Weihnachtsaufkleber Rund Etiketten Merry Christmas Sticker Frohe Weihnachten Aufkleber\u2026 - Markt-XXL<\/title>\n<meta name=\"description\" content=\"Markt-XXL GothicBride 500 St\u00fcck Weihnachtsaufkleber Rund Etiketten Merry Christmas Sticker Frohe Weihnachten Aufkleber\u2026\" \/>\n<meta name=\"robots\" content=\"index, follow, max-snippet:-1, max-image-preview:large, max-video-preview:-1\" \/>\n<link rel=\"canonical\" href=\"https:\/\/marktxxl.de\/markt\/produkt\/gothicbride-500-stueck-weihnachtsaufkleber-rund-etiketten-merry-christmas-sticker-frohe-weihnachten-aufkleber-geschenkaufkleber-selbstklebend-fuer-weihnachten-umschlag-geschenktueten-papiertueten\/\" \/>\n<meta property=\"og:locale\" content=\"de_DE\" \/>\n<meta property=\"og:type\" content=\"article\" \/>\n<meta property=\"og:title\" content=\"GothicBride 500 St\u00fcck Weihnachtsaufkleber Rund Etiketten Merry Christmas Sticker Frohe Weihnachten Aufkleber\u2026 - Markt-XXL\" \/>\n<meta property=\"og:description\" content=\"Markt-XXL GothicBride 500 St\u00fcck Weihnachtsaufkleber Rund Etiketten Merry Christmas Sticker Frohe Weihnachten Aufkleber\u2026\" \/>\n<meta property=\"og:url\" content=\"https:\/\/marktxxl.de\/markt\/produkt\/gothicbride-500-stueck-weihnachtsaufkleber-rund-etiketten-merry-christmas-sticker-frohe-weihnachten-aufkleber-geschenkaufkleber-selbstklebend-fuer-weihnachten-umschlag-geschenktueten-papiertueten\/\" \/>\n<meta property=\"og:site_name\" content=\"Markt-XXL\" \/>\n<meta property=\"article:modified_time\" content=\"2023-04-11T01:23:13+00:00\" \/>\n<meta property=\"og:image\" content=\"https:\/\/m.media-amazon.com\/images\/I\/51gxcLipuZL._SL500_.jpg\" \/>\n\t<meta property=\"og:image:width\" content=\"500\" \/>\n\t<meta property=\"og:image:height\" content=\"500\" \/>\n\t<meta property=\"og:image:type\" content=\"image\/jpeg\" \/>\n<meta name=\"twitter:card\" content=\"summary_large_image\" \/>\n<meta name=\"twitter:label1\" content=\"Gesch\u00e4tzte Lesezeit\" \/>\n\t<meta name=\"twitter:data1\" content=\"1\u00a0Minute\" \/>\n<script type=\"application\/ld+json\" class=\"yoast-schema-graph\">{\"@context\":\"https:\\\/\\\/schema.org\",\"@graph\":[{\"@type\":\"WebPage\",\"@id\":\"https:\\\/\\\/marktxxl.de\\\/markt\\\/produkt\\\/gothicbride-500-stueck-weihnachtsaufkleber-rund-etiketten-merry-christmas-sticker-frohe-weihnachten-aufkleber-geschenkaufkleber-selbstklebend-fuer-weihnachten-umschlag-geschenktueten-papiertueten\\\/\",\"url\":\"https:\\\/\\\/marktxxl.de\\\/markt\\\/produkt\\\/gothicbride-500-stueck-weihnachtsaufkleber-rund-etiketten-merry-christmas-sticker-frohe-weihnachten-aufkleber-geschenkaufkleber-selbstklebend-fuer-weihnachten-umschlag-geschenktueten-papiertueten\\\/\",\"name\":\"GothicBride 500 St\u00fcck Weihnachtsaufkleber Rund Etiketten Merry Christmas Sticker Frohe Weihnachten Aufkleber\u2026 - Markt-XXL\",\"isPartOf\":{\"@id\":\"https:\\\/\\\/marktxxl.de\\\/markt\\\/#website\"},\"primaryImageOfPage\":{\"@id\":\"https:\\\/\\\/marktxxl.de\\\/markt\\\/produkt\\\/gothicbride-500-stueck-weihnachtsaufkleber-rund-etiketten-merry-christmas-sticker-frohe-weihnachten-aufkleber-geschenkaufkleber-selbstklebend-fuer-weihnachten-umschlag-geschenktueten-papiertueten\\\/#primaryimage\"},\"image\":{\"@id\":\"https:\\\/\\\/marktxxl.de\\\/markt\\\/produkt\\\/gothicbride-500-stueck-weihnachtsaufkleber-rund-etiketten-merry-christmas-sticker-frohe-weihnachten-aufkleber-geschenkaufkleber-selbstklebend-fuer-weihnachten-umschlag-geschenktueten-papiertueten\\\/#primaryimage\"},\"thumbnailUrl\":\"https:\\\/\\\/m.media-amazon.com\\\/images\\\/I\\\/51gxcLipuZL._SL500_.jpg\",\"datePublished\":\"2022-01-27T15:13:08+00:00\",\"dateModified\":\"2023-04-11T01:23:13+00:00\",\"description\":\"Markt-XXL GothicBride 500 St\u00fcck Weihnachtsaufkleber Rund Etiketten Merry Christmas Sticker Frohe Weihnachten Aufkleber\u2026\",\"breadcrumb\":{\"@id\":\"https:\\\/\\\/marktxxl.de\\\/markt\\\/produkt\\\/gothicbride-500-stueck-weihnachtsaufkleber-rund-etiketten-merry-christmas-sticker-frohe-weihnachten-aufkleber-geschenkaufkleber-selbstklebend-fuer-weihnachten-umschlag-geschenktueten-papiertueten\\\/#breadcrumb\"},\"inLanguage\":\"de\",\"potentialAction\":[{\"@type\":\"ReadAction\",\"target\":[\"https:\\\/\\\/marktxxl.de\\\/markt\\\/produkt\\\/gothicbride-500-stueck-weihnachtsaufkleber-rund-etiketten-merry-christmas-sticker-frohe-weihnachten-aufkleber-geschenkaufkleber-selbstklebend-fuer-weihnachten-umschlag-geschenktueten-papiertueten\\\/\"]}]},{\"@type\":\"ImageObject\",\"inLanguage\":\"de\",\"@id\":\"https:\\\/\\\/marktxxl.de\\\/markt\\\/produkt\\\/gothicbride-500-stueck-weihnachtsaufkleber-rund-etiketten-merry-christmas-sticker-frohe-weihnachten-aufkleber-geschenkaufkleber-selbstklebend-fuer-weihnachten-umschlag-geschenktueten-papiertueten\\\/#primaryimage\",\"url\":\"https:\\\/\\\/m.media-amazon.com\\\/images\\\/I\\\/51gxcLipuZL._SL500_.jpg\",\"contentUrl\":\"https:\\\/\\\/m.media-amazon.com\\\/images\\\/I\\\/51gxcLipuZL._SL500_.jpg\",\"width\":500,\"height\":500},{\"@type\":\"BreadcrumbList\",\"@id\":\"https:\\\/\\\/marktxxl.de\\\/markt\\\/produkt\\\/gothicbride-500-stueck-weihnachtsaufkleber-rund-etiketten-merry-christmas-sticker-frohe-weihnachten-aufkleber-geschenkaufkleber-selbstklebend-fuer-weihnachten-umschlag-geschenktueten-papiertueten\\\/#breadcrumb\",\"itemListElement\":[{\"@type\":\"ListItem\",\"position\":1,\"name\":\"Startseite\",\"item\":\"https:\\\/\\\/marktxxl.de\\\/markt\\\/\"},{\"@type\":\"ListItem\",\"position\":2,\"name\":\"Markt\",\"item\":\"https:\\\/\\\/marktxxl.de\\\/markt\\\/\"},{\"@type\":\"ListItem\",\"position\":3,\"name\":\"GothicBride 500 St\u00fcck Weihnachtsaufkleber Rund Etiketten Merry Christmas Sticker Frohe Weihnachten Aufkleber\u2026\"}]},{\"@type\":\"WebSite\",\"@id\":\"https:\\\/\\\/marktxxl.de\\\/markt\\\/#website\",\"url\":\"https:\\\/\\\/marktxxl.de\\\/markt\\\/\",\"name\":\"Markt-XXL\",\"description\":\"Ihr Markt Online\",\"publisher\":{\"@id\":\"https:\\\/\\\/marktxxl.de\\\/markt\\\/#organization\"},\"potentialAction\":[{\"@type\":\"SearchAction\",\"target\":{\"@type\":\"EntryPoint\",\"urlTemplate\":\"https:\\\/\\\/marktxxl.de\\\/markt\\\/?s={search_term_string}\"},\"query-input\":{\"@type\":\"PropertyValueSpecification\",\"valueRequired\":true,\"valueName\":\"search_term_string\"}}],\"inLanguage\":\"de\"},{\"@type\":\"Organization\",\"@id\":\"https:\\\/\\\/marktxxl.de\\\/markt\\\/#organization\",\"name\":\"Markt-XXL\",\"url\":\"https:\\\/\\\/marktxxl.de\\\/markt\\\/\",\"logo\":{\"@type\":\"ImageObject\",\"inLanguage\":\"de\",\"@id\":\"https:\\\/\\\/marktxxl.de\\\/markt\\\/#\\\/schema\\\/logo\\\/image\\\/\",\"url\":\"https:\\\/\\\/marktxxl.de\\\/markt\\\/wp-content\\\/uploads\\\/sites\\\/3\\\/2020\\\/12\\\/logo.png\",\"contentUrl\":\"https:\\\/\\\/marktxxl.de\\\/markt\\\/wp-content\\\/uploads\\\/sites\\\/3\\\/2020\\\/12\\\/logo.png\",\"width\":200,\"height\":70,\"caption\":\"Markt-XXL\"},\"image\":{\"@id\":\"https:\\\/\\\/marktxxl.de\\\/markt\\\/#\\\/schema\\\/logo\\\/image\\\/\"}}]}<\/script>\n<!-- \/ Yoast SEO plugin. -->","yoast_head_json":{"title":"GothicBride 500 St\u00fcck Weihnachtsaufkleber Rund Etiketten Merry Christmas Sticker Frohe Weihnachten Aufkleber\u2026 - Markt-XXL","description":"Markt-XXL GothicBride 500 St\u00fcck Weihnachtsaufkleber Rund Etiketten Merry Christmas Sticker Frohe Weihnachten Aufkleber\u2026","robots":{"index":"index","follow":"follow","max-snippet":"max-snippet:-1","max-image-preview":"max-image-preview:large","max-video-preview":"max-video-preview:-1"},"canonical":"https:\/\/marktxxl.de\/markt\/produkt\/gothicbride-500-stueck-weihnachtsaufkleber-rund-etiketten-merry-christmas-sticker-frohe-weihnachten-aufkleber-geschenkaufkleber-selbstklebend-fuer-weihnachten-umschlag-geschenktueten-papiertueten\/","og_locale":"de_DE","og_type":"article","og_title":"GothicBride 500 St\u00fcck Weihnachtsaufkleber Rund Etiketten Merry Christmas Sticker Frohe Weihnachten Aufkleber\u2026 - Markt-XXL","og_description":"Markt-XXL GothicBride 500 St\u00fcck Weihnachtsaufkleber Rund Etiketten Merry Christmas Sticker Frohe Weihnachten Aufkleber\u2026","og_url":"https:\/\/marktxxl.de\/markt\/produkt\/gothicbride-500-stueck-weihnachtsaufkleber-rund-etiketten-merry-christmas-sticker-frohe-weihnachten-aufkleber-geschenkaufkleber-selbstklebend-fuer-weihnachten-umschlag-geschenktueten-papiertueten\/","og_site_name":"Markt-XXL","article_modified_time":"2023-04-11T01:23:13+00:00","og_image":[{"width":500,"height":500,"url":"https:\/\/m.media-amazon.com\/images\/I\/51gxcLipuZL._SL500_.jpg","type":"image\/jpeg"}],"twitter_card":"summary_large_image","twitter_misc":{"Gesch\u00e4tzte Lesezeit":"1\u00a0Minute"},"schema":{"@context":"https:\/\/schema.org","@graph":[{"@type":"WebPage","@id":"https:\/\/marktxxl.de\/markt\/produkt\/gothicbride-500-stueck-weihnachtsaufkleber-rund-etiketten-merry-christmas-sticker-frohe-weihnachten-aufkleber-geschenkaufkleber-selbstklebend-fuer-weihnachten-umschlag-geschenktueten-papiertueten\/","url":"https:\/\/marktxxl.de\/markt\/produkt\/gothicbride-500-stueck-weihnachtsaufkleber-rund-etiketten-merry-christmas-sticker-frohe-weihnachten-aufkleber-geschenkaufkleber-selbstklebend-fuer-weihnachten-umschlag-geschenktueten-papiertueten\/","name":"GothicBride 500 St\u00fcck Weihnachtsaufkleber Rund Etiketten Merry Christmas Sticker Frohe Weihnachten Aufkleber\u2026 - Markt-XXL","isPartOf":{"@id":"https:\/\/marktxxl.de\/markt\/#website"},"primaryImageOfPage":{"@id":"https:\/\/marktxxl.de\/markt\/produkt\/gothicbride-500-stueck-weihnachtsaufkleber-rund-etiketten-merry-christmas-sticker-frohe-weihnachten-aufkleber-geschenkaufkleber-selbstklebend-fuer-weihnachten-umschlag-geschenktueten-papiertueten\/#primaryimage"},"image":{"@id":"https:\/\/marktxxl.de\/markt\/produkt\/gothicbride-500-stueck-weihnachtsaufkleber-rund-etiketten-merry-christmas-sticker-frohe-weihnachten-aufkleber-geschenkaufkleber-selbstklebend-fuer-weihnachten-umschlag-geschenktueten-papiertueten\/#primaryimage"},"thumbnailUrl":"https:\/\/m.media-amazon.com\/images\/I\/51gxcLipuZL._SL500_.jpg","datePublished":"2022-01-27T15:13:08+00:00","dateModified":"2023-04-11T01:23:13+00:00","description":"Markt-XXL GothicBride 500 St\u00fcck Weihnachtsaufkleber Rund Etiketten Merry Christmas Sticker Frohe Weihnachten Aufkleber\u2026","breadcrumb":{"@id":"https:\/\/marktxxl.de\/markt\/produkt\/gothicbride-500-stueck-weihnachtsaufkleber-rund-etiketten-merry-christmas-sticker-frohe-weihnachten-aufkleber-geschenkaufkleber-selbstklebend-fuer-weihnachten-umschlag-geschenktueten-papiertueten\/#breadcrumb"},"inLanguage":"de","potentialAction":[{"@type":"ReadAction","target":["https:\/\/marktxxl.de\/markt\/produkt\/gothicbride-500-stueck-weihnachtsaufkleber-rund-etiketten-merry-christmas-sticker-frohe-weihnachten-aufkleber-geschenkaufkleber-selbstklebend-fuer-weihnachten-umschlag-geschenktueten-papiertueten\/"]}]},{"@type":"ImageObject","inLanguage":"de","@id":"https:\/\/marktxxl.de\/markt\/produkt\/gothicbride-500-stueck-weihnachtsaufkleber-rund-etiketten-merry-christmas-sticker-frohe-weihnachten-aufkleber-geschenkaufkleber-selbstklebend-fuer-weihnachten-umschlag-geschenktueten-papiertueten\/#primaryimage","url":"https:\/\/m.media-amazon.com\/images\/I\/51gxcLipuZL._SL500_.jpg","contentUrl":"https:\/\/m.media-amazon.com\/images\/I\/51gxcLipuZL._SL500_.jpg","width":500,"height":500},{"@type":"BreadcrumbList","@id":"https:\/\/marktxxl.de\/markt\/produkt\/gothicbride-500-stueck-weihnachtsaufkleber-rund-etiketten-merry-christmas-sticker-frohe-weihnachten-aufkleber-geschenkaufkleber-selbstklebend-fuer-weihnachten-umschlag-geschenktueten-papiertueten\/#breadcrumb","itemListElement":[{"@type":"ListItem","position":1,"name":"Startseite","item":"https:\/\/marktxxl.de\/markt\/"},{"@type":"ListItem","position":2,"name":"Markt","item":"https:\/\/marktxxl.de\/markt\/"},{"@type":"ListItem","position":3,"name":"GothicBride 500 St\u00fcck Weihnachtsaufkleber Rund Etiketten Merry Christmas Sticker Frohe Weihnachten Aufkleber\u2026"}]},{"@type":"WebSite","@id":"https:\/\/marktxxl.de\/markt\/#website","url":"https:\/\/marktxxl.de\/markt\/","name":"Markt-XXL","description":"Ihr Markt Online","publisher":{"@id":"https:\/\/marktxxl.de\/markt\/#organization"},"potentialAction":[{"@type":"SearchAction","target":{"@type":"EntryPoint","urlTemplate":"https:\/\/marktxxl.de\/markt\/?s={search_term_string}"},"query-input":{"@type":"PropertyValueSpecification","valueRequired":true,"valueName":"search_term_string"}}],"inLanguage":"de"},{"@type":"Organization","@id":"https:\/\/marktxxl.de\/markt\/#organization","name":"Markt-XXL","url":"https:\/\/marktxxl.de\/markt\/","logo":{"@type":"ImageObject","inLanguage":"de","@id":"https:\/\/marktxxl.de\/markt\/#\/schema\/logo\/image\/","url":"https:\/\/marktxxl.de\/markt\/wp-content\/uploads\/sites\/3\/2020\/12\/logo.png","contentUrl":"https:\/\/marktxxl.de\/markt\/wp-content\/uploads\/sites\/3\/2020\/12\/logo.png","width":200,"height":70,"caption":"Markt-XXL"},"image":{"@id":"https:\/\/marktxxl.de\/markt\/#\/schema\/logo\/image\/"}}]}},"_links":{"self":[{"href":"https:\/\/marktxxl.de\/markt\/wp-json\/wp\/v2\/product\/100080","targetHints":{"allow":["GET"]}}],"collection":[{"href":"https:\/\/marktxxl.de\/markt\/wp-json\/wp\/v2\/product"}],"about":[{"href":"https:\/\/marktxxl.de\/markt\/wp-json\/wp\/v2\/types\/product"}],"replies":[{"embeddable":true,"href":"https:\/\/marktxxl.de\/markt\/wp-json\/wp\/v2\/comments?post=100080"}],"wp:featuredmedia":[{"embeddable":true,"href":"https:\/\/marktxxl.de\/markt\/wp-json\/wp\/v2\/media\/100081"}],"wp:attachment":[{"href":"https:\/\/marktxxl.de\/markt\/wp-json\/wp\/v2\/media?parent=100080"}],"wp:term":[{"taxonomy":"product_brand","embeddable":true,"href":"https:\/\/marktxxl.de\/markt\/wp-json\/wp\/v2\/product_brand?post=100080"},{"taxonomy":"product_cat","embeddable":true,"href":"https:\/\/marktxxl.de\/markt\/wp-json\/wp\/v2\/product_cat?post=100080"},{"taxonomy":"product_tag","embeddable":true,"href":"https:\/\/marktxxl.de\/markt\/wp-json\/wp\/v2\/product_tag?post=100080"}],"curies":[{"name":"wp","href":"https:\/\/api.w.org\/{rel}","templated":true}]}}